{"id":20,"date":"2024-01-08T12:59:29","date_gmt":"2024-01-08T10:59:29","guid":{"rendered":"https:\/\/cmu-edu.eu\/achizitii\/?page_id=20"},"modified":"2024-01-08T13:00:00","modified_gmt":"2024-01-08T11:00:00","slug":"politica-conf","status":"publish","type":"page","link":"https:\/\/cmu-edu.eu\/achizitii\/politica-conf\/","title":{"rendered":"Politic\u0103 de confiden\u021bialitate"},"content":{"rendered":"<p><img loading=\"lazy\" decoding=\"async\" class=\"alignleft size-full wp-image-7967\" src=\"https:\/\/cmu-edu.eu\/wp-content\/uploads\/2018\/06\/dpo-banner.jpg\" alt=\"\" width=\"1260\" height=\"467\" \/><\/p>\n<div class=\"divider\" style=\"margin-top:15px; margin-bottom:15px; border-top:1px solid #CCCCCC;width:100%\"\/><\/div>\n<p>\u00cencep\u00e2nd cu data de 25 mai 2018 au devenit aplicabile prevederile Regulamentului (UE) nr. 679\/2016, al Parlamentului European \u0219i al Consiliului Uniunii Europene, privind protec\u021bia persoanelor fizice \u00een ceea ce prive\u0219te prelucrarea datelor cu caracter personal \u0219i privind libera circula\u021bie a acestor date \u0219i de abrogare a Directivei 95\/46\/CE (Regulamentul general privind protec\u021bia datelor).<br \/>\n<div class=\"divider\" style=\"margin-top:2px; margin-bottom:2px; border-top:1px solid #CCCCCC;width:100%\"\/><\/div><br \/>\n<a href=\"https:\/\/cmu-edu.eu\/nota-de-informare-privind-prelucrarea-datelor-cu-caracter-personal\/\" target=\"_blank\" rel=\"noopener noreferrer\">Not\u0103 de informare privind prelucrarea datelor cu caracter personal<\/a><br \/>\n<div class=\"divider\" style=\"margin-top:2px; margin-bottom:15px; border-top:1px solid #CCCCCC;width:100%\"\/><\/div><br \/>\n<a href=\"https:\/\/cmu-edu.eu\/politica-de-confidentialitate-2\/\" target=\"_blank\" rel=\"noopener noreferrer\"><span style=\"font-size: 18px;\">Politic\u0103 de confiden\u021bialitate<\/span><\/a><\/p>\n<p><a href=\"https:\/\/cmu-edu.eu\/blog\/2016\/03\/26\/cookies\/\" target=\"_blank\" rel=\"noopener noreferrer\">Politica privind cookies<\/a><\/p>\n<div class=\"divider\" style=\"margin-top:2px; margin-bottom:2px; border-top:1px solid #CCCCCC;width:100%\"\/><\/div>\n<h3>INFORMA\u021aII UTILE CU PRIVIRE LA CADRUL GENERAL DE REGLEMENTARE AL PROTEC\u021aIEI DATELOR CU CARACTER PERSONAL<\/h3>\n<p>Informatii avizate \u0219i detaliate privind noul\u00a0Regulament General de Protec\u021bia Datelor se pot consulta pe site-ul oficial al ANSPDPC:\u00a0http:\/\/www.dataprotection.ro<\/p>\n<ul class=\"ap-list ap-list4\"><li><a href=\"http:\/\/www.dataprotection.ro\/servlet\/ViewDocument?id=1262\">Regulamentul (UE) 2016\/679 privind protec\u0163ia persoanelor fizice \u00een ceea ce prive\u015fte prelucrarea datelor cu caracter personal \u015fi privind libera circula\u0163ie a acestor date \u015fi de abrogare a Directivei 95\/46\/CE (Regulamentul general privind protec\u0163ia datelor)<\/a><\/li>\n<li><a href=\"http:\/\/www.dataprotection.ro\/servlet\/ViewDocument?id=1327\">Noul Regulament 2016\/679 aplicabil din 25 mai 2018 \u2013 Elemente de noutate (pliant)<\/a><\/li>\n<li><a href=\"http:\/\/www.dataprotection.ro\/servlet\/ViewDocument?id=1346\">Noul Regulament 2016\/679 aplicabil din 25 mai 2018 \u2013 Elemente de noutate (bro\u0219ur\u0103)<\/a><\/li><\/ul>\n<div class=\"divider\" style=\"margin-top:2px; margin-bottom:2px; border-top:1px solid #CCCCCC;width:100%\"\/><\/div>\n<p><strong>Data Protection Officer<\/strong><\/p>\n<p>e-mail:\u00a0dpo@cmu-edu.eu<\/p>\n","protected":false},"excerpt":{"rendered":"<p>\u00cencep\u00e2nd cu data de 25 mai 2018 au devenit aplicabile prevederile Regulamentului (UE) nr. 679\/2016, al Parlamentului European \u0219i al Consiliului Uniunii Europene, privind protec\u021bia persoanelor fizice \u00een ceea ce prive\u0219te prelucrarea datelor cu caracter personal \u0219i privind libera circula\u021bie a acestor date \u0219i de abrogare a Directivei 95\/46\/CE (Regulamentul general privind protec\u021bia datelor). Not\u0103 [&hellip;]<\/p>\n","protected":false},"author":4,"featured_media":0,"parent":0,"menu_order":0,"comment_status":"closed","ping_status":"closed","template":"","meta":{"footnotes":""},"class_list":["post-20","page","type-page","status-publish","hentry"],"_links":{"self":[{"href":"https:\/\/cmu-edu.eu\/achizitii\/wp-json\/wp\/v2\/pages\/20","targetHints":{"allow":["GET"]}}],"collection":[{"href":"https:\/\/cmu-edu.eu\/achizitii\/wp-json\/wp\/v2\/pages"}],"about":[{"href":"https:\/\/cmu-edu.eu\/achizitii\/wp-json\/wp\/v2\/types\/page"}],"author":[{"embeddable":true,"href":"https:\/\/cmu-edu.eu\/achizitii\/wp-json\/wp\/v2\/users\/4"}],"replies":[{"embeddable":true,"href":"https:\/\/cmu-edu.eu\/achizitii\/wp-json\/wp\/v2\/comments?post=20"}],"version-history":[{"count":1,"href":"https:\/\/cmu-edu.eu\/achizitii\/wp-json\/wp\/v2\/pages\/20\/revisions"}],"predecessor-version":[{"id":21,"href":"https:\/\/cmu-edu.eu\/achizitii\/wp-json\/wp\/v2\/pages\/20\/revisions\/21"}],"wp:attachment":[{"href":"https:\/\/cmu-edu.eu\/achizitii\/wp-json\/wp\/v2\/media?parent=20"}],"curies":[{"name":"wp","href":"https:\/\/api.w.org\/{rel}","templated":true}]}}