{"id":38,"date":"2024-07-10T13:18:32","date_gmt":"2024-07-10T10:18:32","guid":{"rendered":"https:\/\/cmu-edu.eu\/achizitii\/?page_id=38"},"modified":"2025-11-11T12:34:35","modified_gmt":"2025-11-11T10:34:35","slug":"pnrr-umc","status":"publish","type":"page","link":"https:\/\/cmu-edu.eu\/achizitii\/achizitii-publice\/pnrr-umc\/","title":{"rendered":"PNRR-PROIECT \u201cDIGITALIZAREA UMC\u201d"},"content":{"rendered":"<p>&nbsp;<\/p>\n<ul class=\"lista-doi\">\n<li><a href=\"https:\/\/cmu-edu.eu\/achizitii\/wp-content\/uploads\/sites\/9\/2025\/11\/contract-upgrade-ANSYS-1.pdf\">Contract upgrade ANSYS<\/a><\/li>\n<li>Procedur\u0103 &#8222;<em>SIMULATOR COMPARTIMENT MA\u0218IN\u0102&#8221;,<\/em> link de accesat: <strong>https:\/\/www.e-licitatie.ro\/pub\/notices\/c-notice\/v2\/view\/100182375<\/strong> <strong>Termen limit\u0103 solicitare clarific\u0103ri: 12.08.2024. Termen limit\u0103 depunere oferte \u00een SEAP: 30.08.2024 ora 15:00<\/strong><\/li>\n<li>Procedur\u0103 &#8222;<em>DOT\u0102RI LABORATOARE ELECTROMECANIC\u0102<\/em>: LOT 1 \u0219i LOT 3&#8243; <strong>https:\/\/e-licitatie.ro:8881\/ca\/notices\/c-notice\/v2\/view\/100181939 Termen limit\u0103 solicitare clarific\u0103ri: 01.08.2024. Termen limit\u0103 depunere oferte \u00een SEAP: 19.08.2024 ora 15:00<\/strong><\/li>\n<li>PRAGMA COMPUTERS SRL <a href=\"https:\/\/cmu-edu.eu\/achizitii\/wp-content\/uploads\/sites\/9\/2024\/07\/Contract-LOT-2-si-LOT-4_Redacted.pdf\">Contract <em>DOT\u0102RI LABORATOARE ELECTROMECANIC\u0102<\/em> LOT 2 si LOT 4<\/a> ; <a href=\"https:\/\/cmu-edu.eu\/achizitii\/wp-content\/uploads\/sites\/9\/2024\/07\/Proces-verbal-de-receptie-3934-din-10.07.2024-2.pdf\">Proces verbal de receptie 3934 din 10.07.2024<\/a><\/li>\n<li>TENSOR SRL <a href=\"https:\/\/cmu-edu.eu\/achizitii\/wp-content\/uploads\/sites\/9\/2024\/07\/Contract-TENSOR-LOT-5_Redacted.pdf\">Contract <em>DOT\u0102RI LABORATOARE ELECTROMECANIC\u0102 <\/em>LOT 5_<\/a>;\u00a0\u00a0<a href=\"https:\/\/cmu-edu.eu\/achizitii\/wp-content\/uploads\/sites\/9\/2024\/07\/Proces-verbal-de-receptie-3816-din-09.07.2024-1.pdf\">Proces verbal de receptie 3816 din 09.07.2024<\/a><\/li>\n<li>FESTO SRL <a href=\"https:\/\/cmu-edu.eu\/achizitii\/wp-content\/uploads\/sites\/9\/2024\/07\/Contract-FESTO-SRL-LOT-6_Redacted.pdf\">Contract <em>DOT\u0102RI LABORATOARE ELECTROMECANIC\u0102<\/em> LOT 6<\/a><\/li>\n<li>TECHNO VOLT SRL <a href=\"https:\/\/cmu-edu.eu\/achizitii\/wp-content\/uploads\/sites\/9\/2024\/07\/Contract-TECHNO-VOLT-SRL-LOT-7-si-LOT-8_Redacted.pdf\">Contract <em>DOT\u0102RI LABORATOARE ELECTROMECANIC\u0102<\/em> LOT 7 si LOT 8<\/a><\/li>\n<li><a href=\"https:\/\/cmu-edu.eu\/achizitii\/wp-content\/uploads\/sites\/9\/2024\/08\/PAAP-rev.2.pdf\">PAAP proiect rev.2 la 29.05.2024<\/a><\/li>\n<li>Procedur\u0103 &#8222;<em>SIMULATOR COMPARTIMENT MA\u0218IN\u0102&#8221;,<\/em>\u00a0link de accesat: <strong>https:\/\/e-licitatie.ro:8881\/ca\/notices\/c-notice\/v2\/view\/100177216\u00a0 \u00a0 \u00a0 \u00a0 \u00a0 \u00a0 \u00a0 \u00a0 \u00a0 \u00a0 \u00a0 \u00a0 Termen limit\u0103 solicitare clarific\u0103ri: 26.04.2024. Termen limit\u0103 depunere oferte \u00een SEAP: 14.05.2024 ora 15:00<\/strong><\/li>\n<li><span style=\"color: #0000ff\"><a style=\"color: #0000ff\" href=\"https:\/\/cmu-edu.eu\/achizitii\/wp-content\/uploads\/sites\/9\/2024\/01\/PAAP-PNRR-rev.1.pdf\">PAAP proiect rev.1 la 26.01.2024<\/a><\/span><\/li>\n<li>Procedur\u0103 &#8222;<em>DOT\u0102RI LABORATOARE ELECTROMECANIC\u0102<\/em>: LOT 1 \u00f7 LOT 8&#8243;, link de accesat: <em><strong>https:\/\/e-licitatie.ro:8881\/ca\/notices\/c-notice\/v2\/view\/100174837<\/strong><\/em>\u00a0 <strong>Termen limit\u0103 solicitare clarific\u0103ri: 05.02.2024. Termen limit\u0103 depunere oferte \u00een SEAP: 23.02.2024 ora 15:00<\/strong><\/li>\n<li><a href=\"https:\/\/cmu-edu.eu\/wp-content\/uploads\/2023\/11\/CN1061639-Anunt-de-participare.pdf\">CN1061639 Anunt de participare<\/a> procedur\u0103 &#8222;DOT\u0102RI LABORATOARE ELECTROMECANIC\u0102: LOT 1 \u00f7 LOT 8&#8221; (PROCEDURA ANULAT\u0102)<\/li>\n<li><span style=\"color: #0000ff\"><a style=\"color: #0000ff\" href=\"https:\/\/cmu-edu.eu\/wp-content\/uploads\/2023\/11\/PAAP-PNRR.pdf\">PAAP proiect<\/a><\/span><\/li>\n<\/ul>\n","protected":false},"excerpt":{"rendered":"<p>&nbsp; Contract upgrade ANSYS Procedur\u0103 &#8222;SIMULATOR COMPARTIMENT MA\u0218IN\u0102&#8221;, link de accesat: https:\/\/www.e-licitatie.ro\/pub\/notices\/c-notice\/v2\/view\/100182375 Termen limit\u0103 solicitare clarific\u0103ri: 12.08.2024. Termen limit\u0103 depunere oferte \u00een SEAP: 30.08.2024 ora 15:00 Procedur\u0103 &#8222;DOT\u0102RI LABORATOARE ELECTROMECANIC\u0102: LOT 1 \u0219i LOT 3&#8243; https:\/\/e-licitatie.ro:8881\/ca\/notices\/c-notice\/v2\/view\/100181939 Termen limit\u0103 solicitare clarific\u0103ri: 01.08.2024. Termen limit\u0103 depunere oferte \u00een SEAP: 19.08.2024 ora 15:00 PRAGMA COMPUTERS SRL Contract DOT\u0102RI [&hellip;]<\/p>\n","protected":false},"author":4,"featured_media":0,"parent":18,"menu_order":0,"comment_status":"closed","ping_status":"closed","template":"","meta":{"footnotes":""},"class_list":["post-38","page","type-page","status-publish","hentry"],"_links":{"self":[{"href":"https:\/\/cmu-edu.eu\/achizitii\/wp-json\/wp\/v2\/pages\/38","targetHints":{"allow":["GET"]}}],"collection":[{"href":"https:\/\/cmu-edu.eu\/achizitii\/wp-json\/wp\/v2\/pages"}],"about":[{"href":"https:\/\/cmu-edu.eu\/achizitii\/wp-json\/wp\/v2\/types\/page"}],"author":[{"embeddable":true,"href":"https:\/\/cmu-edu.eu\/achizitii\/wp-json\/wp\/v2\/users\/4"}],"replies":[{"embeddable":true,"href":"https:\/\/cmu-edu.eu\/achizitii\/wp-json\/wp\/v2\/comments?post=38"}],"version-history":[{"count":19,"href":"https:\/\/cmu-edu.eu\/achizitii\/wp-json\/wp\/v2\/pages\/38\/revisions"}],"predecessor-version":[{"id":1241,"href":"https:\/\/cmu-edu.eu\/achizitii\/wp-json\/wp\/v2\/pages\/38\/revisions\/1241"}],"up":[{"embeddable":true,"href":"https:\/\/cmu-edu.eu\/achizitii\/wp-json\/wp\/v2\/pages\/18"}],"wp:attachment":[{"href":"https:\/\/cmu-edu.eu\/achizitii\/wp-json\/wp\/v2\/media?parent=38"}],"curies":[{"name":"wp","href":"https:\/\/api.w.org\/{rel}","templated":true}]}}