{"id":44,"date":"2024-01-08T13:20:14","date_gmt":"2024-01-08T11:20:14","guid":{"rendered":"https:\/\/cmu-edu.eu\/achizitii\/?page_id=44"},"modified":"2024-01-09T11:00:51","modified_gmt":"2024-01-09T09:00:51","slug":"inchiriere-spatii","status":"publish","type":"page","link":"https:\/\/cmu-edu.eu\/achizitii\/achizitii-publice\/inchiriere-spatii\/","title":{"rendered":"Anun\u021buri \u00eenchiriere spa\u021bii"},"content":{"rendered":"<ul class=\"lista-doi\">\n<li><a href=\"https:\/\/cmu-edu.eu\/wp-content\/uploads\/2023\/02\/Anunt-de-licitatie-publica.docx\">06.03.2023 &#8211; Anunt de licitatie publica<\/a> si <a href=\"https:\/\/cmu-edu.eu\/wp-content\/uploads\/2023\/02\/Documentatie-de-atribuire-inchiriere-spatii.docx\">Documentatie de atribuire<\/a> + <a href=\"https:\/\/cmu-edu.eu\/wp-content\/uploads\/2023\/02\/Clarificare.pdf\">Clarificare<\/a> <span style=\"font-size: 16px;\">(<em>\u00ce<\/em><em>nchirierea a trei spa\u021bii (2mp fiecare) pentru amplasarea a 3 automate de b\u0103uturi calde \u0219i 3 <\/em><em>automate pentru produse ambalate de tip snack \u0219i <\/em><em>b\u0103uturi r\u0103coritoare f\u0103r\u0103 alcool)<\/em><\/span><\/li>\n<li><a href=\"https:\/\/cmu-edu.eu\/wp-content\/uploads\/2018\/01\/Documentatie-de-atribuire-Inchiriere-spatiu.zip\">09.02.2018 \u2013 Anunt de participare si Documentatie de atribuire Inchiriere spatiu pentru amplasare de automat de b\u0103uturi calde<\/a><\/li>\n<li><a href=\"https:\/\/cmu-edu.eu\/wp-content\/uploads\/2016\/12\/Documentatie-de-atribuire-Inchiriere-spatii-28.11.2017.zip\">28.11.2017-Anunt de participare si Documentatie de atribuire<\/a>\u00a0<em>(\u00cenchiriere spa\u021bii pentru amplasare de automate b\u0103uturi calde \u0219i automate cu produse ambalate \u0219i b\u0103uturi r\u0103coritoare nonalcoolice)<\/em><\/li>\n<\/ul>\n","protected":false},"excerpt":{"rendered":"<p>06.03.2023 &#8211; Anunt de licitatie publica si Documentatie de atribuire + Clarificare (\u00cenchirierea a trei spa\u021bii (2mp fiecare) pentru amplasarea a 3 automate de b\u0103uturi calde \u0219i 3 automate pentru produse ambalate de tip snack \u0219i b\u0103uturi r\u0103coritoare f\u0103r\u0103 alcool) 09.02.2018 \u2013 Anunt de participare si Documentatie de atribuire Inchiriere spatiu pentru amplasare de automat [&hellip;]<\/p>\n","protected":false},"author":4,"featured_media":0,"parent":18,"menu_order":0,"comment_status":"closed","ping_status":"closed","template":"","meta":{"footnotes":""},"class_list":["post-44","page","type-page","status-publish","hentry"],"_links":{"self":[{"href":"https:\/\/cmu-edu.eu\/achizitii\/wp-json\/wp\/v2\/pages\/44","targetHints":{"allow":["GET"]}}],"collection":[{"href":"https:\/\/cmu-edu.eu\/achizitii\/wp-json\/wp\/v2\/pages"}],"about":[{"href":"https:\/\/cmu-edu.eu\/achizitii\/wp-json\/wp\/v2\/types\/page"}],"author":[{"embeddable":true,"href":"https:\/\/cmu-edu.eu\/achizitii\/wp-json\/wp\/v2\/users\/4"}],"replies":[{"embeddable":true,"href":"https:\/\/cmu-edu.eu\/achizitii\/wp-json\/wp\/v2\/comments?post=44"}],"version-history":[{"count":3,"href":"https:\/\/cmu-edu.eu\/achizitii\/wp-json\/wp\/v2\/pages\/44\/revisions"}],"predecessor-version":[{"id":83,"href":"https:\/\/cmu-edu.eu\/achizitii\/wp-json\/wp\/v2\/pages\/44\/revisions\/83"}],"up":[{"embeddable":true,"href":"https:\/\/cmu-edu.eu\/achizitii\/wp-json\/wp\/v2\/pages\/18"}],"wp:attachment":[{"href":"https:\/\/cmu-edu.eu\/achizitii\/wp-json\/wp\/v2\/media?parent=44"}],"curies":[{"name":"wp","href":"https:\/\/api.w.org\/{rel}","templated":true}]}}