{"id":22,"date":"2016-01-14T10:21:33","date_gmt":"2016-01-14T08:21:33","guid":{"rendered":"https:\/\/cmu-edu.eu\/anale\/?page_id=22"},"modified":"2016-01-14T10:21:33","modified_gmt":"2016-01-14T08:21:33","slug":"publicatii-stiintifice-primite","status":"publish","type":"page","link":"https:\/\/cmu-edu.eu\/anale\/publicatii-stiintifice-primite\/","title":{"rendered":"Publica\u021bii \u0219tiin\u021bifice primite"},"content":{"rendered":"<table border=\"0\" cellspacing=\"1\" cellpadding=\"3\">\n<tbody>\n<tr>\n<td align=\"center\" valign=\"middle\" bgcolor=\"#FFFFCC\">\n<p align=\"center\"><strong>Institu\u0163ia si numele revistei primite la schimb (a se mentiona dac\u0103 revista este cotat\u0103 ISI)<\/strong><\/p>\n<\/td>\n<td align=\"center\" valign=\"middle\" bgcolor=\"#FFFFCC\">\n<p align=\"center\"><strong>Ora\u015ful \u015fi \u0163ara<\/strong><\/p>\n<\/td>\n<td align=\"center\" valign=\"middle\" bgcolor=\"#FFFFCC\">\n<p align=\"center\"><strong>Elemente de identificare a documentului (serie, nr., data, etc.)<\/strong><\/p>\n<\/td>\n<\/tr>\n<tr>\n<td align=\"center\" valign=\"middle\" bgcolor=\"#FFFFCC\">Istanbul Technical University<br \/>\n<strong>ITU Dergisi<\/strong> &#8211; <a href=\"http:\/\/www.itudergi.itu.edu.tr\/asp\/oku.asp?gorev=duzey1&amp;dergiID=2\">Serie B: Social Sciences<\/a><\/td>\n<td align=\"center\" valign=\"middle\" bgcolor=\"#FFFFCC\">Instanbul\/Turcia<\/td>\n<td align=\"center\" valign=\"middle\" bgcolor=\"#FFFFCC\">raspuns fax nr. nr.inreg.UMC 3042\/29.06.2009<br \/>\nraspuns e-mail nr.inreg.UMC 5014\/29.10.2009<\/td>\n<\/tr>\n<tr>\n<td align=\"center\" valign=\"middle\" bgcolor=\"#FFFFCC\">Istanbul Technical University<br \/>\n<strong>ITU Dergisi<\/strong> &#8211; <a href=\"http:\/\/www.itudergi.itu.edu.tr\/asp\/oku.asp?gorev=duzey1&amp;dergiID=3\">Serie C: Basic Sciences<\/a><\/td>\n<td align=\"center\" valign=\"middle\" bgcolor=\"#FFFFCC\">Instanbul\/Turcia<\/td>\n<td align=\"center\" valign=\"middle\" bgcolor=\"#FFFFCC\">raspuns fax nr. nr.inreg.UMC 3042\/29.06.2009<br \/>\nraspuns e-mail nr.inreg.UMC 5014\/29.10.2009<\/td>\n<\/tr>\n<tr>\n<td align=\"center\" valign=\"middle\" bgcolor=\"#FFFFCC\">Istanbul Technical University<br \/>\n<strong>ITU Dergisi<\/strong> &#8211; <a href=\"http:\/\/www.itudergi.itu.edu.tr\/asp\/oku.asp?gorev=duzey1&amp;dergiID=4\">Serie D: Engineering<\/a><\/td>\n<td align=\"center\" valign=\"middle\" bgcolor=\"#FFFFCC\">Instanbul\/Turcia<\/td>\n<td align=\"center\" valign=\"middle\" bgcolor=\"#FFFFCC\">raspuns fax nr. nr.inreg.UMC 3042\/29.06.2009<br \/>\nraspuns e-mail nr.inreg.UMC 5014\/29.10.2009<\/td>\n<\/tr>\n<tr>\n<td align=\"center\" valign=\"middle\" bgcolor=\"#FFFFCC\">Istanbul Technical University<br \/>\n<strong>ITU Dergisi<\/strong> &#8211; <a href=\"http:\/\/www.itudergi.itu.edu.tr\/asp\/oku.asp?gorev=duzey1&amp;dergiID=5\">Serie E:\u00a0Water Pollution Control<\/a><\/td>\n<td align=\"center\" valign=\"middle\" bgcolor=\"#FFFFCC\">Instanbul\/Turcia<\/td>\n<td align=\"center\" valign=\"middle\" bgcolor=\"#FFFFCC\">raspuns fax nr. nr.inreg.UMC 3042\/29.06.2009<br \/>\nraspuns e-mail nr.inreg.UMC 5014\/29.10.2009<\/td>\n<\/tr>\n<tr>\n<td align=\"center\" valign=\"middle\" bgcolor=\"#FFFFCC\">University of Vlora<br \/>\nBuletini Shkencor<\/td>\n<td align=\"center\" valign=\"middle\" bgcolor=\"#FFFFCC\">Vlora\/Albania<\/td>\n<td align=\"center\" valign=\"middle\" bgcolor=\"#FFFFCC\">raspuns e-mail nr.inreg.UMC 5218\/11.11.2009<\/td>\n<\/tr>\n<\/tbody>\n<\/table>\n","protected":false},"excerpt":{"rendered":"<p>Institu\u0163ia si numele revistei primite la schimb (a se mentiona dac\u0103 revista este cotat\u0103 ISI) Ora\u015ful \u015fi \u0163ara Elemente de identificare a documentului (serie, nr., data, etc.) Istanbul Technical University ITU Dergisi &#8211; Serie B: Social Sciences Instanbul\/Turcia raspuns fax nr. nr.inreg.UMC 3042\/29.06.2009 raspuns e-mail nr.inreg.UMC 5014\/29.10.2009 Istanbul Technical University ITU Dergisi &#8211; Serie C: [&hellip;]<\/p>\n","protected":false},"author":4,"featured_media":0,"parent":0,"menu_order":0,"comment_status":"closed","ping_status":"closed","template":"","meta":{"footnotes":""},"class_list":["post-22","page","type-page","status-publish","hentry"],"_links":{"self":[{"href":"https:\/\/cmu-edu.eu\/anale\/wp-json\/wp\/v2\/pages\/22","targetHints":{"allow":["GET"]}}],"collection":[{"href":"https:\/\/cmu-edu.eu\/anale\/wp-json\/wp\/v2\/pages"}],"about":[{"href":"https:\/\/cmu-edu.eu\/anale\/wp-json\/wp\/v2\/types\/page"}],"author":[{"embeddable":true,"href":"https:\/\/cmu-edu.eu\/anale\/wp-json\/wp\/v2\/users\/4"}],"replies":[{"embeddable":true,"href":"https:\/\/cmu-edu.eu\/anale\/wp-json\/wp\/v2\/comments?post=22"}],"version-history":[{"count":1,"href":"https:\/\/cmu-edu.eu\/anale\/wp-json\/wp\/v2\/pages\/22\/revisions"}],"predecessor-version":[{"id":23,"href":"https:\/\/cmu-edu.eu\/anale\/wp-json\/wp\/v2\/pages\/22\/revisions\/23"}],"wp:attachment":[{"href":"https:\/\/cmu-edu.eu\/anale\/wp-json\/wp\/v2\/media?parent=22"}],"curies":[{"name":"wp","href":"https:\/\/api.w.org\/{rel}","templated":true}]}}