{"id":16,"date":"2018-11-29T21:17:06","date_gmt":"2018-11-29T21:17:06","guid":{"rendered":"https:\/\/cmu-edu.eu\/bcc\/?page_id=16"},"modified":"2024-11-09T07:01:03","modified_gmt":"2024-11-09T07:01:03","slug":"despre-noi","status":"publish","type":"page","link":"https:\/\/cmu-edu.eu\/bcc\/despre-noi\/","title":{"rendered":"Despre noi"},"content":{"rendered":"<p>Centrul de promovare a carierelor albastre este \u00eenfiin\u021bat \u00een cadrul proiectului MENTOR \u2013 Blue Career Centre of Eastern Mediterranean and Black Sea. Proiectul este cofinan\u0163at de Agen\u0163ia Executiv\u0103 pentru IMM-uri de la Bruxelles (EASME) \u015fi este implementat de \u015fapte parteneri din patru \u0163\u0103ri din zona Mediteranei de Est \u0219i a M\u0103rii Negre: Universitatea din Cipru, Institutul Maritim al Mediteranei de Est (Cipru), Camera de Comer\u0163 \u015fi Industrie din Cipru, Universitatea Tehnic\u0103 Na\u0163ional\u0103 din Atena (Grecia), Clusterul Maritim (Bulgaria) \u015fi Universitatea Maritim\u0103 din Constan\u0163a (Rom\u00e2nia).<\/p>\n<p>Obiectivul nostru este s\u0103 atragem tinerii spre carierele din economia albastr\u0103. Pentru aceasta, ne propunem s\u0103 cre\u0219tem gradul de cunoa\u0219tere asupra posibilit\u0103\u021bilor de angajare \u00een domeniul transportului maritim \u0219i \u00een sectoarele conexe: turism de croazier\u0103, acvacultur\u0103 maritim\u0103, offshore.<\/p>\n<h4><span style=\"color: #0000ff\">Viziune<\/span><\/h4>\n<ul>\n<li>Viziunea noastr\u0103 este s\u0103 form\u0103m studen\u021bii s\u0103 \u00ee\u0219i proiecteze proactiv carierele \u0219i vie\u021bile astfel \u00eenc\u00e2t s\u0103 \u00eembine oportunit\u0103\u021bile semnificative pe tot parcursul vie\u021bii.<\/li>\n<\/ul>\n<h4><span style=\"color: #0000ff\">Misiune<\/span><\/h4>\n<ul>\n<li>Recunosc\u00e2nd c\u0103 dezvoltarea carierei este un proces de-a lungul vie\u021bii, misiunea noastr\u0103 este de a-i sprijini pe studen\u021bi s\u0103 \u00een\u021beleag\u0103 mai bine op\u021biunile de carier\u0103, s\u0103 se dezvolte ca profesioni\u0219ti \u0219i \u0219\u0103 \u00ee\u0219i formeze planuri de carier\u0103 pe care s\u0103 le urmeze dup\u0103 absolvire.<\/li>\n<\/ul>\n<h4><span style=\"color: #0000ff\">Valori<\/span><\/h4>\n<ul>\n<li><strong>Construim rela\u021bii.<\/strong> Credem \u00een construirea de rela\u021bii cu studen\u021bii pe tot parcursul procesului de orientare \u00een carier\u0103 \u0219i dezvoltare profesional\u0103. Ne angaj\u0103m s\u0103 \u00eei ajut\u0103m pe studen\u021bi s\u0103 g\u0103seasc\u0103 r\u0103spunsurile de care au nevoie pentru a lua decizii inteligente \u0219i informate asupra carierei lor.<\/li>\n<li><strong>Suntem orienta\u021bi spre ac\u021biune.<\/strong> \u00cencuraj\u0103m studen\u021bii s\u0103 descopere unde doresc s\u0103 ajung\u0103 \u0219i \u00eei sprijinim s\u0103 fac\u0103 acest lucru.<\/li>\n<li><strong>Educ\u0103m.<\/strong> \u00cenv\u0103\u021barea nu se \u00eent\u00e2mpl\u0103 doar \u00een sala de clas\u0103. Lucr\u0103m cu studen\u021bii pentru a le oferi un set de competen\u021be transversale, abilit\u0103\u021bi \u0219i strategii care le vor servi cu succes pe tot parcursul vie\u021bii.<\/li>\n<li><strong>Pre\u021buim parteneriatele.<\/strong> Parteneriatele noastre sunt esen\u021biale pentru colectarea de informa\u021bii cheie, dob\u00e2ndirea de experien\u021be \u00een diferite domenii \u0219i \u00eenv\u0103\u021barea despre oportunit\u0103\u021bile de angajare.<\/li>\n<\/ul>\n<h4><span style=\"color: #0000ff\">Cui ne adres\u0103m<\/span><\/h4>\n<ul>\n<li>Tineri elevi \u0219i studen\u021bi<\/li>\n<li>Angaja\u021bi din sectorul maritim<\/li>\n<li>Persoane f\u0103r\u0103 loc de munc\u0103 din sectorul albastru \u0219i din alte sectoare de activitate<\/li>\n<\/ul>\n<h4><span style=\"color: #0000ff\">Obiectivele centrului\u00a0<\/span><\/h4>\n<ul>\n<li>Promovarea ofertei educa\u021bionale a UMC \u0219i a programelor de formare a speciali\u0219tilor \u00een domeniul maritim \u0219i offshore\u00a0at\u00e2t \u00een \u0163ar\u0103 c\u00e2t \u015fi \u00een str\u0103in\u0103tate;<\/li>\n<li>Promovarea universit\u0103\u021bii \u00een cadrul vizitelor organizate pentru elevi \u00een universitate \u0219i prin participarea la evenimente de promovare a ofertelor educa\u021bionale \u00een \u021bar\u0103 sau \u00een str\u0103in\u0103tate;<\/li>\n<li>Identificarea poten\u021bialilor angajatori \u0219i\u00a0stabilirea de parteneriate pentru a facilita organizarea stagiului de practic\u0103 \u0219i\/sau programelor de internship;<\/li>\n<li>Men\u021binerea leg\u0103turilor cu institu\u021biile din domeniul educa\u021biei \u0219i form\u0103rii pentru a atrage noi candida\u021bi spre carierele albastre;<\/li>\n<li>Promovarea dezvolt\u0103rii profesionale continue pentru profesioni\u0219tii din sectorul albastru;<\/li>\n<li>Consiliere \u0219i orientare \u00een carier\u0103 a studen\u021bilor;<\/li>\n<li>Promovarea mobilit\u0103\u021bii studen\u021bilor \u0219i cadrelor didactice;<\/li>\n<li>Cre\u0219terea gradului de con\u0219tientizare asupra posibilit\u0103\u021bilor de munc\u0103 \u00een domeniul transporului maritim \u0219i sectoarele conexe prin organizarea de t\u00e2rguri anuale de carier\u0103.<\/li>\n<\/ul>\n<h4><span style=\"color: #0000ff\">Activit\u0103\u021bi<\/span><\/h4>\n<ul>\n<li>Realizarea \u0219i distribuirea de materiale informative cu informa\u021bii de interes pentru studen\u021bi \u0219i elevi privind oferta educa\u021bional\u0103, programele de studii, planurile de \u00eenv\u0103\u021b\u0103m\u00e2nt, drepturi \u0219i facilit\u0103\u021bi de care beneficiaz\u0103 studen\u021bi;<\/li>\n<li>Organizarea de activit\u0103\u021bi de tipul \u201dt\u00e2rg de locuri de munc\u0103 \u0219i stagii de practic\u0103\u201d \u00een care companiile \u00ee\u0219i pot promova activitatea \u0219i locurile de munc\u0103 sau stagiile de practic\u0103 adresate studen\u021bilor sau absolven\u021bilor;<\/li>\n<li>Comunicarea cu absolven\u021bii universit\u0103\u021bii \u00een vederea ob\u021binerii unor informa\u021bii de interes pentru universitate sau parteneri ai universit\u0103\u021bii, \u00een special legate de inser\u021bia pe pia\u021ba muncii;<\/li>\n<li>Organizarea de traininguri de dezvoltare a competen\u021belor transversale pentru studen\u021bi pe diferite teme de interes;<\/li>\n<li>Organizarea de activit\u0103\u021bi menite s\u0103 preg\u0103teasc\u0103 studen\u021bii pentru etapele necesare ob\u021binerii unui nou loc de munc\u0103 (identificarea oportunit\u0103\u021bilor de angajare, redactarea CV-ului, preg\u0103tirea interviului etc.);<\/li>\n<li>Gestionarea unei baze de date cu CV-uri ale studen\u0163ilor din UMC \u00een vederea prezent\u0103rii acestora c\u0103tre companiile interesate;<\/li>\n<li>\u0218edin\u021be individuale \u0219i de grup de consiliere \u0219i orientare \u00een carier\u0103;<\/li>\n<li>Analize sau studii de cercetare privind percep\u021bia studen\u021bilor fa\u021b\u0103 de diverse aspecte din sfera academic\u0103 sau profesional\u0103;<\/li>\n<li>Vizite de studiu la firme \u0219i companii de specialitate;<\/li>\n<li>Particip\u0103ri la evenimente educa\u021bionale.<\/li>\n<\/ul>\n","protected":false},"excerpt":{"rendered":"<p>Centrul de promovare a carierelor albastre este \u00eenfiin\u021bat \u00een cadrul proiectului MENTOR \u2013 Blue Career Centre of Eastern Mediterranean and Black Sea. Proiectul este cofinan\u0163at de Agen\u0163ia Executiv\u0103 pentru IMM-uri de la Bruxelles (EASME) \u015fi este implementat de \u015fapte parteneri din patru \u0163\u0103ri din zona Mediteranei de Est \u0219i a M\u0103rii Negre: Universitatea din Cipru,&hellip;&nbsp;<a href=\"https:\/\/cmu-edu.eu\/bcc\/despre-noi\/\" rel=\"bookmark\"><span class=\"screen-reader-text\">Despre noi<\/span><\/a><\/p>\n","protected":false},"author":1,"featured_media":0,"parent":0,"menu_order":2,"comment_status":"closed","ping_status":"closed","template":"","meta":{"neve_meta_sidebar":"","neve_meta_container":"","neve_meta_enable_content_width":"","neve_meta_content_width":0,"neve_meta_title_alignment":"","neve_meta_author_avatar":"","neve_post_elements_order":"","neve_meta_disable_header":"","neve_meta_disable_footer":"","neve_meta_disable_title":"","footnotes":""},"class_list":["post-16","page","type-page","status-publish","hentry"],"_links":{"self":[{"href":"https:\/\/cmu-edu.eu\/bcc\/wp-json\/wp\/v2\/pages\/16","targetHints":{"allow":["GET"]}}],"collection":[{"href":"https:\/\/cmu-edu.eu\/bcc\/wp-json\/wp\/v2\/pages"}],"about":[{"href":"https:\/\/cmu-edu.eu\/bcc\/wp-json\/wp\/v2\/types\/page"}],"author":[{"embeddable":true,"href":"https:\/\/cmu-edu.eu\/bcc\/wp-json\/wp\/v2\/users\/1"}],"replies":[{"embeddable":true,"href":"https:\/\/cmu-edu.eu\/bcc\/wp-json\/wp\/v2\/comments?post=16"}],"version-history":[{"count":9,"href":"https:\/\/cmu-edu.eu\/bcc\/wp-json\/wp\/v2\/pages\/16\/revisions"}],"predecessor-version":[{"id":272,"href":"https:\/\/cmu-edu.eu\/bcc\/wp-json\/wp\/v2\/pages\/16\/revisions\/272"}],"wp:attachment":[{"href":"https:\/\/cmu-edu.eu\/bcc\/wp-json\/wp\/v2\/media?parent=16"}],"curies":[{"name":"wp","href":"https:\/\/api.w.org\/{rel}","templated":true}]}}