{"id":2,"date":"2018-11-29T20:45:10","date_gmt":"2018-11-29T20:45:10","guid":{"rendered":"https:\/\/cmu-edu.eu\/bcc\/?page_id=2"},"modified":"2024-11-09T07:08:16","modified_gmt":"2024-11-09T07:08:16","slug":"acasa","status":"publish","type":"page","link":"https:\/\/cmu-edu.eu\/bcc\/acasa\/","title":{"rendered":"Acas\u0103"},"content":{"rendered":"<div id=\"artDetalii\">\n<p>Centrul de promovare a carierelor albastre \u00ee\u0219i propune s\u0103 atrag\u0103 tinerii spre carierele din economia albastr\u0103, s\u0103 creasc\u0103 gradul de cunoa\u0219tere asupra posibilit\u0103\u021bilor de angajare \u00een domeniul transportului maritim \u0219i \u00een sectoarele conexe: turism de croazier\u0103, acvacultur\u0103 maritim\u0103, offshore.<\/p>\n<div><\/div>\n<div><img loading=\"lazy\" decoding=\"async\" class=\"alignnone size-full wp-image-43\" src=\"https:\/\/cmu-edu.eu\/bcc\/wp-content\/uploads\/sites\/20\/2018\/11\/2018.11.21-Carol-1.1.jpg\" alt=\"\" width=\"1600\" height=\"1200\" srcset=\"https:\/\/cmu-edu.eu\/bcc\/wp-content\/uploads\/sites\/20\/2018\/11\/2018.11.21-Carol-1.1.jpg 1600w, https:\/\/cmu-edu.eu\/bcc\/wp-content\/uploads\/sites\/20\/2018\/11\/2018.11.21-Carol-1.1-300x225.jpg 300w, https:\/\/cmu-edu.eu\/bcc\/wp-content\/uploads\/sites\/20\/2018\/11\/2018.11.21-Carol-1.1-768x576.jpg 768w, https:\/\/cmu-edu.eu\/bcc\/wp-content\/uploads\/sites\/20\/2018\/11\/2018.11.21-Carol-1.1-1024x768.jpg 1024w, https:\/\/cmu-edu.eu\/bcc\/wp-content\/uploads\/sites\/20\/2018\/11\/2018.11.21-Carol-1.1-135x100.jpg 135w\" sizes=\"auto, (max-width: 1600px) 100vw, 1600px\" \/><\/div>\n<p>Blue Career Centre Rom\u00e2nia este parte a re\u021belei de Centre de promovare a carierelor albastare BCC of Eastern Mediterranean &amp; Black Sea.<\/p>\n<\/div>\n<p>Contract nr. EASME\/EMFF\/2016\/1.2.1.2.\/06\/S12.749365 &#8211; MENTOR<\/p>\n","protected":false},"excerpt":{"rendered":"<p>Centrul de promovare a carierelor albastre \u00ee\u0219i propune s\u0103 atrag\u0103 tinerii spre carierele din economia albastr\u0103, s\u0103 creasc\u0103 gradul de cunoa\u0219tere asupra posibilit\u0103\u021bilor de angajare \u00een domeniul transportului maritim \u0219i \u00een sectoarele conexe: turism de croazier\u0103, acvacultur\u0103 maritim\u0103, offshore. Blue Career Centre Rom\u00e2nia este parte a re\u021belei de Centre de promovare a carierelor albastare BCC&hellip;&nbsp;<a href=\"https:\/\/cmu-edu.eu\/bcc\/acasa\/\" rel=\"bookmark\"><span class=\"screen-reader-text\">Acas\u0103<\/span><\/a><\/p>\n","protected":false},"author":5,"featured_media":0,"parent":0,"menu_order":1,"comment_status":"closed","ping_status":"closed","template":"template-home.php","meta":{"neve_meta_sidebar":"","neve_meta_container":"","neve_meta_enable_content_width":"","neve_meta_content_width":0,"neve_meta_title_alignment":"","neve_meta_author_avatar":"","neve_post_elements_order":"","neve_meta_disable_header":"","neve_meta_disable_footer":"","neve_meta_disable_title":"","footnotes":""},"class_list":["post-2","page","type-page","status-publish","hentry"],"_links":{"self":[{"href":"https:\/\/cmu-edu.eu\/bcc\/wp-json\/wp\/v2\/pages\/2","targetHints":{"allow":["GET"]}}],"collection":[{"href":"https:\/\/cmu-edu.eu\/bcc\/wp-json\/wp\/v2\/pages"}],"about":[{"href":"https:\/\/cmu-edu.eu\/bcc\/wp-json\/wp\/v2\/types\/page"}],"author":[{"embeddable":true,"href":"https:\/\/cmu-edu.eu\/bcc\/wp-json\/wp\/v2\/users\/5"}],"replies":[{"embeddable":true,"href":"https:\/\/cmu-edu.eu\/bcc\/wp-json\/wp\/v2\/comments?post=2"}],"version-history":[{"count":14,"href":"https:\/\/cmu-edu.eu\/bcc\/wp-json\/wp\/v2\/pages\/2\/revisions"}],"predecessor-version":[{"id":274,"href":"https:\/\/cmu-edu.eu\/bcc\/wp-json\/wp\/v2\/pages\/2\/revisions\/274"}],"wp:attachment":[{"href":"https:\/\/cmu-edu.eu\/bcc\/wp-json\/wp\/v2\/media?parent=2"}],"curies":[{"name":"wp","href":"https:\/\/api.w.org\/{rel}","templated":true}]}}