{"id":1012,"date":"2026-01-15T06:21:11","date_gmt":"2026-01-15T06:21:11","guid":{"rendered":"https:\/\/cmu-edu.eu\/calitate\/?page_id=1012"},"modified":"2026-03-14T13:52:05","modified_gmt":"2026-03-14T13:52:05","slug":"evaluare-externa-psul","status":"publish","type":"page","link":"https:\/\/cmu-edu.eu\/calitate\/evaluare-externa-psul\/","title":{"rendered":"Evaluare extern\u0103 PSUL"},"content":{"rendered":"\n<div style=\"height:64px\" aria-hidden=\"true\" class=\"wp-block-spacer\"><\/div>\n\n\n\n<h2 class=\"wp-block-heading\">\u00cenv\u0103\u021b\u0103m\u00e2nt cu frecven\u021b\u0103<\/h2>\n\n\n\n<hr class=\"wp-block-separator has-alpha-channel-opacity\" \/>\n\n\n\n<details class=\"wp-block-details is-layout-flow wp-block-details-is-layout-flow\"><summary>NAVIGA\u021aIE \u0218I TRANSPORT MARITIM \u0218I FLUVIAL<\/summary>\n<ul class=\"wp-block-list\">\n<li class=\"has-small-font-size\"><a href=\"https:\/\/www.aracis.ro\/evaluari_licenta\/navigatie-si-transport-maritim-si-fluvial-sp6394\/\"><strong>NAVIGA\u021aIE \u0218I TRANSPORT MARITIM \u0218I FLUVIAL 2023<\/strong><\/a><\/li>\n\n\n\n<li class=\"has-small-font-size\"><strong><a href=\"https:\/\/www.aracis.ro\/evaluari_licenta\/navigatie-si-transport-maritim-si-fluvial\/\">NAVIGA\u021aIE \u0218I TRANSPORT MARITIM \u0218I FLUVIAL<\/a><\/strong> <\/li>\n<\/ul>\n<\/details>\n\n\n\n<details class=\"wp-block-details is-layout-flow wp-block-details-is-layout-flow\"><summary>INGINERIE \u0218I MANAGEMENT \u00ceN DOMENIUL TRANSPORTURILOR<\/summary>\n<ul class=\"wp-block-list\">\n<li class=\"has-small-font-size\"><a href=\"https:\/\/www.aracis.ro\/evaluari_licenta\/inginerie-si-management-in-domeniul-transporturilor-sp7113\/\"><strong>INGINERIE \u0218I MANAGEMENT \u00ceN DOMENIUL TRANSPORTURILOR<\/strong> <strong>2024<\/strong><\/a><\/li>\n\n\n\n<li class=\"has-small-font-size\"><strong><a href=\"https:\/\/www.aracis.ro\/evaluari_licenta\/inginerie-economica-in-domeniul-transporturilor\/\">INGINERIE \u0218I MANAGEMENT \u00ceN DOMENIUL TRANSPORTURILOR<\/a><\/strong><\/li>\n<\/ul>\n<\/details>\n\n\n\n<details class=\"wp-block-details is-layout-flow wp-block-details-is-layout-flow\"><summary>ELECTROMECANIC\u0102 NAVAL\u0102<\/summary>\n<ul class=\"wp-block-list\">\n<li class=\"has-small-font-size\"><strong><a href=\"https:\/\/www.aracis.ro\/evaluari_licenta\/ingineria-si-protectia-mediului-in-industrie-sp6535\/\">ELECTROMECANIC\u0102 NAVAL\u0102 2023<\/a><\/strong><\/li>\n\n\n\n<li class=\"has-small-font-size\"><strong><a href=\"https:\/\/www.aracis.ro\/evaluari_licenta\/electromecanica-navala\/\">ELECTROMECANIC\u0102 NAVAL\u0102<\/a><\/strong><\/li>\n<\/ul>\n<\/details>\n\n\n\n<details class=\"wp-block-details is-layout-flow wp-block-details-is-layout-flow\"><summary>ELECTROTEHNIC\u0102<\/summary>\n<ul class=\"wp-block-list\">\n<li class=\"has-small-font-size\"><strong><a href=\"https:\/\/www.aracis.ro\/evaluari_licenta\/electrotehnica-sp6393\/\">ELECTROTEHNIC\u0102 2023<\/a><\/strong><\/li>\n\n\n\n<li class=\"has-small-font-size\"><strong><a href=\"https:\/\/www.aracis.ro\/evaluari_licenta\/electrotehnica-3\/\">ELECTROTEHNIC\u0102<\/a><\/strong><\/li>\n<\/ul>\n<\/details>\n\n\n\n<details class=\"wp-block-details is-layout-flow wp-block-details-is-layout-flow\"><summary>INGINERIA SISTEMELOR ELECTROENERGETICE<\/summary>\n<ul class=\"wp-block-list\">\n<li class=\"has-small-font-size\"><strong><a href=\"https:\/\/www.aracis.ro\/evaluari_licenta\/ingineria-sistemelor-electroenergetice-sp5461\/\">INGINERIA SISTEMELOR ELECTROENERGETICE 2020<\/a><\/strong><\/li>\n<\/ul>\n<\/details>\n\n\n\n<details class=\"wp-block-details is-layout-flow wp-block-details-is-layout-flow\"><summary>TEHNOLOGII \u0218I SISTEME DE TELECOMUNICA\u021aII<\/summary>\n<ul class=\"wp-block-list\">\n<li class=\"has-small-font-size\"><strong><a href=\"https:\/\/www.aracis.ro\/evaluari_licenta\/tehnologii-si-sisteme-de-telecomunicatii-sp7320\/\">TEHNOLOGII \u0218I SISTEME DE TELECOMUNICA\u021aII 2025<\/a><\/strong><\/li>\n\n\n\n<li class=\"has-small-font-size\"><strong><a href=\"https:\/\/www.aracis.ro\/evaluari_licenta\/tehnologii-si-sisteme-de-telecomunicatii-4\/\">TEHNOLOGII \u0218I SISTEME DE TELECOMUNICA\u021aII<\/a><\/strong><\/li>\n<\/ul>\n<\/details>\n\n\n\n<details class=\"wp-block-details is-layout-flow wp-block-details-is-layout-flow\"><summary>INGINERIA \u0218I PROTEC\u021aIA MEDIULUI \u00ceN INDUSTRIE<\/summary>\n<ul class=\"wp-block-list\">\n<li class=\"has-small-font-size\"><strong><a href=\"https:\/\/www.aracis.ro\/evaluari_licenta\/ingineria-si-protectia-mediului-in-industrie-sp6535\/\">INGINERIA \u0218I PROTEC\u021aIA MEDIULUI \u00ceN INDUSTRIE 2023<\/a><\/strong><\/li>\n\n\n\n<li class=\"has-small-font-size\"><strong><a href=\"https:\/\/www.aracis.ro\/evaluari_licenta\/ingineria-si-protectia-mediului-in-industrie-6\/\">INGINERIA \u0218I PROTEC\u021aIA MEDIULUI \u00ceN INDUSTRIE<\/a><\/strong><\/li>\n<\/ul>\n<\/details>\n\n\n\n<details class=\"wp-block-details is-layout-flow wp-block-details-is-layout-flow\"><summary>SECURITATE CIBERNETIC\u0102<\/summary>\n<ul class=\"wp-block-list\">\n<li class=\"has-small-font-size\"><a href=\"https:\/\/www.aracis.ro\/evaluari_licenta\/securitate-cibernetica-sp6499\/\"><strong>SECURITATE CIBERNETIC\u0102<\/strong> <strong>2023<\/strong><\/a><\/li>\n<\/ul>\n<\/details>\n\n\n\n<div style=\"height:61px\" aria-hidden=\"true\" class=\"wp-block-spacer\"><\/div>\n\n\n\n<h2 class=\"wp-block-heading\">\u00cenv\u0103\u021b\u0103m\u00e2nt cu frecven\u021b\u0103 \u2013 limba englez\u0103<\/h2>\n\n\n\n<hr class=\"wp-block-separator has-alpha-channel-opacity\" \/>\n\n\n\n<details class=\"wp-block-details is-layout-flow wp-block-details-is-layout-flow\"><summary>NAVIGA\u021aIE \u0218I TRANSPORT MARITIM \u0218I FLUVIAL<\/summary>\n<ul class=\"wp-block-list\">\n<li class=\"has-small-font-size\"><strong><a href=\"https:\/\/www.aracis.ro\/evaluari_licenta\/navigatie-si-transport-maritim-si-fluvial-in-limba-engleza\/\">NAVIGA\u021aIE \u0218I TRANSPORT MARITIM \u0218I FLUVIAL<\/a><\/strong><\/li>\n<\/ul>\n<\/details>\n\n\n\n<details class=\"wp-block-details is-layout-flow wp-block-details-is-layout-flow\"><summary>ELECTROMECANIC\u0102 NAVAL\u0102<\/summary>\n<ul class=\"wp-block-list\">\n<li class=\"has-small-font-size\"><strong><a href=\"https:\/\/www.aracis.ro\/evaluari_licenta\/electromecanica-navala-in-limba-engleza\/#\">ELECTROMECANIC\u0102 NAVAL\u0102<\/a><\/strong><\/li>\n<\/ul>\n<\/details>\n\n\n\n<details class=\"wp-block-details is-layout-flow wp-block-details-is-layout-flow\"><summary>ELECTROTEHNIC\u0102<\/summary>\n<ul class=\"wp-block-list\">\n<li class=\"has-small-font-size\"><strong><a href=\"https:\/\/www.aracis.ro\/evaluari_licenta\/electrotehnica-in-limba-engleza-sp6218\/\">ELECTROTEHNIC\u0102 2021<\/a><\/strong><\/li>\n<\/ul>\n<\/details>\n\n\n\n<div style=\"height:67px\" aria-hidden=\"true\" class=\"wp-block-spacer\"><\/div>\n\n\n\n<h2 class=\"wp-block-heading\">\u00cenv\u0103\u021b\u0103m\u00e2nt cu frecven\u021b\u0103 redus\u0103<\/h2>\n\n\n\n<hr class=\"wp-block-separator has-alpha-channel-opacity\" \/>\n\n\n\n<details class=\"wp-block-details is-layout-flow wp-block-details-is-layout-flow\"><summary>NAVIGA\u021aIE \u0218I TRANSPORT MARITIM \u0218I FLUVIAL<\/summary>\n<ul class=\"wp-block-list\">\n<li class=\"has-small-font-size\"><a href=\"https:\/\/www.aracis.ro\/evaluari_licenta\/navigatie-si-transport-maritim-si-fluvial-sp6500\/\"><strong>NAVIGA\u021aIE \u0218I TRANSPORT MARITIM \u0218I FLUVIAL<\/strong> <strong>2023<\/strong><\/a><\/li>\n<\/ul>\n<\/details>\n\n\n\n<details class=\"wp-block-details is-layout-flow wp-block-details-is-layout-flow\"><summary>ELECTROMECANIC\u0102 NAVAL\u0102<\/summary>\n<ul class=\"wp-block-list\">\n<li class=\"has-small-font-size\"><strong><a href=\"https:\/\/www.aracis.ro\/evaluari_licenta\/electromecanica-navala-sp6498\/\">ELECTROMECANIC\u0102 NAVAL\u0102 2023<\/a><\/strong><\/li>\n<\/ul>\n<\/details>\n\n\n\n<details class=\"wp-block-details is-layout-flow wp-block-details-is-layout-flow\"><summary>ELECTROTEHNIC\u0102<\/summary>\n<ul class=\"wp-block-list\">\n<li class=\"has-small-font-size\"><strong>ELECTROTEHNIC\u0102<\/strong><\/li>\n<\/ul>\n<\/details>\n\n\n\n<div style=\"height:210px\" aria-hidden=\"true\" class=\"wp-block-spacer\"><\/div>\n","protected":false},"excerpt":{"rendered":"<p>\u00cenv\u0103\u021b\u0103m\u00e2nt cu frecven\u021b\u0103 \u00cenv\u0103\u021b\u0103m\u00e2nt cu frecven\u021b\u0103 \u2013 limba englez\u0103 \u00cenv\u0103\u021b\u0103m\u00e2nt cu frecven\u021b\u0103 redus\u0103<\/p>\n","protected":false},"author":6,"featured_media":0,"parent":0,"menu_order":0,"comment_status":"closed","ping_status":"closed","template":"","meta":{"neve_meta_sidebar":"","neve_meta_container":"","neve_meta_enable_content_width":"","neve_meta_content_width":0,"neve_meta_title_alignment":"","neve_meta_author_avatar":"","neve_post_elements_order":"","neve_meta_disable_header":"","neve_meta_disable_footer":"","neve_meta_disable_title":"","footnotes":""},"class_list":["post-1012","page","type-page","status-publish","hentry"],"_links":{"self":[{"href":"https:\/\/cmu-edu.eu\/calitate\/wp-json\/wp\/v2\/pages\/1012","targetHints":{"allow":["GET"]}}],"collection":[{"href":"https:\/\/cmu-edu.eu\/calitate\/wp-json\/wp\/v2\/pages"}],"about":[{"href":"https:\/\/cmu-edu.eu\/calitate\/wp-json\/wp\/v2\/types\/page"}],"author":[{"embeddable":true,"href":"https:\/\/cmu-edu.eu\/calitate\/wp-json\/wp\/v2\/users\/6"}],"replies":[{"embeddable":true,"href":"https:\/\/cmu-edu.eu\/calitate\/wp-json\/wp\/v2\/comments?post=1012"}],"version-history":[{"count":8,"href":"https:\/\/cmu-edu.eu\/calitate\/wp-json\/wp\/v2\/pages\/1012\/revisions"}],"predecessor-version":[{"id":1243,"href":"https:\/\/cmu-edu.eu\/calitate\/wp-json\/wp\/v2\/pages\/1012\/revisions\/1243"}],"wp:attachment":[{"href":"https:\/\/cmu-edu.eu\/calitate\/wp-json\/wp\/v2\/media?parent=1012"}],"curies":[{"name":"wp","href":"https:\/\/api.w.org\/{rel}","templated":true}]}}