{"id":1341,"date":"2026-03-19T10:06:11","date_gmt":"2026-03-19T10:06:11","guid":{"rendered":"https:\/\/cmu-edu.eu\/calitate\/?page_id=1341"},"modified":"2026-03-19T10:06:11","modified_gmt":"2026-03-19T10:06:11","slug":"fise-de-disciplina-inginerie-mecanica-maritima-avansata","status":"publish","type":"page","link":"https:\/\/cmu-edu.eu\/calitate\/fise-de-disciplina-inginerie-mecanica-maritima-avansata\/","title":{"rendered":"Fi\u0219e de disciplin\u0103 Inginerie mecanic\u0103 maritim\u0103 avansat\u0103"},"content":{"rendered":"\n<div class=\"wp-block-columns is-layout-flex wp-container-core-columns-is-layout-9d6595d7 wp-block-columns-is-layout-flex\">\n<div class=\"wp-block-column is-layout-flow wp-block-column-is-layout-flow\">\n<h4 class=\"wp-block-heading\">Fi\u0219e de disciplin\u0103 Anul I<\/h4>\n\n\n\n<ul class=\"wp-block-list\">\n<li class=\"has-small-font-size\">I<a href=\"https:\/\/cmu-edu.eu\/calitate\/wp-content\/uploads\/sites\/6\/2026\/03\/IM-5.1.1-Experiment.simulare.TCN_.pdf\">M 5.1.1 &#8211; Experiment \u015fi simulare \u00een teoria \u015fi construc\u0163ia navei<\/a><\/li>\n\n\n\n<li class=\"has-small-font-size\"><a href=\"https:\/\/cmu-edu.eu\/calitate\/wp-content\/uploads\/sites\/6\/2026\/03\/IM-5.2.1-Inst.nav-modelare.numerica.pdf\">IM 5.2.1 &#8211; Instala\u021bii navale \u2013 modelare numeric\u0103 avansat\u0103<\/a><\/li>\n\n\n\n<li class=\"has-small-font-size\"><a href=\"https:\/\/cmu-edu.eu\/calitate\/wp-content\/uploads\/sites\/6\/2026\/03\/IM-5.3.1-AES.pdf\">IM 5.3.1 &#8211; Ac\u0163ion\u0103ri electrice speciale<\/a><\/li>\n\n\n\n<li class=\"has-small-font-size\"><a href=\"https:\/\/cmu-edu.eu\/calitate\/wp-content\/uploads\/sites\/6\/2026\/03\/IM-5.4.1-Metode.modelare.in_.domeniul.maritim.pdf\">IM 5.4.1 &#8211; Metode moderne de modelare utilizate \u00een domeniul maritim<\/a><\/li>\n\n\n\n<li class=\"has-small-font-size\"><a href=\"https:\/\/cmu-edu.eu\/calitate\/wp-content\/uploads\/sites\/6\/2026\/03\/IM-5.5.1_ICA.pdf\">IM 5.5.1 &#8211; Ingineria controlului automat<\/a><\/li>\n\n\n\n<li class=\"has-small-font-size\"><a href=\"https:\/\/cmu-edu.eu\/calitate\/wp-content\/uploads\/sites\/6\/2026\/03\/IM-5.6.1-Automatizarea.supravegherea.SP_.pdf\">IM 5.6.1 &#8211; Automatizarea \u015fi supravegherea sistemelor de propulsie<\/a><\/li>\n\n\n\n<li class=\"has-small-font-size\"><a href=\"https:\/\/cmu-edu.eu\/calitate\/wp-content\/uploads\/sites\/6\/2026\/03\/IM-5.7.2-Sisteme.propulsie.nav-analiza.dinamica.pdf\">IM 5.7.2 &#8211; Sisteme de propulsie naval\u0103 \u2013 analiz\u0103 dinamic\u0103 \u015fi func\u0163ional\u0103<\/a><\/li>\n\n\n\n<li class=\"has-small-font-size\"><a href=\"https:\/\/cmu-edu.eu\/calitate\/wp-content\/uploads\/sites\/6\/2026\/03\/IM-5.8.2-LMEC.pdf\">IM 5.8.2 &#8211; Leadership \u015fi managementul echipei de cart<\/a><\/li>\n\n\n\n<li class=\"has-small-font-size\"><a href=\"https:\/\/cmu-edu.eu\/calitate\/wp-content\/uploads\/sites\/6\/2026\/03\/IM-5.9.2-Simularea.sist_.propulsie.AG_.pdf\">IM 5.9.2 &#8211; Simularea \u015fi analiza sistemelor de propulsie cu turbine de abur \u0219i gaz<\/a><\/li>\n\n\n\n<li class=\"has-small-font-size\"><a href=\"https:\/\/cmu-edu.eu\/calitate\/wp-content\/uploads\/sites\/6\/2026\/03\/IM-5.10.2-SIAEH.pdf\">IM 5.10.2 &#8211; Sisteme informatizate de ac\u0163ion\u0103ri electro-hidraulice<\/a><\/li>\n\n\n\n<li class=\"has-small-font-size\"><a href=\"https:\/\/cmu-edu.eu\/calitate\/wp-content\/uploads\/sites\/6\/2026\/03\/IM-5.11.2-CMI.pdf\">IM 5.11.2 &#8211; Complemente de matematici pentru ingineri<\/a><\/li>\n\n\n\n<li class=\"has-small-font-size\"><a href=\"https:\/\/cmu-edu.eu\/calitate\/wp-content\/uploads\/sites\/6\/2026\/03\/IM-5.12.2-EMHI.pdf\">IM 5.12.2 &#8211; Elemente de Modelare Hibrid\u0103 \u00een Inginerie<\/a><\/li>\n\n\n\n<li class=\"has-small-font-size\"><a href=\"https:\/\/cmu-edu.eu\/calitate\/wp-content\/uploads\/sites\/6\/2026\/03\/IM-5.13.2-practica-I.pdf\">IM 5.13.2 &#8211; Practic\u0103 de cercetare I<\/a><\/li>\n\n\n\n<li class=\"has-small-font-size\"><a href=\"https:\/\/cmu-edu.eu\/calitate\/wp-content\/uploads\/sites\/6\/2026\/03\/IM-5.14.1-ISC.pdf\">IM 5.14.1 &#8211; Introducere \u00een securitate cibernetic\u0103<\/a><\/li>\n\n\n\n<li class=\"has-small-font-size\"><a href=\"https:\/\/cmu-edu.eu\/calitate\/wp-content\/uploads\/sites\/6\/2026\/03\/IM-5.15.1-voluntariat-I.pdf\">IM 5.15.1 \u2013 Voluntariat I<\/a><\/li>\n\n\n\n<li class=\"has-small-font-size\"><a href=\"https:\/\/cmu-edu.eu\/calitate\/wp-content\/uploads\/sites\/6\/2026\/03\/IM-5.15.2-voluntariat-II.pdf\">IM 5.15.2 \u2013 Voluntariat II<\/a><\/li>\n<\/ul>\n<\/div>\n\n\n\n<div class=\"wp-block-column is-layout-flow wp-block-column-is-layout-flow\">\n<h4 class=\"wp-block-heading\">Fi\u0219e de disciplin\u0103 Anul II<\/h4>\n\n\n\n<ul class=\"wp-block-list\">\n<li class=\"has-small-font-size\"><a href=\"https:\/\/cmu-edu.eu\/calitate\/wp-content\/uploads\/sites\/6\/2026\/03\/IM-6.1.1-EIA.pdf\">IM 6.1.1 &#8211; Etic\u0103 \u015fi integritate academic\u0103<\/a><\/li>\n\n\n\n<li class=\"has-small-font-size\"><a href=\"https:\/\/cmu-edu.eu\/calitate\/wp-content\/uploads\/sites\/6\/2026\/03\/IM-6.2.1-Metode.depoluare.marina.pdf\">IM 6.2.1 &#8211; Metode moderne de depoluare marin\u0103<\/a><\/li>\n\n\n\n<li class=\"has-small-font-size\"><a href=\"https:\/\/cmu-edu.eu\/calitate\/wp-content\/uploads\/sites\/6\/2026\/03\/IM-6.3.1.Metodologia-cercetarii.pdf\">IM 6.3.1 &#8211; Metodologia Cercet\u0103rii<\/a><\/li>\n\n\n\n<li class=\"has-small-font-size\"><a href=\"https:\/\/cmu-edu.eu\/calitate\/wp-content\/uploads\/sites\/6\/2026\/03\/IM-6.4.1-FMRAIE.pdf\">IM 6.4.1 &#8211; Fiabilitatea \u015fi managementul riscului avariilor instala\u021biilor electromecanice<\/a><\/li>\n\n\n\n<li class=\"has-small-font-size\"><a href=\"https:\/\/cmu-edu.eu\/calitate\/wp-content\/uploads\/sites\/6\/2026\/03\/IM-6.5.1.MPCEN_.pdf\">IM 6.5.1 &#8211; Managementul proiectelor de cercetare experimental\u0103 naval\u0103<\/a><\/li>\n\n\n\n<li class=\"has-small-font-size\"><a href=\"https:\/\/cmu-edu.eu\/calitate\/wp-content\/uploads\/sites\/6\/2026\/03\/IM-6.6.1-CDGTC.pdf\">IM 6.6.1 &#8211; Complemente de dinamica gazelor \u015fi teoria combustiei<\/a><\/li>\n\n\n\n<li class=\"has-small-font-size\"><a href=\"https:\/\/cmu-edu.eu\/calitate\/wp-content\/uploads\/sites\/6\/2026\/03\/IM-6.7.1-OESTFN.pdf\">IM 6.7.1 &#8211; Optimizarea energetic\u0103 a sistemelor termice \u015fi frigorifice navale<\/a><\/li>\n\n\n\n<li class=\"has-small-font-size\"><a href=\"https:\/\/cmu-edu.eu\/calitate\/wp-content\/uploads\/sites\/6\/2026\/03\/IM-6.8.2-practica-II.pdf\">IM 6.8.2 &#8211; Practic\u0103 de cercetare II<\/a><\/li>\n\n\n\n<li class=\"has-small-font-size\"><a href=\"https:\/\/cmu-edu.eu\/calitate\/wp-content\/uploads\/sites\/6\/2026\/03\/IM-6.9.2-practica-elaborare-lucr-dis.pdf\">IM 6.9.2 &#8211; Practic\u0103 pentru elaborarea lucr\u0103rii de diserta\u0163ie<\/a><\/li>\n\n\n\n<li class=\"has-small-font-size\"><a href=\"https:\/\/cmu-edu.eu\/calitate\/wp-content\/uploads\/sites\/6\/2026\/03\/IM-6.10.2-elaborare-lucr-dis.pdf\">IM 6.10.2 &#8211; Elaborarea lucr\u0103rii de diserta\u0163ie<\/a><\/li>\n\n\n\n<li class=\"has-small-font-size\"><a href=\"https:\/\/cmu-edu.eu\/calitate\/wp-content\/uploads\/sites\/6\/2026\/03\/IM-6.11.1-ISC.pdf\">IM 6.11.1 &#8211; Introducere \u00een securitate cibernetic\u0103<\/a><\/li>\n\n\n\n<li class=\"has-small-font-size\"><a href=\"https:\/\/cmu-edu.eu\/calitate\/wp-content\/uploads\/sites\/6\/2026\/03\/IM-6.12.1-voluntariat-I.pdf\">IM 6.12.1 &#8211; Voluntariat III<\/a><\/li>\n\n\n\n<li class=\"has-small-font-size\"><a href=\"https:\/\/cmu-edu.eu\/calitate\/wp-content\/uploads\/sites\/6\/2026\/03\/IM-6.12.2-voluntariat-II.pdf\">IM 6.12.2 &#8211; Voluntariat IV<\/a><\/li>\n<\/ul>\n<\/div>\n<\/div>\n","protected":false},"excerpt":{"rendered":"<p>Fi\u0219e de disciplin\u0103 Anul I Fi\u0219e de disciplin\u0103 Anul II<\/p>\n","protected":false},"author":6,"featured_media":0,"parent":0,"menu_order":0,"comment_status":"closed","ping_status":"closed","template":"","meta":{"neve_meta_sidebar":"","neve_meta_container":"","neve_meta_enable_content_width":"","neve_meta_content_width":0,"neve_meta_title_alignment":"","neve_meta_author_avatar":"","neve_post_elements_order":"","neve_meta_disable_header":"","neve_meta_disable_footer":"","neve_meta_disable_title":"","footnotes":""},"class_list":["post-1341","page","type-page","status-publish","hentry"],"_links":{"self":[{"href":"https:\/\/cmu-edu.eu\/calitate\/wp-json\/wp\/v2\/pages\/1341","targetHints":{"allow":["GET"]}}],"collection":[{"href":"https:\/\/cmu-edu.eu\/calitate\/wp-json\/wp\/v2\/pages"}],"about":[{"href":"https:\/\/cmu-edu.eu\/calitate\/wp-json\/wp\/v2\/types\/page"}],"author":[{"embeddable":true,"href":"https:\/\/cmu-edu.eu\/calitate\/wp-json\/wp\/v2\/users\/6"}],"replies":[{"embeddable":true,"href":"https:\/\/cmu-edu.eu\/calitate\/wp-json\/wp\/v2\/comments?post=1341"}],"version-history":[{"count":1,"href":"https:\/\/cmu-edu.eu\/calitate\/wp-json\/wp\/v2\/pages\/1341\/revisions"}],"predecessor-version":[{"id":1345,"href":"https:\/\/cmu-edu.eu\/calitate\/wp-json\/wp\/v2\/pages\/1341\/revisions\/1345"}],"wp:attachment":[{"href":"https:\/\/cmu-edu.eu\/calitate\/wp-json\/wp\/v2\/media?parent=1341"}],"curies":[{"name":"wp","href":"https:\/\/api.w.org\/{rel}","templated":true}]}}