{"id":386,"date":"2021-11-11T16:27:16","date_gmt":"2021-11-11T16:27:16","guid":{"rendered":"https:\/\/cmu-edu.eu\/calitate\/?page_id=386"},"modified":"2026-01-12T12:50:19","modified_gmt":"2026-01-12T12:50:19","slug":"comisia-de-asigurare-a-calitatii-in-umc","status":"publish","type":"page","link":"https:\/\/cmu-edu.eu\/calitate\/comisia-de-asigurare-a-calitatii-in-umc\/","title":{"rendered":"Comisia pentru Evaluarea \u0219i Asigurarea Calit\u0103\u021bii \u00een UMC"},"content":{"rendered":"<p>Comisia pentru Evaluarea \u015fi Asigurarea Calit\u0103\u021bii din Universitatea Maritima din Constanta reprezint\u0103 organismul de coordonare al activit\u0103\u021bilor de evaluare \u015fi asigurare a calit\u0103\u021bii educa\u021biei la nivel institu\u021bional.<\/p>\n<p>Comisia pentru Evaluarea \u0219i Asigurarea Calit\u0103\u021bii urm\u0103re\u0219te implementarea strategiilor \u0219i politicilor de asigurare a calit\u0103\u021bii, \u00een acord cu viziunea, misiunea \u0219i politica Universit\u0103\u021bii Maritime din Constanta \u0219i \u00een concordan\u021b\u0103 cu dinamica na\u021bional\u0103, european\u0103 \u0219i interna\u021bional\u0103 \u00een domeniu.<\/p>\n\n\n<p><a href=\"https:\/\/cmu-edu.eu\/calitate\/wp-content\/uploads\/sites\/6\/2025\/03\/Componenta-CEAC-2025.pdf\">Componen\u021b\u0103 Comisie Evaluarea \u0219i Asigurarea Calit\u0103\u021bii 2025<\/a><\/p>\n\n\n\n<p><a href=\"https:\/\/cmu-edu.eu\/calitate\/wp-content\/uploads\/sites\/6\/2025\/03\/Componenta-CEAC-2023.pdf\">Componen\u021b\u0103 Comisie Evaluarea \u0219i Asigurarea Calit\u0103\u021bii 2024<\/a><\/p>\n\n\n\n<p><a href=\"https:\/\/cmu-edu.eu\/calitate\/wp-content\/uploads\/sites\/6\/2023\/04\/decizia-265-din-22.11.2022-CEAC.pdf\">Componen\u021b\u0103 Comisie Evaluarea \u0219i Asigurarea Calit\u0103\u021bii 2023<\/a><\/p>\n\n\n\n<p><a href=\"https:\/\/cmu-edu.eu\/calitate\/wp-content\/uploads\/sites\/6\/2023\/04\/decizia-265-din-22.11.2022-CEAC.pdf\">Componen\u021b\u0103 Comisie Evaluarea \u0219i Asigurarea Calit\u0103\u021bii 2022<\/a><\/p>\n\n\n\n<p><a href=\"https:\/\/cmu-edu.eu\/calitate\/wp-content\/uploads\/sites\/6\/2023\/04\/decizia-276-CEAC.pdf\">Componen\u021b\u0103 Comisie Evaluarea \u0219i Asigurarea Calit\u0103\u021bii 2021<\/a><\/p>\n\n\n\n<p><a href=\"https:\/\/cmu-edu.eu\/calitate\/wp-content\/uploads\/sites\/6\/2023\/04\/decize-253-CEAC-2019.pdf\">Componen\u021b\u0103 Comisie Evaluarea \u0219i Asigurarea Calit\u0103\u021bii 2019<\/a><\/p>\n\n\n\n<p><a href=\"https:\/\/cmu-edu.eu\/calitate\/wp-content\/uploads\/sites\/6\/2023\/04\/decizie-241-din-08.10.2018_Comisie-calitate.pdf\">Componen\u021b\u0103 Comisie Evaluarea \u0219i Asigurarea Calit\u0103\u021bii 2018<\/a><\/p>\n\n\n\n<p><a href=\"https:\/\/cmu-edu.eu\/calitate\/wp-content\/uploads\/sites\/6\/2023\/04\/Comisia-de-calitate-2016.pdf\">Componen\u021b\u0103 Comisie Evaluarea \u0219i Asigurarea Calit\u0103\u021bii 2016<\/a><\/p>\n\n\n\n<p><a href=\"https:\/\/cmu-edu.eu\/calitate\/wp-content\/uploads\/sites\/6\/2023\/04\/Comisia-de-calitate2014.pdf\">Componen\u021b\u0103 Comisie Evaluarea \u0219i Asigurarea Calit\u0103\u021bii 2014<\/a><\/p>\n\n\n\n<p><a href=\"https:\/\/cmu-edu.eu\/calitate\/wp-content\/uploads\/sites\/6\/2023\/04\/Comisia-de-calitate-2012.pdf\">Componen\u021b\u0103 Comisie Evaluarea \u0219i Asigurarea Calit\u0103\u021bii 2012<\/a><\/p>\n","protected":false},"excerpt":{"rendered":"<p>Comisia pentru Evaluarea \u015fi Asigurarea Calit\u0103\u021bii din Universitatea Maritima din Constanta reprezint\u0103 organismul de coordonare al activit\u0103\u021bilor de evaluare \u015fi asigurare a calit\u0103\u021bii educa\u021biei la nivel institu\u021bional. Comisia pentru Evaluarea \u0219i Asigurarea Calit\u0103\u021bii urm\u0103re\u0219te implementarea strategiilor \u0219i politicilor de asigurare a calit\u0103\u021bii, \u00een acord cu viziunea, misiunea \u0219i politica Universit\u0103\u021bii Maritime din Constanta \u0219i \u00een&hellip;&nbsp;<a href=\"https:\/\/cmu-edu.eu\/calitate\/comisia-de-asigurare-a-calitatii-in-umc\/\" rel=\"bookmark\"><span class=\"screen-reader-text\">Comisia pentru Evaluarea \u0219i Asigurarea Calit\u0103\u021bii \u00een UMC<\/span><\/a><\/p>\n","protected":false},"author":6,"featured_media":0,"parent":0,"menu_order":0,"comment_status":"closed","ping_status":"closed","template":"","meta":{"neve_meta_sidebar":"","neve_meta_container":"","neve_meta_enable_content_width":"","neve_meta_content_width":0,"neve_meta_title_alignment":"","neve_meta_author_avatar":"","neve_post_elements_order":"","neve_meta_disable_header":"","neve_meta_disable_footer":"","neve_meta_disable_title":"","footnotes":""},"class_list":["post-386","page","type-page","status-publish","hentry"],"_links":{"self":[{"href":"https:\/\/cmu-edu.eu\/calitate\/wp-json\/wp\/v2\/pages\/386","targetHints":{"allow":["GET"]}}],"collection":[{"href":"https:\/\/cmu-edu.eu\/calitate\/wp-json\/wp\/v2\/pages"}],"about":[{"href":"https:\/\/cmu-edu.eu\/calitate\/wp-json\/wp\/v2\/types\/page"}],"author":[{"embeddable":true,"href":"https:\/\/cmu-edu.eu\/calitate\/wp-json\/wp\/v2\/users\/6"}],"replies":[{"embeddable":true,"href":"https:\/\/cmu-edu.eu\/calitate\/wp-json\/wp\/v2\/comments?post=386"}],"version-history":[{"count":5,"href":"https:\/\/cmu-edu.eu\/calitate\/wp-json\/wp\/v2\/pages\/386\/revisions"}],"predecessor-version":[{"id":932,"href":"https:\/\/cmu-edu.eu\/calitate\/wp-json\/wp\/v2\/pages\/386\/revisions\/932"}],"wp:attachment":[{"href":"https:\/\/cmu-edu.eu\/calitate\/wp-json\/wp\/v2\/media?parent=386"}],"curies":[{"name":"wp","href":"https:\/\/api.w.org\/{rel}","templated":true}]}}