{"id":645,"date":"2024-08-08T09:37:29","date_gmt":"2024-08-08T09:37:29","guid":{"rendered":"https:\/\/cmu-edu.eu\/calitate\/?page_id=645"},"modified":"2026-03-24T06:50:42","modified_gmt":"2026-03-24T06:50:42","slug":"programe-de-studii-de-licenta","status":"publish","type":"page","link":"https:\/\/cmu-edu.eu\/calitate\/programe-de-studii-de-licenta\/","title":{"rendered":"Programe de studii de licen\u021b\u0103"},"content":{"rendered":"\n<div style=\"height:53px\" aria-hidden=\"true\" class=\"wp-block-spacer\"><\/div>\n\n\n\n<h2 class=\"wp-block-heading has-medium-font-size\">\u00cenv\u0103\u021b\u0103m\u00e2nt cu frecven\u021b\u0103<\/h2>\n\n\n\n<hr class=\"wp-block-separator has-alpha-channel-opacity\" \/>\n\n\n\n<details class=\"wp-block-details is-layout-flow wp-block-details-is-layout-flow\"><summary>NAVIGA\u021aIE \u0218I TRANSPORT MARITIM \u0218I FLUVIAL<\/summary>\n<ul class=\"wp-block-list\">\n<li><a href=\"https:\/\/cmu-edu.eu\/calitate\/wp-content\/uploads\/sites\/6\/2026\/03\/chestionar-evaluare-licenta-NTMF-ZI.pdf\">Naviga\u021bie \u0219i Transport Maritim \u0219i Fluial<\/a><\/li>\n<\/ul>\n<\/details>\n\n\n\n<details class=\"wp-block-details is-layout-flow wp-block-details-is-layout-flow\"><summary>INGINERIE \u0218I MANAGEMENT \u00ceN DOMENIUL TRANSPORTURILOR<\/summary>\n<ul class=\"wp-block-list\">\n<li><a href=\"https:\/\/cmu-edu.eu\/calitate\/wp-content\/uploads\/sites\/6\/2026\/03\/Chestionar-pentru-evaluarea-programului-universitar-studii-de-licenta_2025.pdf\">Inginerie \u0219i management \u00een domeniul transporturilor<\/a><\/li>\n<\/ul>\n<\/details>\n\n\n\n<details class=\"wp-block-details is-layout-flow wp-block-details-is-layout-flow\"><summary>ELECTROMECANIC\u0102 NAVAL\u0102<\/summary>\n<ul class=\"wp-block-list\">\n<li><a href=\"https:\/\/cmu-edu.eu\/calitate\/wp-content\/uploads\/sites\/6\/2026\/03\/Chestionar-pentru-evaluarea-programului-universitar-studii-de-licenta_EM_2025.pdf\">Electromecanic\u0103 naval\u0103<\/a><\/li>\n<\/ul>\n<\/details>\n\n\n\n<details class=\"wp-block-details is-layout-flow wp-block-details-is-layout-flow\"><summary>ELECTROTEHNIC\u0102<\/summary>\n<ul class=\"wp-block-list\">\n<li>Electrotehnic\u0103<\/li>\n<\/ul>\n<\/details>\n\n\n\n<details class=\"wp-block-details is-layout-flow wp-block-details-is-layout-flow\"><summary>INGINERIA SISTEMELOR ELECTROENERGETICE<\/summary>\n<ul class=\"wp-block-list\">\n<li>Ingineria sistemelor electroenergetice<\/li>\n<\/ul>\n<\/details>\n\n\n\n<details class=\"wp-block-details is-layout-flow wp-block-details-is-layout-flow\"><summary>TEHNOLOGII \u0218I SISTEME DE TELECOMUNICA\u021aII<\/summary>\n<ul class=\"wp-block-list\">\n<li><a href=\"https:\/\/cmu-edu.eu\/calitate\/wp-content\/uploads\/sites\/6\/2026\/03\/Chestionar-pt-programul-de-studii-TST.pdf\">Tehnologii \u0219i sisteme de telecomunica\u021bii<\/a><\/li>\n<\/ul>\n<\/details>\n\n\n\n<details class=\"wp-block-details is-layout-flow wp-block-details-is-layout-flow\"><summary>INGINERIA \u0218I PROTEC\u021aIA MEDIULUI \u00ceN INDUSTRIE<\/summary>\n<ul class=\"wp-block-list\">\n<li>Ingineria \u0219i protec\u021bia mediului \u00een industrie<\/li>\n<\/ul>\n<\/details>\n\n\n\n<details class=\"wp-block-details is-layout-flow wp-block-details-is-layout-flow\"><summary>SECURITATE CIBERNETIC\u0102<\/summary>\n<ul class=\"wp-block-list\">\n<li><a href=\"https:\/\/cmu-edu.eu\/calitate\/wp-content\/uploads\/sites\/6\/2026\/03\/SC_Chestionar-pentru-evaluare_2025.pdf\">Securitate cibernetic\u0103<\/a><\/li>\n<\/ul>\n<\/details>\n\n\n\n<details class=\"wp-block-details is-layout-flow wp-block-details-is-layout-flow\"><summary>ENGINEERING AND MANAGEMENT IN TRANSPORT AND LOGISTICS<\/summary>\n<ul class=\"wp-block-list\">\n<li><em><a href=\"https:\/\/cmu-edu.eu\/calitate\/engineering-and-management-in-transport-and-logistics-2026\/\">Engineering and Management in Transport and Logistics 2026<\/a><\/em><\/li>\n<\/ul>\n<\/details>\n\n\n\n<div style=\"height:63px\" aria-hidden=\"true\" class=\"wp-block-spacer\"><\/div>\n\n\n\n<h2 class=\"wp-block-heading has-medium-font-size\">\u00cenv\u0103\u021b\u0103m\u00e2nt cu frecven\u021b\u0103 &#8211; limba englez\u0103<\/h2>\n\n\n\n<hr class=\"wp-block-separator has-alpha-channel-opacity\" \/>\n\n\n\n<details class=\"wp-block-details is-layout-flow wp-block-details-is-layout-flow\"><summary>NAVIGA\u021aIE \u0218I TRANSPORT MARITIM \u0218I FLUVIAL<\/summary>\n<ul class=\"wp-block-list\">\n<li><a href=\"https:\/\/cmu-edu.eu\/calitate\/wp-content\/uploads\/sites\/6\/2026\/03\/chestionar-evaluare-licenta-NTMF-ENG.pdf\">Naviga\u021bie \u0219i transport maritim \u0219i fluvial<\/a><\/li>\n<\/ul>\n<\/details>\n\n\n\n<details class=\"wp-block-details is-layout-flow wp-block-details-is-layout-flow\"><summary>ELECTROMECANIC\u0102 NAVAL\u0102<\/summary>\n<ul class=\"wp-block-list\">\n<li>Electromecanic\u0103 naval\u0103<\/li>\n<\/ul>\n<\/details>\n\n\n\n<details class=\"wp-block-details is-layout-flow wp-block-details-is-layout-flow\"><summary>ELECTROTEHNIC\u0102<\/summary>\n<ul class=\"wp-block-list\">\n<li>Electrotehnic\u0103<\/li>\n<\/ul>\n<\/details>\n\n\n\n<div style=\"height:53px\" aria-hidden=\"true\" class=\"wp-block-spacer\"><\/div>\n\n\n\n<h2 class=\"wp-block-heading has-medium-font-size\">\u00cenv\u0103\u021b\u0103m\u00e2nt cu frecven\u021b\u0103 redus\u0103<\/h2>\n\n\n\n<hr class=\"wp-block-separator has-alpha-channel-opacity\" \/>\n\n\n\n<details class=\"wp-block-details is-layout-flow wp-block-details-is-layout-flow\"><summary>NAVIGA\u021aIE \u0218I TRANSPORT MARITIM \u0218I FLUVIAL<\/summary>\n<ul class=\"wp-block-list\">\n<li><a href=\"https:\/\/cmu-edu.eu\/calitate\/wp-content\/uploads\/sites\/6\/2026\/03\/chestionar-evaluare-licenta-NTMF-IFR.pdf\">Naviga\u021bie \u0219i transport maritim \u0219i fluvial<\/a><\/li>\n<\/ul>\n<\/details>\n\n\n\n<details class=\"wp-block-details is-layout-flow wp-block-details-is-layout-flow\"><summary>ELECTROMECANIC\u0102 NAVAL\u0102<\/summary>\n<ul class=\"wp-block-list\">\n<li>Electromecanic\u0103 naval\u0103<\/li>\n<\/ul>\n<\/details>\n\n\n\n<details class=\"wp-block-details is-layout-flow wp-block-details-is-layout-flow\"><summary>ELECTROTEHNIC\u0102<\/summary>\n<ul class=\"wp-block-list\">\n<li>Electrotehnic\u0103<\/li>\n<\/ul>\n<\/details>\n\n\n\n<ul class=\"wp-block-list\">\n<li><\/li>\n<\/ul>\n\n\n\n<div style=\"height:129px\" aria-hidden=\"true\" class=\"wp-block-spacer\"><\/div>\n","protected":false},"excerpt":{"rendered":"<p>\u00cenv\u0103\u021b\u0103m\u00e2nt cu frecven\u021b\u0103 \u00cenv\u0103\u021b\u0103m\u00e2nt cu frecven\u021b\u0103 &#8211; limba englez\u0103 \u00cenv\u0103\u021b\u0103m\u00e2nt cu frecven\u021b\u0103 redus\u0103<\/p>\n","protected":false},"author":6,"featured_media":0,"parent":0,"menu_order":0,"comment_status":"closed","ping_status":"closed","template":"","meta":{"neve_meta_sidebar":"","neve_meta_container":"","neve_meta_enable_content_width":"","neve_meta_content_width":0,"neve_meta_title_alignment":"","neve_meta_author_avatar":"","neve_post_elements_order":"","neve_meta_disable_header":"","neve_meta_disable_footer":"","neve_meta_disable_title":"","footnotes":""},"class_list":["post-645","page","type-page","status-publish","hentry"],"_links":{"self":[{"href":"https:\/\/cmu-edu.eu\/calitate\/wp-json\/wp\/v2\/pages\/645","targetHints":{"allow":["GET"]}}],"collection":[{"href":"https:\/\/cmu-edu.eu\/calitate\/wp-json\/wp\/v2\/pages"}],"about":[{"href":"https:\/\/cmu-edu.eu\/calitate\/wp-json\/wp\/v2\/types\/page"}],"author":[{"embeddable":true,"href":"https:\/\/cmu-edu.eu\/calitate\/wp-json\/wp\/v2\/users\/6"}],"replies":[{"embeddable":true,"href":"https:\/\/cmu-edu.eu\/calitate\/wp-json\/wp\/v2\/comments?post=645"}],"version-history":[{"count":7,"href":"https:\/\/cmu-edu.eu\/calitate\/wp-json\/wp\/v2\/pages\/645\/revisions"}],"predecessor-version":[{"id":1360,"href":"https:\/\/cmu-edu.eu\/calitate\/wp-json\/wp\/v2\/pages\/645\/revisions\/1360"}],"wp:attachment":[{"href":"https:\/\/cmu-edu.eu\/calitate\/wp-json\/wp\/v2\/media?parent=645"}],"curies":[{"name":"wp","href":"https:\/\/api.w.org\/{rel}","templated":true}]}}