{"id":8,"date":"2015-05-14T13:59:11","date_gmt":"2015-05-14T13:59:11","guid":{"rendered":"https:\/\/cmu-edu.eu\/calitate\/?page_id=8"},"modified":"2025-02-27T08:13:55","modified_gmt":"2025-02-27T08:13:55","slug":"umc-acces-institutional-la-servicii-de-date","status":"publish","type":"page","link":"https:\/\/cmu-edu.eu\/calitate\/","title":{"rendered":"Asigurarea Calit\u0103\u021bii \u00een Universitatea Maritim\u0103 din Constan\u021ba"},"content":{"rendered":"\n<p>Obiectivul fundamental al conducerii universit\u0103\u021bii \u00een domeniul calit\u0103\u021bii \u00eel constituie implementarea unui Sistem Integrat de Management al Calit\u0103\u021bii bazat pe o politic\u0103, o structur\u0103 organizatoric\u0103 \u015fi o documenta\u021bie care s\u0103 permit\u0103 monitorizarea-evaluarea, interven\u021bia corectiv-preventiv\u0103 \u015fi \u00eembun\u0103t\u0103\u021birea continu\u0103 a calit\u0103\u021bii.<br><br>Pentru \u00eendeplinirea obiectivului propus s-au organizat Comisia de evaluare si asigurare a calit\u0103\u021bii, Compartimentul de asigurare a calit\u0103\u021bii, Compartimentul de audit, grupuri de lucru in Decanate si departamente.<br><br>Comisia de evaluare si asigurare a calit\u0103\u021bii are un Regulament propriu dar respect\u0103 principiul fundamental \u00een domeniul calit\u0103\u021bii \u0219i anume c\u0103 responsabilitatea asigur\u0103rii calit\u0103\u021bii proceselor dintr-o organiza\u021bie \u00eei revine managementului de la cel mai \u00eenalt nivel.<br>La nivelul Decanatelor, Prodecanii au fost desemna\u021bi de c\u0103tre Decan ca fiind responsabili cu asigurarea calit\u0103\u021bii.<br><br>La nivelul fiec\u0103rui departament din facultate a fost numit de c\u0103tre directorul de departament un responsabil pentru asigurarea calit\u0103\u021bii.<\/p>\n\n\n<p style=\"text-align: center;\">\u00a0<\/p>\n<p><img decoding=\"async\" src=\"https:\/\/cmu-edu.eu\/calitate\/wp-content\/uploads\/sites\/6\/2024\/08\/Certificat-ARACIS-_-GRAD-DE-INCREDERE-RIDICAT.jpg\" \/><\/p>","protected":false},"excerpt":{"rendered":"<p>Obiectivul fundamental al conducerii universit\u0103\u021bii \u00een domeniul calit\u0103\u021bii \u00eel constituie implementarea unui Sistem Integrat de Management al Calit\u0103\u021bii bazat pe o politic\u0103, o structur\u0103 organizatoric\u0103 \u015fi o documenta\u021bie care s\u0103 permit\u0103 monitorizarea-evaluarea, interven\u021bia corectiv-preventiv\u0103 \u015fi \u00eembun\u0103t\u0103\u021birea continu\u0103 a calit\u0103\u021bii. Pentru \u00eendeplinirea obiectivului propus s-au organizat Comisia de evaluare si asigurare a calit\u0103\u021bii, Compartimentul de asigurare&hellip;&nbsp;<\/p>\n","protected":false},"author":6,"featured_media":0,"parent":0,"menu_order":0,"comment_status":"closed","ping_status":"closed","template":"","meta":{"neve_meta_sidebar":"","neve_meta_container":"","neve_meta_enable_content_width":"","neve_meta_content_width":0,"neve_meta_title_alignment":"","neve_meta_author_avatar":"","neve_post_elements_order":"","neve_meta_disable_header":"","neve_meta_disable_footer":"","neve_meta_disable_title":"","footnotes":""},"class_list":["post-8","page","type-page","status-publish","hentry"],"_links":{"self":[{"href":"https:\/\/cmu-edu.eu\/calitate\/wp-json\/wp\/v2\/pages\/8","targetHints":{"allow":["GET"]}}],"collection":[{"href":"https:\/\/cmu-edu.eu\/calitate\/wp-json\/wp\/v2\/pages"}],"about":[{"href":"https:\/\/cmu-edu.eu\/calitate\/wp-json\/wp\/v2\/types\/page"}],"author":[{"embeddable":true,"href":"https:\/\/cmu-edu.eu\/calitate\/wp-json\/wp\/v2\/users\/6"}],"replies":[{"embeddable":true,"href":"https:\/\/cmu-edu.eu\/calitate\/wp-json\/wp\/v2\/comments?post=8"}],"version-history":[{"count":37,"href":"https:\/\/cmu-edu.eu\/calitate\/wp-json\/wp\/v2\/pages\/8\/revisions"}],"predecessor-version":[{"id":670,"href":"https:\/\/cmu-edu.eu\/calitate\/wp-json\/wp\/v2\/pages\/8\/revisions\/670"}],"wp:attachment":[{"href":"https:\/\/cmu-edu.eu\/calitate\/wp-json\/wp\/v2\/media?parent=8"}],"curies":[{"name":"wp","href":"https:\/\/api.w.org\/{rel}","templated":true}]}}