{"id":69,"date":"2015-05-30T21:09:21","date_gmt":"2015-05-30T21:09:21","guid":{"rendered":"https:\/\/cmu-edu.eu\/cercetare\/?page_id=69"},"modified":"2026-03-18T12:31:27","modified_gmt":"2026-03-18T09:31:27","slug":"reviste","status":"publish","type":"page","link":"https:\/\/cmu-edu.eu\/cercetare\/reviste\/","title":{"rendered":"Reviste"},"content":{"rendered":"<p>1. <strong><em>Analele Universit\u0103\u0163ii Maritime din Constan\u0163a<\/em><\/strong> \u2013 ISSN 1582-3601, categoria BDI, <a href=\"_wp_link_placeholder\" data-wplink-edit=\"true\">https:\/\/cmu-edu.eu\/anale\/<\/a><\/p>\n<p>\u00cen anul 2000 a aparut primul num\u0103r al revistei \u201cANALELE UNIVERSIT\u0102\u0162II MARITME DIN CONSTAN\u0162A\u201d, \u00een care urmau s\u0103 se publice \u2013 conform recomand\u0103rii colegiul de redac\u0163ie \u2013 \u00een special, rezultatele cercet\u0103rilor cu caracter original ale membrilor corpului didactic al universit\u0103\u0163ii. \u00cenc\u0103 de la primul num\u0103r, revista a con\u0163inut articole at\u00e2t din domeniul maritim, domeniu fundamental specific universit\u0103\u0163ii noastre c\u00e2t \u015fi din domeniile tehnice specifice: inginerie mecanic\u0103, ingineria electric\u0103 \u015fi \u015ftiin\u0163a calculatoarelor, matematic\u0103, fizic\u0103.<\/p>\n<p>Pe parcursul anilor articolele publicate au apar\u0163inut cadrelor didactice din universitatea noastr\u0103, cadrelor didactice din universit\u0103\u0163ile partenere din \u0163ar\u0103 \u015fi din lume dar \u015fi cele mai bune lucr\u0103ri ale studen\u0163ilor sus\u0163inute \u00een cadrul SESIUNII DE COMUNIC\u0102RI \u015eTIIN\u0162IFICE ALE STUDEN\u0162ILOR, manifestare organizat\u0103 de institu\u0163ia noastr\u0103 in fiecare an. Din anul 2009 deoarece manifestarea studen\u0163ilor a devenit o ac\u0163iune cu participare interna\u0163ional\u0103 lucr\u0103rile lor se public\u0103 separat \u00een Buletinul \u015etiin\u0163ific al Studen\u0163ilor UMC.<\/p>\n<p>Nivelul \u015ftiin\u0163ific al publica\u0163iei a fost ridicat pe parcursul anilor prin contribu\u0163ia unor personalit\u0103\u0163i marcante din universit\u0103\u0163ile tehnice din \u0163ara \u015fi din universit\u0103\u0163ile de marin\u0103 recunoscute pe plan mondial. Revista s-a impus repede ob\u0163in\u00e2nd un ridicat prestigiu interna\u0163ional, fapt ce i-a permis schimburi de publica\u0163ii cu alte \u015fcoli din lume sau cu academii, edituri, biblioteci \u015fi alte institu\u0163ii interesate.<\/p>\n<p>Continu\u00e2nd tradi\u0163ia stabilit\u0103 de \u201cANALELE UNIVERSIT\u0102\u0162II MARITME DIN CONSTAN\u0162A\u201d revista \u015fi-a \u00eembog\u0103\u0163it permanent con\u0163inutul \u015fi \u015fi-a ridicat nivelul \u015ftiin\u0163ific contribuind la renumele institu\u0163iei pe care o reprezint\u0103.<\/p>\n<p>Revista \u201cANALELE UNIVERSIT\u0102\u0162II MARITME DIN CONSTAN\u0162A\u201d reprezint\u0103 cartea de vizit\u0103 a Universit\u0103\u0163ii noastre \u015fi are menirea s\u0103 circule \u00een mediile universitare din \u0163ar\u0103, din str\u0103in\u0103tate pentru a face cunoscute rezultatele activit\u0103\u0163ii de cercetare \u015ftiin\u0163ific\u0103 depuse de cadrele didactice din Universitatea Maritim\u0103 din Constan\u0163a \u015fi universit\u0103\u0163ile partenere. Revista este publicat\u0103 o dat\u0103 pe an. Fiecare articol trimis este recenzat de 2 recenzori. Un articol trebuie s\u0103 aib\u0103 dou\u0103 recenzii favorabile pentru a fi publicat. Colectivul editorial al fiec\u0103rei serii include profesori din UMC, din alte universit\u0103\u0163i tehnice din \u0163ar\u0103 precum \u015fi profesori apar\u0163in\u00e2nd unor universit\u0103\u0163i din str\u0103in\u0103tate.<\/p>\n<ol>\n<li><em><strong>Journal of Marine Technology &amp; Environment<\/strong><\/em> \u2013 ISSN 1844-6116, categoria BDI, <a href=\"https:\/\/cmu-edu.eu\/jmte\">https:\/\/cmu-edu.eu\/jmte<\/a><\/li>\n<\/ol>\n\n\n<h3 class=\"wp-block-heading\">Journal of Maritime Transport and Logistics Trends (ISSN 3119 &#8211; 9836)<\/h3>\n\n\n\n<div class=\"wp-block-buttons is-content-justification-center is-layout-flex wp-container-core-buttons-is-layout-16018d1d wp-block-buttons-is-layout-flex\">\n<div class=\"wp-block-button has-custom-width wp-block-button__width-25 is-style-fill\"><a class=\"wp-block-button__link has-white-color has-text-color has-link-color has-custom-font-size wp-element-button\" href=\"https:\/\/cmu-edu.eu\/marilog2025\/wp-content\/uploads\/sites\/32\/2025\/11\/JMTLT-2025-I1-V1.pdf\" style=\"font-size:14px\"><strong>See Journal Vol I 2025<\/strong><\/a><\/div>\n<\/div>\n\n\n\n<details class=\"wp-block-details is-layout-flow wp-block-details-is-layout-flow\"><summary><strong>Descriere<\/strong><\/summary>\n<p>Journal of Maritime Transport and Logistics Trends este o publica\u021bie \u0219tiin\u021bific\u0103 evaluat\u0103 prin proces de peer-review, dedicat\u0103 promov\u0103rii inova\u021biei \u0219i disemin\u0103rii cercet\u0103rii \u00een domeniile transportului maritim, opera\u021biunilor portuare, logisticii \u0219i transform\u0103rii digitale \u00een industria maritim\u0103.<\/p>\n\n\n\n<p>Revista reune\u0219te contribu\u021bii academice \u0219i profesionale rezultate \u00een urma Conferin\u021bei Interna\u021bionale \u201eMaritime Transport and Logistics Trends \u2013 MariLog\u201d, organizat\u0103 anual de Universitatea Maritim\u0103 din Constan\u021ba. Aceasta reprezint\u0103 o platform\u0103 pentru cercet\u0103tori, exper\u021bi din industrie, doctoranzi \u0219i tineri inovatori, oferind un cadru de schimb de idei privind tendin\u021bele emergente \u0219i provoc\u0103rile strategice din domeniu.<\/p>\n\n\n\n<p>Tematicile abordate includ \u2014 f\u0103r\u0103 a se limita la \u2014 practici de transport maritim sustenabil, digitalizarea porturilor, siguran\u021ba maritim\u0103, logistica inteligent\u0103, educa\u021bia \u0219i formarea \u00een domeniul maritim, aplica\u021bii ale inteligen\u021bei artificiale \u0219i tehnologii cuantice.<\/p>\n\n\n\n<p>Revista public\u0103 articole originale, analize comparative, studii de caz \u0219i cercet\u0103ri aplicate, dezvoltate inclusiv \u00een colaborare cu actori din industrie.<\/p>\n\n\n\n<p>Prin vizibilitatea sa interna\u021bional\u0103 \u0219i prin accentul pus pe relevan\u021ba practic\u0103, revista promoveaz\u0103 schimbul de cuno\u0219tin\u021be \u0219i sus\u021bine dezvoltarea sustenabil\u0103 a transportului maritim \u0219i a logisticii.<\/p>\n\n\n\n<p><\/p>\n<\/details>\n","protected":false},"excerpt":{"rendered":"<p>1. Analele Universit\u0103\u0163ii Maritime din Constan\u0163a \u2013 ISSN 1582-3601, categoria BDI, https:\/\/cmu-edu.eu\/anale\/ \u00cen anul 2000 a aparut primul num\u0103r al revistei \u201cANALELE UNIVERSIT\u0102\u0162II MARITME DIN CONSTAN\u0162A\u201d, \u00een care urmau s\u0103 se publice \u2013 conform recomand\u0103rii colegiul de redac\u0163ie \u2013 \u00een special, rezultatele cercet\u0103rilor cu caracter original ale membrilor corpului didactic al universit\u0103\u0163ii. \u00cenc\u0103 de la&#8230;  <a class=\"excerpt-read-more\" href=\"https:\/\/cmu-edu.eu\/cercetare\/reviste\/\" title=\"Read Reviste\">Read more &raquo;<\/a><\/p>\n","protected":false},"author":9,"featured_media":0,"parent":0,"menu_order":0,"comment_status":"closed","ping_status":"closed","template":"","meta":{"footnotes":""},"class_list":["post-69","page","type-page","status-publish","hentry"],"_links":{"self":[{"href":"https:\/\/cmu-edu.eu\/cercetare\/wp-json\/wp\/v2\/pages\/69","targetHints":{"allow":["GET"]}}],"collection":[{"href":"https:\/\/cmu-edu.eu\/cercetare\/wp-json\/wp\/v2\/pages"}],"about":[{"href":"https:\/\/cmu-edu.eu\/cercetare\/wp-json\/wp\/v2\/types\/page"}],"author":[{"embeddable":true,"href":"https:\/\/cmu-edu.eu\/cercetare\/wp-json\/wp\/v2\/users\/9"}],"replies":[{"embeddable":true,"href":"https:\/\/cmu-edu.eu\/cercetare\/wp-json\/wp\/v2\/comments?post=69"}],"version-history":[{"count":9,"href":"https:\/\/cmu-edu.eu\/cercetare\/wp-json\/wp\/v2\/pages\/69\/revisions"}],"predecessor-version":[{"id":717,"href":"https:\/\/cmu-edu.eu\/cercetare\/wp-json\/wp\/v2\/pages\/69\/revisions\/717"}],"wp:attachment":[{"href":"https:\/\/cmu-edu.eu\/cercetare\/wp-json\/wp\/v2\/media?parent=69"}],"curies":[{"name":"wp","href":"https:\/\/api.w.org\/{rel}","templated":true}]}}