{"id":1009,"date":"2021-07-27T06:27:30","date_gmt":"2021-07-27T06:27:30","guid":{"rendered":"https:\/\/cmu-edu.eu\/electromecanica\/?page_id=1009"},"modified":"2025-06-13T14:58:19","modified_gmt":"2025-06-13T14:58:19","slug":"licenta-ipmi","status":"publish","type":"page","link":"https:\/\/cmu-edu.eu\/electromecanica\/programe-de-studii\/licenta-ipmi\/","title":{"rendered":"INGINERIA \u0218I PROTEC\u021aIA MEDIULUI \u00ceN INDUSTRIE"},"content":{"rendered":"<p><div class=\"clearfix ap-row\"><div class=\"ap_column ap-span3\"><h2>INGINERIA \u0218I PROTEC\u021aIA MEDIULUI \u00ceN INDUSTRIE<\/h2>\n<p><iframe loading=\"lazy\" title=\"Specializarea Ingineria  \u0219i Protectia Mediului in Industrie\" width=\"640\" height=\"360\" src=\"https:\/\/www.youtube.com\/embed\/1oTYlTpgvcc?feature=oembed\" frameborder=\"0\" allow=\"accelerometer; autoplay; clipboard-write; encrypted-media; gyroscope; picture-in-picture; web-share\" referrerpolicy=\"strict-origin-when-cross-origin\" allowfullscreen><\/iframe><\/p>\n<p><strong>Ingineria \u0219i Protec\u021bia Mediului \u00een Industrie<\/strong> \u00eenseamn\u0103 o specializare a tehnologiilor aplicate, care prin integrarea de cuno\u0219tin\u021be tehnico-\u0219tiin\u021bifice abordeaz\u0103 \u0219i rezolv\u0103 probleme de conservare a energiei \u0219i mediului natural, de produc\u021bie activ\u0103, de control al de\u0219eurilor. Specificul specializarii implic\u0103 aprofundarea unor cuno\u0219tin\u021be pe Ingineria mediului, \u00een Industrie, adic\u0103 pe managementul apelor uzate, combaterea polu\u0103rii aerului, controlul, reciclarea \u0219i eliminarea de\u0219eurilor, protec\u021bia \u00eempotriva radia\u021bilor, igiena industrial\u0103, studii privind impactul asupra mediului al proiectelor de construc\u021bie propuse, managementul riscului cu aplicabilitate pe mediu. Totodata, absolven\u021bii de la aceast\u0103 specializare pot s\u0103 se angajeze ca <strong>\u201cOfi\u021ber de mediu\u201d<\/strong> la bordul navelor de croazier\u0103 imediat dupa absolvire.<\/p>\n<p><strong>Misiunea specializ\u0103rii Ingineria si protectia mediului in industrie este didactic\u0103 \u015fi \u015ftiin\u0163ific\u0103<\/strong> &#8211; \u00een concordan\u0163\u0103 cu cea a Universitatii Maritime Constanta, de formare a tinerilor speciali\u015fti pentru \u00eencadrare pe pia\u0163a muncii: \u00een adaptarea proceselor de produc\u0163ie \u00een concordan\u0163\u0103 cu principiile dezvolt\u0103rii durabile, cercetarea \u015ftiin\u0163ific\u0103 \u015fi tehnologic\u0103, servicii de consultan\u0163\u0103 \u015fi expertiz\u0103, inclusiv \u00een \u00eenv\u0103\u0163\u0103m\u00e2nt. Se urmareste promovarea unui \u00eenv\u0103\u0163\u0103m\u00e2nt tehnic superior,flexibil, interactiv \u015fi continuu, competitiv pe plan european si mondial.\n<a class=\"but2\" href=\"https:\/\/cmu-edu.eu\/electromecanica\/wp-content\/uploads\/sites\/19\/2025\/03\/FLAIER-Ingineria-Mediului.pdf\">Descarca Pliant<\/a><\/div>\n<div class=\"ap_column ap-span3\"><h2>CE STUDIEZI<\/h2>\n<p>Curricula interdisciplinar\u0103 este aliniat\u0103 standardelor interna\u021bionale de prevenire a poluarii mediului \u0219i de dezvoltare durabil\u0103, contribuind la formarea de competen\u021bele tehnice \u0219i manageriale pentru o carier\u0103 de succes.\nOrele de aplica\u0163ii corespunz\u0103toare disciplinelor studiate de c\u0103tre studen\u0163ii specializ\u0103rii \u201cIngineria \u015fi Protec\u0163ia Mediului \u00een Industrie\u201d se desf\u0103\u015foar\u0103 \u00een spa\u0163ii moderne: laborator multifunc\u0163ional de Ingineria mediului, laborator de Tehnici de epurare ape uzate, laborator Mecanica Fluidelor , Hidraulica si Masini Hidraulice, laborator de Biodiversitate, Hidrobiologie, Ecotoxicologie, laborator pentru Energii neconven\u0163ionale, Laborator de Managementul riscurilor \u015fi Simulator pentru situa\u0163ii de urgen\u0163\u0103 PISCES II.<\/p>\n<h3>Competen\u0163e generale \u015fi profesionale dezvoltate prin curricula interdisciplinar\u0103<\/h3>\n<ul class=\"lista-doi\">\n<li>Explicarea mecanismelor, proceselor \u015fi efectelor de origine antropic\u0103 sau natural\u0103 care determin\u0103 \u015fi influen\u0163eaz\u0103 poluarea mediului<\/li>\n<li>Gestionarea \u015fi solu\u0163ionarea problemelor specifice de mediu pentru dezvoltarea durabil\u0103<\/li>\n<li>Aplicarea principiilor operationale pentru diverse fluxuri tehnologice ce vizeaza procesele de mediu<\/li>\n<li>Aplicarea principiilor generale de calcul tehnologic<\/li>\n<li>Elaborarea \u015fi exploatarea sistemelor de monitorizare a poluan\u0163ilor<\/li>\n<li>Controlul calit\u0103\u0163ii mediului, evaluarea impactului \u015fi a riscului \u015fi elaborarea de variante tehnologice cu impact redus asupra mediului \u00een concordan\u0163\u0103 cu cerin\u0163ele BAT\/BREF \u015fi cu legisla\u0163ia \u00een vigoare<\/li>\n<\/ul>\n<p>Planul de \u00eenv\u0103\u0163\u0103m\u00e2nt al specializ\u0103rii de studii universitare de licent\u0103 Ingineria \u0219i Protec\u021bia Mediului \u00een Industrie sugereaz\u0103 obiectivul de \u00eenv\u0103\u0163\u0103m\u00e2nt general: profesionalizarea inginerilor pentru a dob\u00e2ndi competen\u0163e \u00een noi ocupatii din industrie.\n<hr class=\"ap-spacing\" style=\"height:10px\"\/>\n<a class=\"but1\" href=\"https:\/\/cmu-edu.eu\/electromecanica\/wp-content\/uploads\/sites\/19\/2024\/05\/Plan-inv-MD_IF_Redacted.pdf\">Descarc\u0103 planul de \u00eenv\u0103\u021b\u0103m\u00e2nt<\/a><\/div><\/div><br \/>\n<a href=\"https:\/\/cmu-edu.eu\/electromecanica\/wp-content\/uploads\/sites\/19\/2021\/01\/banner-IPMI-2.jpg\"><img loading=\"lazy\" decoding=\"async\" class=\"aligncenter size-full wp-image-463\" src=\"https:\/\/cmu-edu.eu\/electromecanica\/wp-content\/uploads\/sites\/19\/2021\/01\/banner-IPMI-2.jpg\" alt=\"\" width=\"1920\" height=\"542\" \/><\/a><\/p>\n<div style=\"background-color: #f5f5f5; padding: 10px; text-align: center;\">\n<h1 style=\"padding-bottom: 30px;\">BENEFICII<\/h1>\n<p><div class=\"clearfix ap-row\"><div class=\"ap_column ap-span2\"><div style=\"background-color: #ffffff; padding: 10px; margin: 10px; height: 260px;\">\n<h3>Recunoa\u0219tere interna\u021bional\u0103<\/h3>\n<p>Diploma de licenta este recunoscut\u0103 interna\u021bional, oferindu-\u021bi posibilitatea de angajare oriunde \u00een lume.<\/p>\n<\/div><\/div>\n<div class=\"ap_column ap-span2\"><div style=\"background-color: #ffffff; padding: 10px; margin: 10px; height: 260px;\">\n<h3>Flexibilitate<\/h3>\n<p>Dac\u0103 pe parcursul studiilor universitare \u00ee\u021bi desf\u0103\u0219ori stagiul de practic\u0103 in orice ramur\u0103 din economie, \u00een \u021bar\u0103 sau \u00een str\u0103in\u0103tate, \u00ee\u021bi oferim posibilitatea de a studia online pe campusul virtual. Vei beneficiade examinarea online \u0219i \u00ee\u021bi po\u021bi programa \u0219i sus\u021bine examenele de acolo de unde e\u0219ti!<\/p>\n<\/div><\/div>\n<div class=\"ap_column ap-span2\"><div style=\"background-color: #ffffff; padding: 10px; margin: 10px; height: 260px;\">\n<h3>Oportunit\u0103\u021bi de studiu \u00een str\u0103in\u0103tate<\/h3>\n<p>Mul\u021bi dintre studen\u021bii no\u0219tri aleg s\u0103 studieze un semestru la una dintre facult\u0103\u021bile partenere, beneficiind de bursa ERASMUS.<\/p>\n<\/div><\/div><\/div><br \/>\n<div class=\"clearfix ap-row\"><div class=\"ap_column ap-span3\"><div style=\"background-color: #ffffff; padding: 10px; margin: 10px; height: 200px;\">\n<h3>Alternative<\/h3>\n<p>To\u021bi absolven\u021bii no\u0219tri pot alege \u00eentre o carier\u0103: pe mare, ca <strong>Ofi\u021ber de mediu<\/strong>, sau pe uscat.<\/p>\n<\/div><\/div><\/p>\n<div class=\"ap_column ap-span3\"><div style=\"background-color: #ffffff; padding: 10px; margin: 10px; height: 200px;\">\n<h3>Tehnologii moderne<\/h3>\n<p>Domeniul Ingineria si protectia mediului in industrie este in stransa corelatie cu domeniul ICT care c\u00e2\u0219tig\u0103 din ce \u00een ce mai mult teren, iar sectorul de mediu \u021bine pasul cu acest trend. Vei lucra pe cele mai moderne simulatoare de monitorizare a factorilor de mediu \u0219i de risc de mediu, precum \u0219i pe programe operationale, specifice at\u00e2t pentru uscat, c\u00e2t \u0219i pentru mare.<\/p>\n<\/div><\/div><\/div><\/p>\n<h3 style=\"text-align: left;\">Aprofundarea Studiilor<\/h3>\n<p style=\"text-align: left;\">Posibilitate de continuare a studiilor, absolven\u021bii pot aprofunda cuno\u015ftin\u0163ele dob\u00e2ndite prin studii de masterat de cercetare \u0219tiin\u021bific\u0103 (\u00een rom\u00e2n\u0103) \u00een domeniul <strong>Ingineriei \u0219i Protec\u021biei Mediului \u00een Industrie<\/strong>. Conturarea inginerului specialist destinat Ingineriei \u0219i Protec\u021biei Mediului \u00een Industrie \u015fi cu posibilitatea de a accede \u00een orice ramur\u0103 a economiei interne si interna\u021bionale, dup\u0103 preg\u0103tirea \u015fi sus\u0163inerea examenelor impuse de legisla\u0163ie.<\/p>\n<h3 style=\"text-align: left;\">Practic\u0103 inginereasca<\/h3>\n<p>S-au \u00eencheiat parteneriate intre companii de profil si universitate, oferind studen\u021bilor \u0219ansa de a efectua stagiul de practic\u0103 \u00eentr-un cadru diversificat. Mul\u021bi studen\u021bi opteaz\u0103 \u015fi pentru practic\u0103 la bordul navei.<\/p>\n<ul class=\"lista-doi\" style=\"text-align: left;\">\n<li><strong>ANUL DOI \u0218I TREI: <\/strong><em>Profesionalizarea \u00een domeniul ingineriei mediului in industrie, prin dob\u00e2ndirea competen\u0163elor inginere\u015fti de specialitate \u015fi manageriale ce vizeaz\u0103 preponderent ingineria mediului.<\/em><\/li>\n<li><strong>ANUL PATRU: <\/strong><em>Conturarea inginerului specialist, prin finalizarea preg\u0103tirii profesionale de specialitate \u015fi managerial. Dob\u00e2ndirea competen\u0163elor de cercetare-dezvoltare-inovare \u00een domeniul ingineriei mediului. Elaborarea Lucr\u0103rii de Licen\u0163\u0103. Preg\u0103tirea \u015fi sus\u0163inerea Examenului de Licen\u0163\u0103.<\/em><\/li>\n<\/ul>\n<h3 style=\"text-align: left; margin-top: 20px;\">Practic\u0103 a sigurat\u0103 la companii de profil partenere:<\/h3>\n<ul class=\"lista-doi\" style=\"text-align: left;\">\n<li>Institutul National de Cercetare \u2013 Dezvoltare pentru Geologie si Geoecologie Marina-GeoEcoMar<\/li>\n<li>R.A.J.A. Constanta<\/li>\n<li>ABA Dobrogea Litoral<\/li>\n<li>Agentia de Protectie a Mediului Constanta<\/li>\n<li>Institutul Na\u021bional de Cercetare-Dezvoltare Marin\u0103 \u201cGrigore Antipa\u201d Constan\u021ba<\/li>\n<li>Oficiul de Studii Pedologice si Agrochimice Constanta<\/li>\n<li>Complexul Muzeal de \u015etiin\u0163e ale Naturii din Constan\u0163a<\/li>\n<li>Santierul de la Ecluza Agigea<\/li>\n<\/ul>\n<\/div>\n<div style=\"background-color: #ffcb74; padding: 10px;\">\n<h2>OPORTUNIT\u0102\u021aI DE CARIER\u0102<\/h2>\n<p>Competen\u0163ele dobandite pana la absolvirea studiilor permit absolven\u0163ilor s\u0103 se incadreze pe pia\u0163a muncii in diverse domenii, deoarece aspectele privind ingineria si protec\u0163ia mediului sunt pregnante in intreaga industrie. Bazinul M\u0103rii Negre, precum si porturile Canalului Dunare-Marea Neagr\u0103, constituie o alta oportunitate de angajare pentru absoven\u0163ii de la specializarea Ingineria si protectia mediului in industrie.<br \/>\nAbsolven\u021bii programului de studii Ingineria \u0219i Protec\u021bia Mediului \u00een Industrie pot ocupa func\u021bii de <strong>Ofi\u0163er Mediu<\/strong> sau diverse alte posturi \u00een industria mediului si maritim\u0103, printre care:<\/p>\n<ul>\n<li>Analist de mediu,<\/li>\n<li>Auditor de mediu,<\/li>\n<li>Inginer de cercetare \u00een ingineria sanitara si protectia mediului,<\/li>\n<li>Inspector protectia mediului,<\/li>\n<li>Monitor mediul \u00eenconjurator,<\/li>\n<li>Expert pentru prevenirea si reducerea riscurilor tehnologice,<\/li>\n<li>Specialist \u00een managementul deseurilor,<\/li>\n<li>Evaluator de mediu,<\/li>\n<li>Inginer de cercetare \u00een ingineria mediului,<\/li>\n<li>Asistent de cercetare \u00een ingineria mediului.<\/li>\n<\/ul>\n<\/div>\n<div style=\"background-color: #f5f5f5; padding: 10px;\">\n<p>Preg\u0103tirea tehnico-inginereasc\u0103 \u015fi complementar\u0103, recunoscut\u0103 pe plan na\u0163ional \u015fi interna\u0163ional, ofer\u0103 posibilitatea asimil\u0103rii, la nevoie, a absolven\u0163ilor specializ\u0103rii, \u00een domenii conexe din economia na\u0163ional\u0103, inclusiv ca personal ambarcat pe nave speciale.<\/p>\n<p><strong>Specializarea de studii universitare, <\/strong><strong><em>Ingineria <\/em><\/strong><strong><em>\u0219<\/em><\/strong><strong><em>i <\/em><\/strong><strong><em>P<\/em><\/strong><strong><em>rotec<\/em><\/strong><strong><em>\u021b<\/em><\/strong><strong><em>ia <\/em><\/strong><strong><em>M<\/em><\/strong><strong><em>ediului <\/em><\/strong><strong><em>\u00ee<\/em><\/strong><strong><em>n <\/em><\/strong><strong><em>I<\/em><\/strong><strong><em>ndustrie<\/em><\/strong><strong>,<\/strong><strong> specializarea integrat\u0103 \u00een structura Facult\u0103\u0163ii de Electromecanic\u0103 Naval\u0103, <\/strong>asigur\u0103 formarea \u015fi perfec\u0163ionarea speciali\u015ftilor cu studii tehnice superioare pentru nevoile complete (cercetare, proiectare, construc\u0163ie, exploatare \u015fi mentenan\u0163\u0103) ale ingineriei mediului si ingineriei navale, respectiv pentru unele nevoi par\u0163iale ale domeniilor conexe (inginerie industrial\u0103, inginerie mecanic\u0103, inginerie \u015fi management), pe plan local \u015fi na\u0163ional, prin \u00eenv\u0103\u0163\u0103m\u00e2nt universitar construit pe criteriile de performan\u0163\u0103 ale sistemului european.<\/p>\n<\/div>\n<p><a class=\"animation-but\" href=\"https:\/\/cmu-edu.eu\/admitere\/\" target=\"_blank\" rel=\"noopener\">Admitere<\/a><\/p>\n","protected":false},"excerpt":{"rendered":"<p>BENEFICII Aprofundarea Studiilor Posibilitate de continuare a studiilor, absolven\u021bii pot aprofunda cuno\u015ftin\u0163ele dob\u00e2ndite prin studii de masterat de cercetare \u0219tiin\u021bific\u0103 (\u00een rom\u00e2n\u0103) \u00een domeniul Ingineriei \u0219i Protec\u021biei Mediului \u00een Industrie. Conturarea inginerului specialist destinat Ingineriei \u0219i Protec\u021biei Mediului \u00een Industrie \u015fi cu posibilitatea de a accede \u00een orice ramur\u0103 a economiei interne si interna\u021bionale, dup\u0103 [&hellip;]<\/p>\n","protected":false},"author":4,"featured_media":0,"parent":9,"menu_order":0,"comment_status":"closed","ping_status":"closed","template":"","meta":{"footnotes":""},"class_list":["post-1009","page","type-page","status-publish","hentry"],"_links":{"self":[{"href":"https:\/\/cmu-edu.eu\/electromecanica\/wp-json\/wp\/v2\/pages\/1009","targetHints":{"allow":["GET"]}}],"collection":[{"href":"https:\/\/cmu-edu.eu\/electromecanica\/wp-json\/wp\/v2\/pages"}],"about":[{"href":"https:\/\/cmu-edu.eu\/electromecanica\/wp-json\/wp\/v2\/types\/page"}],"author":[{"embeddable":true,"href":"https:\/\/cmu-edu.eu\/electromecanica\/wp-json\/wp\/v2\/users\/4"}],"replies":[{"embeddable":true,"href":"https:\/\/cmu-edu.eu\/electromecanica\/wp-json\/wp\/v2\/comments?post=1009"}],"version-history":[{"count":21,"href":"https:\/\/cmu-edu.eu\/electromecanica\/wp-json\/wp\/v2\/pages\/1009\/revisions"}],"predecessor-version":[{"id":1729,"href":"https:\/\/cmu-edu.eu\/electromecanica\/wp-json\/wp\/v2\/pages\/1009\/revisions\/1729"}],"up":[{"embeddable":true,"href":"https:\/\/cmu-edu.eu\/electromecanica\/wp-json\/wp\/v2\/pages\/9"}],"wp:attachment":[{"href":"https:\/\/cmu-edu.eu\/electromecanica\/wp-json\/wp\/v2\/media?parent=1009"}],"curies":[{"name":"wp","href":"https:\/\/api.w.org\/{rel}","templated":true}]}}