{"id":1232,"date":"2022-07-01T09:55:08","date_gmt":"2022-07-01T09:55:08","guid":{"rendered":"https:\/\/cmu-edu.eu\/electromecanica\/?page_id=1232"},"modified":"2022-07-01T09:56:54","modified_gmt":"2022-07-01T09:56:54","slug":"diplomele-de-doctor-acordate-in-romania-si-in-republica-moldova","status":"publish","type":"page","link":"https:\/\/cmu-edu.eu\/electromecanica\/diplomele-de-doctor-acordate-in-romania-si-in-republica-moldova\/","title":{"rendered":"Diplomele de doctor acordate \u00een Rom\u00e2nia \u0219i \u00een Republica Moldova"},"content":{"rendered":"<p class=\"yiv0226989955ydp6a5f4febyiv3070981605MsoNormal\"><span lang=\"RO\">Conform\u00a0<i>Acordului \u00eentre Guvernul Rom\u00e2niei \u0219i Guvernul Republicii Moldova privind recunoa\u0219terea reciproc\u0103 a diplomelor, certificatelor \u0219i titlurilor \u0219tiin\u021bifice, ratificat prin Legea nr. 174\/2022 pentru ratificarea Acordului dintre Guvernul Rom\u00e2niei \u0219i Guvernul Republicii Moldova privind recunoa\u0219terea reciproc\u0103 a diplomelor, certificatelor \u0219i titlurilor \u0219tiin\u021bifice, semnat la Bucure\u0219ti la 23 noiembrie 2021,\u00a0<\/i>diplomele de doctor acordate \u00een Rom\u00e2nia \u0219i \u00een Republica Moldova se recunosc reciproc pe teritoriul statului celeilalte P\u0103r\u021bi pe baza \u00eendeplinirii procedurilor na\u021bionale de atestare a titlurilor de doctor, aplicabile propriilor cet\u0103\u021beni, conform legisla\u021biei \u00een vigoare pe teritoriul statului fiec\u0103rei p\u0103r\u021bi.<\/span><\/p>\n<p class=\"yiv0226989955ydp6a5f4febyiv3070981605MsoNormal\"><span lang=\"RO\">\u00cen concluzie, dispozi\u021biile legale \u00een vigoare permit recunoa\u0219terea diplomei de doctor ob\u021binut\u0103 \u00een Republica Moldova numai dup\u0103 \u00eendeplinirea procedurii aplicabil\u0103 propriilor cet\u0103\u021beni de statul rom\u00e2n, pe teritoriul c\u0103ruia s-a solicitat recunoa\u0219terea, \u00een acord cu prevederile Legii nr. 1\/2011, cu modific\u0103rile \u0219i complet\u0103rile ulterioare, respectiv evaluarea de c\u0103tre comisiile de specialitate ale Consiliului Na\u021bional de Atestare a Titlurilor, Diplomelor \u0219i Certificatelor Universitare (CNATDCU).<\/span><\/p>\n<p class=\"yiv0226989955ydp6a5f4febyiv3070981605MsoNormal\"><span lang=\"RO\">Dup\u0103 cum cunoa\u0219te\u021bi,\u00a0<\/span><span lang=\"RO\">\u00een baza prevederilor OMENCS nr. 5923\/2016, institu\u021biile acreditate de \u00eenv\u0103\u021b\u0103m\u00e2nt superior sau unit\u0103\u021bile \u0219i institu\u021biile de drept public \u0219i drept privat cuprinse, conform normelor legale, \u00een sistemul na\u021bional de cercetare-dezvoltare recunosc diploma de doctor \u0219i titlul de doctor \u00een \u0219tiin\u021be sau \u00eentr-un domeniu profesional ob\u021binute \u00een str\u0103in\u0103tate \u00een scopul \u00eenscrierii la programele postuniversitare, ob\u021binerii abilit\u0103rii, ocup\u0103rii unei func\u021bii didactice sau de cercetare \u00een cadrul uneia din institu\u021biile sau unit\u0103\u021bile men\u021bionate anterior.<\/span><\/p>\n<p class=\"yiv0226989955ydp6a5f4febyiv3070981605MsoNormal\"><span lang=\"RO\">Potrivit prevederilor aceluia\u0219i ordin, C.N.R.E.D. recunoa\u0219te diplomele de doctor ob\u021binute la institu\u021bii acreditate de \u00eenv\u0103\u021b\u0103m\u00e2nt superior sau de cercetare-dezvoltare din str\u0103in\u0103tate, \u00een alte scopuri dec\u00e2t cele prev\u0103zute pentru universit\u0103\u021bi si diplomele de doctor ob\u021binute la universit\u0103\u0163i din statele ter\u0163e, altele dec\u00e2t cele prev\u0103zute \u00een\u00a0<\/span><a href=\"https:\/\/www.cnred.edu.ro\/ro\/universitati-de-top\" target=\"_blank\" rel=\"nofollow noopener noreferrer\"><span lang=\"RO\">Lista universit\u0103\u021bilor de prestigiu din alte state<\/span><\/a><span lang=\"RO\">\u00a0(<\/span><a href=\"https:\/\/cnred.edu.ro\/ro\/recunoasterea-diplomei-de-doctor-si-a-titlului-de-doctor-in-stiinte-sau-intr-un-domeniu-profesional\" target=\"_blank\" rel=\"nofollow noopener noreferrer\"><span lang=\"RO\">https:\/\/cnred.edu.ro\/ro\/recunoasterea-diplomei-de-doctor-si-a-titlului-de-doctor-in-stiinte-sau-intr-un-domeniu-profesional<\/span><\/a><span lang=\"RO\">).<\/span><\/p>\n","protected":false},"excerpt":{"rendered":"<p>Conform\u00a0Acordului \u00eentre Guvernul Rom\u00e2niei \u0219i Guvernul Republicii Moldova privind recunoa\u0219terea reciproc\u0103 a diplomelor, certificatelor \u0219i titlurilor \u0219tiin\u021bifice, ratificat prin Legea nr. 174\/2022 pentru ratificarea Acordului dintre Guvernul Rom\u00e2niei \u0219i Guvernul Republicii Moldova privind recunoa\u0219terea reciproc\u0103 a diplomelor, certificatelor \u0219i titlurilor \u0219tiin\u021bifice, semnat la Bucure\u0219ti la 23 noiembrie 2021,\u00a0diplomele de doctor acordate \u00een Rom\u00e2nia \u0219i \u00een [&hellip;]<\/p>\n","protected":false},"author":4,"featured_media":0,"parent":0,"menu_order":0,"comment_status":"closed","ping_status":"closed","template":"","meta":{"footnotes":""},"class_list":["post-1232","page","type-page","status-publish","hentry"],"_links":{"self":[{"href":"https:\/\/cmu-edu.eu\/electromecanica\/wp-json\/wp\/v2\/pages\/1232","targetHints":{"allow":["GET"]}}],"collection":[{"href":"https:\/\/cmu-edu.eu\/electromecanica\/wp-json\/wp\/v2\/pages"}],"about":[{"href":"https:\/\/cmu-edu.eu\/electromecanica\/wp-json\/wp\/v2\/types\/page"}],"author":[{"embeddable":true,"href":"https:\/\/cmu-edu.eu\/electromecanica\/wp-json\/wp\/v2\/users\/4"}],"replies":[{"embeddable":true,"href":"https:\/\/cmu-edu.eu\/electromecanica\/wp-json\/wp\/v2\/comments?post=1232"}],"version-history":[{"count":2,"href":"https:\/\/cmu-edu.eu\/electromecanica\/wp-json\/wp\/v2\/pages\/1232\/revisions"}],"predecessor-version":[{"id":1236,"href":"https:\/\/cmu-edu.eu\/electromecanica\/wp-json\/wp\/v2\/pages\/1232\/revisions\/1236"}],"wp:attachment":[{"href":"https:\/\/cmu-edu.eu\/electromecanica\/wp-json\/wp\/v2\/media?parent=1232"}],"curies":[{"name":"wp","href":"https:\/\/api.w.org\/{rel}","templated":true}]}}