{"id":657,"date":"2020-07-06T07:08:23","date_gmt":"2020-07-06T07:08:23","guid":{"rendered":"https:\/\/cmu-edu.eu\/electromecanica\/?page_id=657"},"modified":"2025-06-13T09:05:21","modified_gmt":"2025-06-13T09:05:21","slug":"electromecanica-navala","status":"publish","type":"page","link":"https:\/\/cmu-edu.eu\/electromecanica\/electromecanica-navala\/","title":{"rendered":"Electromecanic\u0103 Naval\u0103"},"content":{"rendered":"<p><iframe loading=\"lazy\" title=\"Specializarea Electromecanica\u0306 Navala\u0306\" width=\"640\" height=\"360\" src=\"https:\/\/www.youtube.com\/embed\/wzYxWciRbJU?feature=oembed\" frameborder=\"0\" allow=\"accelerometer; autoplay; clipboard-write; encrypted-media; gyroscope; picture-in-picture; web-share\" referrerpolicy=\"strict-origin-when-cross-origin\" allowfullscreen><\/iframe><\/p>\n<div class=\"clearfix ap-row\"><div class=\"ap_column ap-span3\"><h2>Electromecanic\u0103<\/h2>\n<p>Sectorul maritim constituie un factor cheie pentru societatea modern\u0103. Acest sector are un rol esen\u021bial \u00een ceea ce prive\u0219te dezvoltarea social\u0103 &amp; economic\u0103 \u0219i este o surs\u0103 poten\u021bial\u0103 de oportunit\u0103\u021bi excelente de angajare &amp; carier\u0103 pentru c\u00e2teva milioane de persoane care lucreaz\u0103 \u00een prezent \u00een activit\u0103\u021bi \u0219i companii conexe domeniului maritim din \u00eentreaga lume.<\/p>\n<p>Industria maritim\u0103 include furnizarea de bunuri \u0219i servicii din sectorul maritim, al \u0219antierelor navale, al construc\u021biei de nave, al porturilor, infrastructurii.Potrivit statisticilor Koncept Analytics, transportul maritim este ramura dominant\u0103 a sectoarelor de transport \u00een ceea ce prive\u0219te dimensiunea.<\/p>\n<p>Programul de studii Electromecanica Navala se adreseaz\u0103 celor care doresc s\u0103 urmeze o carier\u0103 \u00een domeniul maritim-portuar sau \u00een sectoarele conexe.<\/p>\n<p>Programul are o durata de 4 ani \u0219i este astfel conceput \u00eenc\u00e2t s\u0103 confere absolven\u021bilor competen\u021be inginere\u0219ti specifice \u0219i de specialitate, corespunz\u0103toare cerin\u0163elor economiei maritime interna\u021bionale. Absolven\u021bii vor dob\u00e2ndi astfel nivelul de cunoa\u015ftere \u015ftiin\u0163ific\u0103, inginereasc\u0103 \u0219i managerial\u0103 dar \u0219i deprinderile practice adecvate nevoilor actuale \u015fi de perspectiv\u0103 pentru industria de transport naval, respectiv industria de construc\u0163ii de nave fluviale, maritime \u015fi offshore.<\/p><\/div>\n<div class=\"ap_column ap-span3\"><h2>CE STUDIEZI<\/h2>\n<p>Curricula interdisciplinar\u0103 este aliniat\u0103 standardelor interna\u021bionale STCW (Standards of Training, Certification and Watchkeeping),pe baza modelului de curs IMO 7.02 si 7.04 (International Maritime Organization) \u0219i este certificat\u0103 de ANR (Autoritatea Naval\u0103 Rom\u00e2n\u0103) pentru a contribui la formarea de competen\u021bele tehnice \u0219i manageriale pentru o carier\u0103 de succes.\n<a class=\"but2\" href=\"https:\/\/cmu-edu.eu\/electromecanica\/wp-content\/uploads\/sites\/19\/2025\/03\/FLAIER-ELECTROMECANICA.pdf\">Descarca Pliant<\/a><\/p>\n<ul class=\"lista-doi\">\n<li>Discipline ce vizeaz\u0103 mediul de naviga\u0163ie \u015fi comportamentul corpului navei ca suport al instala\u0163iilor, sistemelor \u015fi echipamentelor de la bordul acestuia.<\/li>\n<li>Discipline ce vizeaz\u0103 preponderent, ma\u015finile, instala\u0163iile, sistemele \u015fi echipamentele de bord, continuarea form\u0103rii deprinderilor practice \u00een specialitate viz\u00e2ndu-se at\u00e2t construc\u0163ia c\u00e2t \u015fi exploatarea naval\u0103.<\/li>\n<li>Discipline ce vizeaz\u0103 preponderent, ma\u015finile, instala\u0163iile, sistemele \u015fi echipamentele de bord, ini\u0163ierea \u00een managementul \u015fi marketingul naval, finalizarea form\u0103rii deprinderilor de proiectare \u015fi practice de specialitate, preg\u0103tirea \u015fi sus\u0163inerea examenului de diplom\u0103<\/li>\n<\/ul>\n<p><a class=\"but1\" href=\"https:\/\/cmu-edu.eu\/electromecanica\/wp-content\/uploads\/sites\/19\/2024\/05\/Plan-inv-EM_if_Redacted.pdf\">Descarc\u0103 planul de \u00eenv\u0103\u021b\u0103m\u00e2nt<\/a>\n<a class=\"but2\" href=\"https:\/\/cmu-edu.eu\/en\/wp-content\/uploads\/sites\/7\/2024\/07\/curricculum-EM_ENG.pdf\">Descarc\u0103 planul de \u00eenv\u0103\u021b\u0103m\u00e2nt lb. Englez\u0103<\/a><\/div><\/div>\n<div style=\"background-color: #f5f5f5; padding: 10px; text-align: center;\">\n<h1 style=\"padding-bottom: 30px;\">BENEFICII<\/h1>\n<p><div class=\"clearfix ap-row\"><div class=\"ap_column ap-span2\"><div style=\"background-color: #ffffff; padding: 10px; margin: 10px; height: 260px;\">\n<h3>Recunoa\u0219tere interna\u021bional\u0103.<\/h3>\n<p>Diploma de inginer \u0219i brevetul de ofi\u021ber sunt recunoscute interna\u021bional, oferindu-\u021bi posibilitatea de angajare oriunde \u00een lume.<\/p>\n<\/div><\/div>\n<div class=\"ap_column ap-span2\"><div style=\"background-color: #ffffff; padding: 10px; margin: 10px; height: 260px;\">\n<h3>Flexibilitate<\/h3>\n<p>Dac\u0103 pe parcursul studiilor universitare \u00ee\u021bi desf\u0103\u0219ori stagiul de practic\u0103 la bordul navei, \u00ee\u021bi oferim posibilitatea de a studia online pe campusul virtual. Vei beneficia de sesiune deschis\u0103 \u0219i \u00ee\u021bi po\u021bi reprograma \u0219i sus\u021bine examenele la \u00eentoarcerea \u00een \u021bar\u0103.<\/p>\n<\/div><\/div>\n<div class=\"ap_column ap-span2\"><div style=\"background-color: #ffffff; padding: 10px; margin: 10px; height: 260px;\">\n<h3>Oportunit\u0103\u021bi de studiu \u00een str\u0103in\u0103tate<\/h3>\n<p>Mul\u021bi dintre studen\u021bii no\u0219tri aleg s\u0103 studieze un semestru la una dintre facult\u0103\u021bile partenere, beneficiind de bursa ERASMUS.<\/p>\n<\/div><\/div><\/div><br \/>\n<div class=\"clearfix ap-row\"><div class=\"ap_column ap-span2\"><div style=\"background-color: #ffffff; padding: 10px; margin: 10px; height: 260px;\">\n<h3>Alternative.<\/h3>\n<p>To\u021bi absolven\u021bii no\u0219tri pot alege \u00eentre o carier\u0103 pe mare sau pe uscat.<\/p>\n<\/div><\/div>\n<div class=\"ap_column ap-span2\"><div style=\"background-color: #ffffff; padding: 10px; margin: 10px; height: 260px;\">\n<h3>Tehnologie moderne<\/h3>\n<p>Domeniul ICT c\u00e2\u0219tig\u0103 din ce \u00een ce mai mult teren iar sectorul maritim \u021bine pasul cu acest trend. Vei lucra pe cele mai moderne simulatoare de naviga\u0163ie.<\/p>\n<\/div><\/div>\n<div class=\"ap_column ap-span2\"><div style=\"background-color: #ffffff; padding: 10px; margin: 10px; height: 260px;\">\n<h3>Practic\u0103 la bord<\/h3>\n<p>Peste 20 de companii de crewing au \u00eenchieat parteneriate cu universitatea, oferind studen\u021bilor \u0219ansa de a efectua stagiul de practic\u0103 \u00eentr-un cadru multicultural. Peste 150 de studen\u021bi sunt anual \u00een voiaje.<\/p>\n<\/div><\/div><\/div><\/p>\n<div style=\"background-color: #ffffff; padding: 10px; margin: 10px;\">\n<h3>Practic\u0103 marin\u0103reasc\u0103<\/h3>\n<p>Anii doi si trei de facultate iti vor oferi cadrul perfect pentru consolidarea cuno\u0219tin\u021belorteoretice \u015fi pentru formarea abilit\u0103\u021bilor, spre a le aplica \u00een concordan\u021b\u0103 cu specializarea pentru care esti instruit, la diversi agenti economici din zona portuara cu care universitatea are incheiate parteneriatesi in laboratoarele de specialitate din universitate.<\/p>\n<\/div>\n<\/div>\n<div class=\"clearfix ap-row\"><div class=\"ap_column ap-span6\"><a href=\"https:\/\/cmu-edu.eu\/electromecanica\/wp-content\/uploads\/sites\/19\/2020\/07\/banner-em.jpg\"><img loading=\"lazy\" decoding=\"async\" class=\"alignleft size-full wp-image-670\" src=\"https:\/\/cmu-edu.eu\/electromecanica\/wp-content\/uploads\/sites\/19\/2020\/07\/banner-em.jpg\" alt=\"\" width=\"1200\" height=\"300\" \/><\/a><\/div><\/div>\n<div style=\"background-color: #ffcb74; padding: 10px;\">\n<h2>OPORTUNIT\u0102\u021aI DE CARIER\u0102<\/h2>\n<p>Absolven\u021bii programului de studii Electromecanic\u0103 Naval\u0103 pot ocupa func\u021bii de ofi\u021ber opera\u0163ional, ofi\u0163eri manageriali (precum ofi\u0163er I sau \u015fef mecanic), sau diverse alte posturi \u00een industria maritim\u0103, printre care:<\/p>\n<ul>\n<li>Specialist mentenan\u0163\u0103 electromecanic\u0103-automatic\u0103 echipamente industriale<\/li>\n<li>Inginer electromecanic SCB<\/li>\n<li>Proiectant inginer\/subinginer electromecanic<\/li>\n<li>Inginer emisie<\/li>\n<li>Inginer instala\u0163ii pentru construc\u0163ii<\/li>\n<li>Expert \u00een conducerea \u015fi organizarea activit\u0103\u0163ilor de mentenan\u0163\u0103<\/li>\n<\/ul>\n<p>Absolven\u0163ii specializ\u0103rii ELECTROMECANIC\u0102 NAVAL\u0102 au \u015fanse reale s\u0103 se integreze \u015fi s\u0103 evolueze \u00een activitatea profesional\u0103 &#8211; predominant \u00een industria de transport naval din \u0163ar\u0103 \u015fi din str\u0103in\u0103tate, precum \u015fi \u00een industria de construc\u0163ii navale \u015fi offshore<\/p>\n<\/div>\n<p><a class=\"animation-but\" href=\"https:\/\/cmu-edu.eu\/admitere\/\" target=\"_blank\" rel=\"noopener\">Admitere<\/a><\/p>\n","protected":false},"excerpt":{"rendered":"<p>BENEFICII Practic\u0103 marin\u0103reasc\u0103 Anii doi si trei de facultate iti vor oferi cadrul perfect pentru consolidarea cuno\u0219tin\u021belorteoretice \u015fi pentru formarea abilit\u0103\u021bilor, spre a le aplica \u00een concordan\u021b\u0103 cu specializarea pentru care esti instruit, la diversi agenti economici din zona portuara cu care universitatea are incheiate parteneriatesi in laboratoarele de specialitate din universitate. OPORTUNIT\u0102\u021aI DE CARIER\u0102 [&hellip;]<\/p>\n","protected":false},"author":4,"featured_media":0,"parent":0,"menu_order":0,"comment_status":"closed","ping_status":"closed","template":"","meta":{"footnotes":""},"class_list":["post-657","page","type-page","status-publish","hentry"],"_links":{"self":[{"href":"https:\/\/cmu-edu.eu\/electromecanica\/wp-json\/wp\/v2\/pages\/657","targetHints":{"allow":["GET"]}}],"collection":[{"href":"https:\/\/cmu-edu.eu\/electromecanica\/wp-json\/wp\/v2\/pages"}],"about":[{"href":"https:\/\/cmu-edu.eu\/electromecanica\/wp-json\/wp\/v2\/types\/page"}],"author":[{"embeddable":true,"href":"https:\/\/cmu-edu.eu\/electromecanica\/wp-json\/wp\/v2\/users\/4"}],"replies":[{"embeddable":true,"href":"https:\/\/cmu-edu.eu\/electromecanica\/wp-json\/wp\/v2\/comments?post=657"}],"version-history":[{"count":22,"href":"https:\/\/cmu-edu.eu\/electromecanica\/wp-json\/wp\/v2\/pages\/657\/revisions"}],"predecessor-version":[{"id":1726,"href":"https:\/\/cmu-edu.eu\/electromecanica\/wp-json\/wp\/v2\/pages\/657\/revisions\/1726"}],"wp:attachment":[{"href":"https:\/\/cmu-edu.eu\/electromecanica\/wp-json\/wp\/v2\/media?parent=657"}],"curies":[{"name":"wp","href":"https:\/\/api.w.org\/{rel}","templated":true}]}}