{"id":282,"date":"2024-07-09T12:51:25","date_gmt":"2024-07-09T09:51:25","guid":{"rendered":"https:\/\/cmu-edu.eu\/erasmusplus\/?page_id=282"},"modified":"2024-07-09T12:58:35","modified_gmt":"2024-07-09T09:58:35","slug":"outgoing-placement-mobility","status":"publish","type":"page","link":"https:\/\/cmu-edu.eu\/erasmusplus\/erasmus-mobility\/outgoing-placement-mobility\/","title":{"rendered":"Outgoing Placement Mobility"},"content":{"rendered":"\n<div class=\"wp-block-columns is-layout-flex wp-container-core-columns-is-layout-9d6595d7 wp-block-columns-is-layout-flex\">\n<div class=\"wp-block-column is-layout-flow wp-block-column-is-layout-flow\">\n<p>Perioada de stagiu la care studentul particip\u0103 \u00een institu\u021bia partener\u0103 nu poate fi mai mic\u0103 de 2 luni \u0219i nu poate dep\u0103\u0219i 12 luni.<\/p>\n\n\n\n<p>\u00cen cazul mobilit\u0103\u021bii de plasament la bordul navelor, selec\u021bia final\u0103 o realizeaz\u0103 compania de shipping, dup\u0103 testarea cuno\u0219tin\u021belor de specialitate ale studentului propus de universitate pentru a desf\u0103\u0219ura practica ambarcat\u0103.<\/p>\n\n\n\n<p><strong>Criterii generale de selec\u021bie:<\/strong><\/p>\n\n\n\n<ul class=\"ticss-d99c4e8c wp-block-list\">\n<li>Studentul trebuie s\u0103 fie \u00eenmatriculat la UMC \u0219i s\u0103 urmeze o form\u0103 de \u00eenv\u0103\u021b\u0103m\u00e2nt cu studii care s\u0103 conduc\u0103 la ob\u021binerea unei diplome universitare;<\/li>\n\n\n\n<li>Studentul trebuie s\u0103 fi absolvit cel pu\u021bin primul an de studii \u0219i s\u0103 aib\u0103 rezultate academice bune \u00een anii universitari anteriori;<\/li>\n\n\n\n<li>Plasamentul trebuie s\u0103 fac\u0103 parte din schimbul de studen\u021bi specificat \u00een acordul interinstitu\u021bional ERASMUS+ semnat de institu\u021biile partenere \u0219i la nivelul de studii la care studentul este \u00eenmatriculat la UMC.<\/li>\n<\/ul>\n\n\n\n<p>Dosarul de candidatur\u0103 va con\u021bine urm\u0103toarele documente (<a href=\"https:\/\/campus.cmu-edu.eu\/enrol\/index.php?id=2687\">descarc\u0103<\/a>):<\/p>\n\n\n\n<ul class=\"ticss-d99c4e8c wp-block-list\">\n<li>CV Europass \u00een limba rom\u00e2n\u0103 \u0219i \u00een limba englez\u0103;<\/li>\n\n\n\n<li>Copie dup\u0103 Carnetul de Marinar \u0219i dup\u0103 Certificatul de Capacitate;<\/li>\n\n\n\n<li>Copie dup\u0103 actul de identitate;<\/li>\n\n\n\n<li>Copie dup\u0103 pa\u0219aport;<\/li>\n\n\n\n<li>Copie dup\u0103 Certificatul de Basic Training \u0219i SSD;<\/li>\n\n\n\n<li>Extras de cont \u00een Euro dechis la BRD;<\/li>\n\n\n\n<li>Cerere c\u0103tre Decanul Facult\u0103\u021bii pentru a participa la program;<\/li>\n\n\n\n<li>Scrisoare de inten\u021bie;<\/li>\n\n\n\n<li>Declara\u021bie \u00een care s\u0103 se specifice c\u0103 este student la UMC \u0219i c\u0103 poate beneficia de stagiu de practic\u0103;<\/li>\n\n\n\n<li>Declara\u021bie de consim\u021b\u0103m\u00e2nt pentru prelucrarea datelor \u00een scopul particip\u0103rii \u00een mobilitate ERASMUS;<\/li>\n\n\n\n<li>Declara\u021bie pe proprie r\u0103spundere \u00een care s\u0103 se specifice dac\u0103 a mai beneficiat de acela\u0219i tip de grant;<\/li>\n\n\n\n<li>Adeverin\u021b\u0103 din partea agen\u021biei de crewing care s\u0103 ateste c\u0103 studentul va pleca \u00een voiajul de practic\u0103;<\/li>\n\n\n\n<li>Situa\u021bie \u0219colar\u0103 \/ adeverin\u021b\u0103 din care s\u0103 rezulte c\u0103 a acumulat num\u0103rul de credite necesar promov\u0103rii \u00een anul universitar urm\u0103tor;<\/li>\n\n\n\n<li>Studen\u021bii masteranzi vor prezenta, suplimentar, \u0219i o foaie matricol\u0103 de la Autoritatea Naval\u0103 Rom\u00e2n\u0103.<\/li>\n<\/ul>\n<\/div>\n<\/div>\n\n\n\n<p><strong>\u00cenainte de \u00eenceperea mobilit\u0103\u021bii, studentul va primi urm\u0103toarele documente:<\/strong><\/p>\n\n\n\n<ul class=\"ticss-d99c4e8c wp-block-list\">\n<li>Contract financiar semnat de UMC \u0219i student, sub supravegherea responsabilului de mobilit\u0103\u021bi;<\/li>\n\n\n\n<li>Acord de Lucru ce reglementeaz\u0103 programul de studii urmat, asumat de cele 3 p\u0103r\u021bi: student, institu\u021bia de trimitere \u0219i institu\u021bia de primire;<\/li>\n\n\n\n<li>Carta studentului ERASMUS ce stabile\u0219te drepturile \u0219i obliga\u021biile studentului raportate la perioada de studiu \u00een str\u0103in\u0103tate.<\/li>\n<\/ul>\n\n\n\n<p><strong>Plata sprijinului financiar:<\/strong><\/p>\n\n\n\n<ul class=\"ticss-d99c4e8c wp-block-list\">\n<li>\u00cen cel mult 45 de zile de la semnarea contractului financiar studentul va primi un avans de 80% din valoarea maxim\u0103 a grantului;<\/li>\n\n\n\n<li>\u00cen situa\u021bia \u00een care AN nu a transferat c\u0103tre universitate fondurile alocate, se poate accepta, \u00een mod excep\u021bional, o plat\u0103 \u00eent\u00e2rziat\u0103 a avansului;<\/li>\n\n\n\n<li>Soldul se va vira \u00een max. 60 de zile caldendaristice de la data depunerii chestionarului.<\/li>\n<\/ul>\n\n\n\n<p><strong>Dup\u0103 \u00eencheierea mobilit\u0103\u021bii:<\/strong><\/p>\n\n\n\n<p>Studentul beneficiaz\u0103 de recunoa\u0219terea academic\u0103 a perioadei de plasament \u00eencheiat\u0103 la institu\u021bia partener\u0103 prin acordarea creditelor trasferabile.<\/p>\n\n\n\n<p><strong>La revenirea \u00een \u021bar\u0103, studentul va prezenta urm\u0103toarele documente:<\/strong><\/p>\n\n\n\n<ul class=\"ticss-d99c4e8c wp-block-list\">\n<li>Certificatul emis de organiza\u021bia gazd\u0103 la finalul plasamentului (Transcript of Work sau Sea Service), \u00een orignal;<\/li>\n\n\n\n<li>Copie dup\u0103 Carnetul de Marinar, cu datele de \u00eenregistrare pentru \u00eembarcare \/ debarcare, emis de ANR (pentru studen\u021bii care desf\u0103\u0219oar\u0103 practic\u0103 la bordul navei);<\/li>\n\n\n\n<li>Declara\u021bie pe proprie r\u0103spundere privind eventuala folosire de fonduri din alte surse \u0219i evitarea deblei finan\u021b\u0103ri;<\/li>\n\n\n\n<li>Raport narativ (chestionar primit pe e-mail de c\u0103tre beneficiar, care trebuie completat doar online.<\/li>\n<\/ul>\n","protected":false},"excerpt":{"rendered":"<p>Perioada de stagiu la care studentul particip\u0103 \u00een institu\u021bia partener\u0103 nu poate fi mai mic\u0103 de 2 luni \u0219i nu poate dep\u0103\u0219i 12 luni. \u00cen cazul mobilit\u0103\u021bii de plasament la bordul navelor, selec\u021bia final\u0103 o realizeaz\u0103 compania de shipping, dup\u0103 testarea cuno\u0219tin\u021belor de specialitate ale studentului propus de universitate pentru a desf\u0103\u0219ura practica ambarcat\u0103. Criterii&hellip;&nbsp;<a href=\"https:\/\/cmu-edu.eu\/erasmusplus\/erasmus-mobility\/outgoing-placement-mobility\/\" rel=\"bookmark\"><span class=\"screen-reader-text\">Outgoing Placement Mobility<\/span><\/a><\/p>\n","protected":false},"author":4,"featured_media":150,"parent":226,"menu_order":0,"comment_status":"closed","ping_status":"closed","template":"","meta":{"neve_meta_sidebar":"","neve_meta_container":"","neve_meta_enable_content_width":"","neve_meta_content_width":0,"neve_meta_title_alignment":"","neve_meta_author_avatar":"","neve_post_elements_order":"","neve_meta_disable_header":"","neve_meta_disable_footer":"","neve_meta_disable_title":"","_themeisle_gutenberg_block_has_review":false,"footnotes":""},"class_list":["post-282","page","type-page","status-publish","has-post-thumbnail","hentry"],"_links":{"self":[{"href":"https:\/\/cmu-edu.eu\/erasmusplus\/wp-json\/wp\/v2\/pages\/282","targetHints":{"allow":["GET"]}}],"collection":[{"href":"https:\/\/cmu-edu.eu\/erasmusplus\/wp-json\/wp\/v2\/pages"}],"about":[{"href":"https:\/\/cmu-edu.eu\/erasmusplus\/wp-json\/wp\/v2\/types\/page"}],"author":[{"embeddable":true,"href":"https:\/\/cmu-edu.eu\/erasmusplus\/wp-json\/wp\/v2\/users\/4"}],"replies":[{"embeddable":true,"href":"https:\/\/cmu-edu.eu\/erasmusplus\/wp-json\/wp\/v2\/comments?post=282"}],"version-history":[{"count":2,"href":"https:\/\/cmu-edu.eu\/erasmusplus\/wp-json\/wp\/v2\/pages\/282\/revisions"}],"predecessor-version":[{"id":286,"href":"https:\/\/cmu-edu.eu\/erasmusplus\/wp-json\/wp\/v2\/pages\/282\/revisions\/286"}],"up":[{"embeddable":true,"href":"https:\/\/cmu-edu.eu\/erasmusplus\/wp-json\/wp\/v2\/pages\/226"}],"wp:featuredmedia":[{"embeddable":true,"href":"https:\/\/cmu-edu.eu\/erasmusplus\/wp-json\/wp\/v2\/media\/150"}],"wp:attachment":[{"href":"https:\/\/cmu-edu.eu\/erasmusplus\/wp-json\/wp\/v2\/media?parent=282"}],"curies":[{"name":"wp","href":"https:\/\/api.w.org\/{rel}","templated":true}]}}