{"id":111,"date":"2025-07-17T09:39:03","date_gmt":"2025-07-17T09:39:03","guid":{"rendered":"https:\/\/cmu-edu.eu\/marehc\/?page_id=111"},"modified":"2025-07-29T08:45:24","modified_gmt":"2025-07-29T08:45:24","slug":"rezultate-iulie-2025","status":"publish","type":"page","link":"https:\/\/cmu-edu.eu\/marehc\/indicatori-de-rezultat\/rezultate-iulie-2025\/","title":{"rendered":"Rezultate Iulie 2025"},"content":{"rendered":"<table width=\"711\">\n<tbody>\n<tr>\n<td colspan=\"2\" width=\"711\">INDICATORII DE REZULTAT DEFINITI (rezultatele cuantificabile angajate prin proiect):<\/td>\n<\/tr>\n<tr>\n<td width=\"567\">1.\u00a0\u00a0\u00a0\u00a0\u00a0 Articole \u0219tiin\u021bifice publicate\/acceptate pentru publicare \u00een reviste Science Citation Index Expanded, Social Sciences Citation Index sau Arts &amp; Humanities Citation Index \u00een primele 25% (sau quartile Q1)<\/p>\n<p>2.\u00a0\u00a0\u00a0\u00a0\u00a0 Lucr\u0103ri publicate \u00een reviste open acces Q2<\/td>\n<td width=\"144\">3<\/p>\n<p>&nbsp;<\/p>\n<p>5<\/td>\n<\/tr>\n<tr>\n<td width=\"567\">2. Cereri de brevet la EPO, USPTO, JPO sau \u00een alte \u021b\u0103ri UE \u0219i OCDE<\/td>\n<td width=\"144\">1<\/td>\n<\/tr>\n<tr>\n<td width=\"567\">3. Proiecte depuse de organiza\u021biile de cercetare rom\u00e2ne\u0219ti \u00een cadrul programelor na\u021bionale de cercetare, dezvoltare \u0219i inovare<\/td>\n<td width=\"144\">&#8211;<\/td>\n<\/tr>\n<tr>\n<td width=\"567\">4. Participarea la conferin\u021be \u0219tiin\u021bifice interna\u021bionale pentru diseminarea rezultatelor<\/td>\n<td width=\"144\">7<\/td>\n<\/tr>\n<tr>\n<td width=\"567\">5. Prezent\u0103ri invitate la o universitate de prestigiu pentru a disemina rezultatele proiectului \u00eentr-un mediu \u0219tiin\u021bific interna\u021bional<\/td>\n<td width=\"144\">&#8211;<\/td>\n<\/tr>\n<tr>\n<td width=\"567\">6. Studen\u021bi PhD implica\u021bi \u020bn proiect, norme echivalente<\/td>\n<td width=\"144\">2<\/td>\n<\/tr>\n<tr>\n<td width=\"567\">7. Post doctoranzi implica\u021bi \u020bn proiect, norme echivalente<\/td>\n<td width=\"144\">2<\/td>\n<\/tr>\n<tr>\n<td width=\"567\">8. Workshop<\/td>\n<td width=\"144\">1<\/td>\n<\/tr>\n<\/tbody>\n<\/table>\n<h3><strong>Articole \u0219tiin\u021bifice publicate\/acceptate pentru publicare \u00een reviste Science Citation Index Expanded, Social Sciences Citation Index sau Arts &amp; Humanities Citation Index \u00een primele 25% (sau quartile Q1)<\/strong><\/h3>\n<ol class=\"lista-doi\">\n<li>MORADI E., ELSISI M., MAHMOUD K., <strong>LEHTONEN M<\/strong>., DARWISH M. M., <strong>(2025).<em>, ROBUST DEEP NEURAL NETWORK-BASED INTERNET OF THINGS FOR POWER TRANSFORMER FAULT DIAGNOSIS UNDER IMBALANCED DATA AND UNCERTAINTIES<\/em><\/strong>, International Journal of Electrical Power &amp; Energy Systems, ISSN: 1879-3517, 168, 110731, <a href=\"https:\/\/doi.org\/10.1016\/j.ijepes.2025.110731\">https:\/\/doi.org\/10.1016\/j.ijepes.2025.110731<\/a>, <a href=\"https:\/\/www.sciencedirect.com\/journal\/international-journal-of-electrical-power-and-energy-systems\/vol\/168\/suppl\/C\">Volume 168<\/a>,\u00a0July 2025, 110731 <strong>Q1<\/strong>.<\/li>\n<li><strong>LAZAROIU G., <\/strong>MIHAESCU L., STOICA D.,<strong> NASTASA F-C., <em>THE TRANSITION TO AN ECO-FRIENDLY CITY AS A FIRST STEP TOWARD CLIMATE NEUTRALITY WITH GREEN HYDROGEN<\/em>, <\/strong>Technologies<strong>, <\/strong>ISSN: 2227-7080, Volume 13, nr.3, 03, <strong>2025<\/strong>, <a href=\"https:\/\/doi.org\/10.3390\/technologies13030095\">https:\/\/doi.org\/10.3390\/technologies13030095<\/a>, \u00a0<strong>Q1<\/strong>.<\/li>\n<li><strong>LAZAROIU A. C., <\/strong>ROSCIA MC., LAZAROIU G.C., SIANO P., <strong><em>REVIEW OF ENERGY COMMUNITIES: DEFINITIONS, REGULATIONS, TOPOLOGIES, AND TECHNOLOGIES,<\/em><\/strong> Smart Cities, ISSN: 2624-6511, Volume 8, nr.1, 01, <strong>2025<\/strong>, <a href=\"https:\/\/doi.org\/10.3390\/smartcities8010008\">https:\/\/doi.org\/10.3390\/smartcities8010008<\/a>, <strong>Q1<\/strong>.<\/li>\n<\/ol>\n<h3><strong><br \/>\nLucr\u0103ri publicate \u00een reviste open acces Q2 <\/strong><\/h3>\n<ol class=\"lista-doi\">\n<li>OSMAN M. G., LAZAROIU G., Hamad, S. A. A., Messaoud, H., Mohammed, D., Stoica, D. (2025). <strong><em>ANALYSIS OF PHOTOVOLTAIC SYSTEMS WITH BATTERY STORAGE, ELECTRIC VEHICLE CHARGING, AND SMART ENERGY MANAGEMENT<\/em><\/strong>, Sustainability, <strong>2025<\/strong>, ISSN: 2071-1050, 17(9), 3887; <a href=\"https:\/\/doi.org\/10.3390\/su17093887\">https:\/\/doi.org\/10.3390\/su17093887<\/a>, IF:3.3, <strong>Q2<\/strong>.<\/li>\n<li>STREJOIU C-V., GMAL OSMAN M., STOICA D., PANAIT C., LAZAROIU G., <strong><em>STUDY OF ENERGY DISTRIBUTION IN A PHOTOVOLTAIC PARK IN TULCEA COUNTY, ROMANIA<\/em><\/strong>, Processes, <strong>2025<\/strong>, eISSN: 2227-9717, 2025, 13(2), 533, https:\/\/doi.org\/10.3390\/pr13020533, IF:3.5, <strong>Q2<\/strong>.<\/li>\n<li>Sayed, A. M., Gamal, M. M., Ward, S. A., <strong>LEHTONEN, M<\/strong>., &amp; Darwish, M. M. (2025)<strong>, <em>NOVEL ACCURATE PREDICTION OF CURRENT DENSITY IN ELECTROSTATIC PRECIPITATORS USING FDM-FMG WITH NEURAL NETWORKS,<\/em> <\/strong>Electric Power Systems Research, Print ISSN: 0378-7796, Online ISSN: 1873-2046, Volume 241, art.mo.111383,<\/li>\n<li>Bert\u00e8, E., P\u00fcvi, V., Jokinen, I., &amp; <strong>LEHTONEN, M<\/strong>. (2025),<strong> <em>NETWORK CAPACITY IMPACT ON THE FLEXIBILITY OF LOCAL RESOURCES IN GREEN ENERGY TRANSITION<\/em>, <\/strong>Energy Reports, Online ISSN: 2352-4847, Volume, 13, 1108-1124, <strong>Q2.<\/strong><\/li>\n<li>Mousa H.H.H., Mahmoud K., <strong>LEHTONEN M<\/strong>., <strong><em>ENHANCING RENEWABLE ENERGY HOSTING CAPACITY IN UNBALANCED MICROGRIDS VIA EMPOWERING SMART INVERTERS<\/em><\/strong>. (2025) IEEE Access, Vol. 13, pp. 17161-17181, 2025, doi: 10.1109\/ACCESS.2025.3533043, Q2.<\/li>\n<\/ol>\n<h3><strong><br \/>\nLucr\u0103ri publicate \u00een reviste open acces cu FI<\/strong><\/h3>\n<ol class=\"lista-doi\">\n<li>VOICU, F.V. PANAITESCU, M. PANAITESCU, F.,A VASILICA, (2025), <a href=\"https:\/\/www.transnav.eu\/Article_Experimental_Research_for_Metocean_Voicu,73,1497.html\"><strong><em>Experimental Research for Metocean Data and Risks in the Vicinity of Platforms in the Black Sea<\/em><\/strong><\/a>, TransNav Journal Vol. 19 No. 1 &#8211; March <strong>2025<\/strong>, DOI:10.12716\/1001.19.01.27, IF=0.6<\/li>\n<li>V. PANAITESCU, M. PANAITESCU, VOICU I., NEDKOVA S.,F.A. VASILICA,(2025) <strong><em>Energy production and economic impact in the Black Sea Blue economy<\/em><\/strong> , TransNav Journal Vol. 19 No. 2 &#8211; June <strong>2025<\/strong>, DOI:10.12716\/&#8230;&#8230;&#8230;&#8230;., IF=0.6<\/li>\n<\/ol>\n<h3><strong><br \/>\nCereri de brevet la EPO, USPTO, JPO sau \u00een alte \u021b\u0103ri UE \u0219i OCDE<\/strong><\/h3>\n<p><strong>Brevete (sau cereri de brevet) Na\u021bionale<\/strong><\/p>\n<ul class=\"lista-doi\">\n<li>LAZAROIU G., PANAIT C., PAMAITESCU M., PANAITESCU F-V., <strong><em>INSTALA\u0162IE DE ALIMENTARE CU AER SATURAT PENTRU O CELUL\u0102 DE COMBUSTIE DOTAT\u0102 CU UN CICLON SEPARATOR PENTRU RECUPERAREA APEI REZIDUALE DIN AERUL REFULAT<\/em><\/strong>, Cerere de Brevet de inven\u021bie nr. A \/ 00124 din 02 APR 2025.<\/li>\n<\/ul>\n<p>&nbsp;<\/p>\n<h3><strong>Participarea la conferin\u021be \u0219tiin\u021bifice interna\u021bionale pentru diseminarea rezultatelor<\/strong><\/h3>\n<ol class=\"lista-doi\">\n<li>Mohammed Gmal Osman, Gheorghe Lazaroiu, Cristian Valentin Strejoiu, Cornel Panait, Dorel Stoica, <strong><em>PERFORMANCE ANALYSIS OF STAND ALONE SOLAR SYSTEMS IN COASTAL ENVIRONMENTS: A CASE STUDY<\/em><\/strong>, paper ID: #64, 9th International HYDROGEN TECHNOLOGIES Congress, Dokuz Eylul University, Izmir, Turkiye 25- 28 MAY <strong>2025<\/strong>.<\/li>\n<li>Gheorghe Lazaroiu, Cristian Valentin Strejoiu, Mohammed Gmal Osman, Cornel Panait, Dorel Stoica, <strong><em>INCREASING THE ENERGY EFFICIENCY AND ECONOMIC VIABILITY OF A PHOTOVOLTAIC PARK IN CRAIOVA<\/em><\/strong>, paper ID: #65, 9th International HYDROGEN TECHNOLOGIES Congress, Dokuz Eylul University, Izmir, Turkiye 25- 28 MAY<\/li>\n<li>Lucian Mihaecu, Gheorghe Lazaroiu, Alina Niculescu, Dorel Stoica, Rodica-Manuela Grigoriu, Mohammed Gmal Osman, <strong><em>RESULTS OF COMBUSTION TEST OF H2-CH4 MIXTURE WITH HIGH H2 CONTENT,<\/em><\/strong> paper ID: #60, 9th International HYDROGEN TECHNOLOGIES Congress, Dokuz Eylul University, Izmir, Turkiye 25- 28 MAY <strong>2025,<\/strong><\/li>\n<li>F. V. Panaitescu, M. Panaitescu, I. Voicu, <strong><em>Waves statistics for metocean analytics on Galata platform, Bulgaria <\/em><\/strong>, Alternative Energy Sources, Materials &amp; Technologies (AESMT\u201925),section ALTERNATIVE ENERGY SOURCES, 13 &#8211; 14 May, 2025, Sofia, Bulgaria<\/li>\n<li>Panaitescu, M., Panaitescu F.V., Voicu I., Neagu D.I.,<strong> <em>A WAY TO COMPLEMENT ENERGY DEMAND MANAGEMENT<\/em> <\/strong>, SGEM <strong>2025<\/strong>, Albena, Bulgaria, Energy and Clean Technologies, <strong>06-07.07.2025<\/strong><\/li>\n<li>Lazaroiu, <em>STRATEGIES FOR DEVELOPING PHOTOVOLTAIC SYSTEMS FOR CLEAN HYDROGEN PRODUCTION,<\/em> XXV Conference SGEM 2025, section Energy and Clean Technology, SGEM Conference Proceedings 2025 &#8211; Volume XXV,Albena, Bulgaria, 28.06-07.07.2025<\/li>\n<li>Lazaroiu, <em>ELECTRIC VS. HYDROGEN VEHICLES: A COMPARATIVE ANALYSIS FOR SUSTAINABLE MOBILITY<\/em>, XXV Conference SGEM 2025 , section Energy and Clean Technology, SGEM Conference Proceedings 2025 &#8211; Volume XXV,Albena, Bulgaria, 28.06-07.07.2025<\/li>\n<\/ol>\n<h3><strong><br \/>\nWorkshop<\/strong><\/h3>\n<ol class=\"lista-doi\">\n<li><strong><em>UTILIZAREA HOLISTICA A HIDROGENULUI CA VECTOR ENERGETIC<\/em><\/strong>, Moderatori: Gheorghe LAZAROIU si Lucian MIHAESCU, Universitatea Na\u021bional\u0103 de \u0218tiin\u021b\u0103 \u0219i Tehnologie POLITEHNICA Bucure\u0219ti 26 Martie 2025, Bucure\u0219ti, Romania<\/li>\n<\/ol>\n<h3><strong><br \/>\nLUCRARI LA CONFERINTE IN CADRUL MAREHC, PNRR 760111 \/ 23.05.2023, CF 48\/14.11.2022<\/strong><\/h3>\n<ul class=\"lista-doi\">\n<li>V. Panaitescu, M. Panaitescu, I. Voicu, Waves statistics for metocean analytics on Galata platform, Bulgaria , Conf. Alternative Energy Sources, Materials &amp; Technologies (AESMT\u201925), Volume XX, (pp. XX &#8211; XX) 2025<\/li>\n<li>V. Panaitescu, M. Panaitescu,Cornel Panait, METOCEAN SPECIFICATIONS FOR WIND DATA BASE ON THE BLACK SEA, October 2023, <a href=\"https:\/\/www.researchgate.net\/journal\/Journal-of-marine-Technology-and-Environment-2501-8795?_tp=eyJjb250ZXh0Ijp7ImZpcnN0UGFnZSI6InB1YmxpY2F0aW9uIiwicGFnZSI6InB1YmxpY2F0aW9uIiwicG9zaXRpb24iOiJwYWdlSGVhZGVyIn19\">Journal of Marine Technology and Environment<\/a>2(2):58-63, DOI:\u00a0<a href=\"http:\/\/dx.doi.org\/10.53464\/JMTE.02.2023.10\">10.53464\/JMTE.02.2023.10<\/a><\/li>\n<li>Voicu, F.V. Panaitescu, M. Panaitescu, F.A. Vasilica, Experimental Research for Metocean Data and Risks in the Vicinity of Platforms in the Black Sea, Transnav 2025 Conference, Gdynia, Poland, publish in TransNav Journal, Volume 19, no. 1, DOI: <a href=\"http:\/\/dx.doi.org\/10.12716\/1001.19.01.27\">10.12716\/1001.19.01.27<\/a><\/li>\n<li>V. Panaitescu, M. Panaitescu,I. Voicu, S. Nedkova, F.A. Vasilica, Energy production and economic impact in the Black Sea Blue economy, Transnav 2025 Conference, Gdynia, Poland<\/li>\n<li>Ionut Voicu, Mariana Panaitescu, Fanel-Viorel Panaitescu, Florentina-Aurelia Vasilica, Experimental research on the determination and visualization of an oil film on the water surface , MARILOG Conference, Constanta 2025, will be published in IOP<\/li>\n<li>Voicu Ionut, Panaitescu\u00a0 Mariana , Panaitescu\u00a0 Fanel-Viorel, Scupi Andrei-Alexandru, Vasilica Florentina-Aurelia, Comparative laboratory-simulator analysis of oil product film spreading, MARILOG Conference, Constanta 2025, will be published in IOP<\/li>\n<li>Panaitescu\u00a0 Mariana , Panaitescu\u00a0 Fanel-Viorel,Voicu Ionut, Neagu Ionut Dragos, A WAY TO COMPLEMENT ENERGY DEMAND MANAGEMENT, XXV Conference SGEM 2025 , section Advanced Nuclear Technologies and Energy Innovation, SGEM Conference Proceedings 2025 &#8211; Volume XXV,\u00a0 Albena, Bulgaria<\/li>\n<li>Lazaroiu, STRATEGIES FOR DEVELOPING PHOTOVOLTAIC SYSTEMS FOR CLEAN HYDROGEN PRODUCTION, XXV Conference SGEM 2025, section Energy and Clean Technology, SGEM Conference Proceedings 2025 &#8211; Volume XXV,Albena, Bulgaria<\/li>\n<li>Lazaroiu, ELECTRIC VS. HYDROGEN VEHICLES: A COMPARATIVE ANALYSIS FOR SUSTAINABLE MOBILITY, XXV Conference SGEM 2025 , section Energy and Clean Technology, SGEM Conference Proceedings 2025 &#8211; Volume XXV,Albena, Bulgaria<\/li>\n<\/ul>\n","protected":false},"excerpt":{"rendered":"<p>INDICATORII DE REZULTAT DEFINITI (rezultatele cuantificabile angajate prin proiect): 1.\u00a0\u00a0\u00a0\u00a0\u00a0 Articole \u0219tiin\u021bifice publicate\/acceptate pentru publicare \u00een reviste Science Citation Index Expanded, Social Sciences Citation Index sau Arts &amp; Humanities Citation Index \u00een primele 25% (sau quartile Q1) 2.\u00a0\u00a0\u00a0\u00a0\u00a0 Lucr\u0103ri publicate \u00een reviste open acces Q2 3 &nbsp; 5 2. Cereri de brevet la EPO, USPTO, [&hellip;]<\/p>\n","protected":false},"author":4,"featured_media":0,"parent":11,"menu_order":0,"comment_status":"closed","ping_status":"closed","template":"","meta":{"footnotes":""},"class_list":["post-111","page","type-page","status-publish","hentry"],"_links":{"self":[{"href":"https:\/\/cmu-edu.eu\/marehc\/wp-json\/wp\/v2\/pages\/111","targetHints":{"allow":["GET"]}}],"collection":[{"href":"https:\/\/cmu-edu.eu\/marehc\/wp-json\/wp\/v2\/pages"}],"about":[{"href":"https:\/\/cmu-edu.eu\/marehc\/wp-json\/wp\/v2\/types\/page"}],"author":[{"embeddable":true,"href":"https:\/\/cmu-edu.eu\/marehc\/wp-json\/wp\/v2\/users\/4"}],"replies":[{"embeddable":true,"href":"https:\/\/cmu-edu.eu\/marehc\/wp-json\/wp\/v2\/comments?post=111"}],"version-history":[{"count":6,"href":"https:\/\/cmu-edu.eu\/marehc\/wp-json\/wp\/v2\/pages\/111\/revisions"}],"predecessor-version":[{"id":118,"href":"https:\/\/cmu-edu.eu\/marehc\/wp-json\/wp\/v2\/pages\/111\/revisions\/118"}],"up":[{"embeddable":true,"href":"https:\/\/cmu-edu.eu\/marehc\/wp-json\/wp\/v2\/pages\/11"}],"wp:attachment":[{"href":"https:\/\/cmu-edu.eu\/marehc\/wp-json\/wp\/v2\/media?parent=111"}],"curies":[{"name":"wp","href":"https:\/\/api.w.org\/{rel}","templated":true}]}}