{"id":127,"date":"2026-04-20T09:32:22","date_gmt":"2026-04-20T09:32:22","guid":{"rendered":"https:\/\/cmu-edu.eu\/marehc\/?page_id=127"},"modified":"2026-04-20T09:35:09","modified_gmt":"2026-04-20T09:35:09","slug":"noutati","status":"publish","type":"page","link":"https:\/\/cmu-edu.eu\/marehc\/noutati\/","title":{"rendered":"Nout\u0103\u021bi"},"content":{"rendered":"<h2>Conferinte<\/h2>\n<ul class=\"lista-doi\">\n<li><strong>\u201cIdentifying and Monitoring Recovered Batteries\u201d<\/strong> &#8211; Cornel Panait, Sorin-Robertino Sintea, Ana Dumitra\u015fcu, Bogdan Hnatiuc, Mihaela Hnatiuc, C\u0103t\u0103lin Pomazan, 2024 IEEE International Conference And Exposition On Electric And Power Engineering (EPEi), Iasi, 2024, DOI: 10.1109\/EPEi63510.2024.10758145<br \/>\nlink: <a href=\"https:\/\/www.semanticscholar.org\/paper\/Identifying-and-Monitoring-Recovered-Batteries-Panait-Sintea\/4e15e6cfb89498bbf125df6bd5fd92d8f59cac5a\">https:\/\/www.semanticscholar.org\/paper\/Identifying-and-Monitoring-Recovered-Batteries-Panait-Sintea\/4e15e6cfb89498bbf125df6bd5fd92d8f59cac5a<\/a><\/li>\n<li><strong>\u201cIntelligent Energy Storage for Electric Vehicle Charging Stations\u201d<\/strong> &#8211; Cornel Panait, Sorin-Robertino Sintea, Ana Dumitra\u015fcu, Bogdan Hnatiuc, Mihaela Hnatiuc, C\u0103t\u0103lin Pomazan, 2024 IEEE International Conference And Exposition On Electric And Power Engineering (EPEi), Iasi, 2024, DOI: 10.1109\/EPEi63510.2024.10758121<br \/>\nlink: <a href=\"https:\/\/www.semanticscholar.org\/paper\/Intelligent-Energy-Storage-for-Electric-Vehicle-Panait-Sintea\/2f3d36163d5757cab155f3c7f5c27ab4a4946300\">https:\/\/www.semanticscholar.org\/paper\/Intelligent-Energy-Storage-for-Electric-Vehicle-Panait-Sintea\/2f3d36163d5757cab155f3c7f5c27ab4a4946300<\/a><\/li>\n<li><strong>\u201cProactive Monitoring and Protection of Battery\u201d<\/strong> &#8211; Sorin Sintea, Cornel Panait, Bogdan Hnatiuc, Mihaela Hnatiuc, Florin Nicolescu, Catalin Pomazan, 2024 International Conference on Applied and Theoretical Electricity (ICATE), Craiova, 2024, DOI: 10.1109\/ICATE62934.2024.10748892<br \/>\nlink: <a href=\"https:\/\/www.semanticscholar.org\/paper\/Proactive-Monitoring-and-Protection-of-Battery-Sintea-Panait\/7156eda2ff5ebffa1d2200fef57cc1715914f861\">https:\/\/www.semanticscholar.org\/paper\/Proactive-Monitoring-and-Protection-of-Battery-Sintea-Panait\/7156eda2ff5ebffa1d2200fef57cc1715914f861<\/a><\/li>\n<li><strong>\u201cSwitching Aspects Concerning Power Voltage Stabilizer Circuits\u201d<\/strong> \u2013 Sorin Sintea; Cornel Panait; Bogdan Hnatiuc; Catalin Pomazan; Mihaela Hnatiuc \u2013 2025 SGEM International Scientific Conferences on Earth &amp; Planetary Sciences (SGEM) (Vol 25, Issue 4.2), Viena, 02-05 December 2025, DOI: 10.5593\/sgem2025v\/4.2\/s16.21, ISSN: 1314-2704, ISBN: 978-619-7603-93-4<br \/>\nlink: <a href=\"https:\/\/epslibrary.at\/sgem_jresearch_publication_view.php?page=view&amp;editid1=10643\">https:\/\/epslibrary.at\/sgem_jresearch_publication_view.php?page=view&amp;editid1=10643<\/a><\/li>\n<\/ul>\n<hr class=\"ap-spacing\" style=\"height:20px\"\/>\n<h2>Jurnal &#8211; MDPI<\/h2>\n<ul class=\"lista-doi\">\n<li><strong>\u201cWind Turbine Electric Signals Simulator\u201d<\/strong> &#8211; Sorin Sintea, Cornel Panait, Bogdan Hnatiuc, Marian Tirpan, Catalin Pomazan, Mihaela Hnatiuc \u2013 Energies 2025, Vol 18(18), MDPI, 4951; https:\/\/doi.org\/10.3390\/en18184951, Q1, in according with SCOPUS Ranking 2025 (https:\/\/www.scopus.com\/sources.uri)<br \/>\nlink:<a href=\"https:\/\/doi.org\/10.3390\/en18184951\"> https:\/\/doi.org\/10.3390\/en18184951<\/a><\/li>\n<\/ul>\n","protected":false},"excerpt":{"rendered":"<p>Conferinte \u201cIdentifying and Monitoring Recovered Batteries\u201d &#8211; Cornel Panait, Sorin-Robertino Sintea, Ana Dumitra\u015fcu, Bogdan Hnatiuc, Mihaela Hnatiuc, C\u0103t\u0103lin Pomazan, 2024 IEEE International Conference And Exposition On Electric And Power Engineering (EPEi), Iasi, 2024, DOI: 10.1109\/EPEi63510.2024.10758145 link: https:\/\/www.semanticscholar.org\/paper\/Identifying-and-Monitoring-Recovered-Batteries-Panait-Sintea\/4e15e6cfb89498bbf125df6bd5fd92d8f59cac5a \u201cIntelligent Energy Storage for Electric Vehicle Charging Stations\u201d &#8211; Cornel Panait, Sorin-Robertino Sintea, Ana Dumitra\u015fcu, Bogdan Hnatiuc, Mihaela [&hellip;]<\/p>\n","protected":false},"author":4,"featured_media":0,"parent":0,"menu_order":0,"comment_status":"closed","ping_status":"closed","template":"","meta":{"footnotes":""},"class_list":["post-127","page","type-page","status-publish","hentry"],"_links":{"self":[{"href":"https:\/\/cmu-edu.eu\/marehc\/wp-json\/wp\/v2\/pages\/127","targetHints":{"allow":["GET"]}}],"collection":[{"href":"https:\/\/cmu-edu.eu\/marehc\/wp-json\/wp\/v2\/pages"}],"about":[{"href":"https:\/\/cmu-edu.eu\/marehc\/wp-json\/wp\/v2\/types\/page"}],"author":[{"embeddable":true,"href":"https:\/\/cmu-edu.eu\/marehc\/wp-json\/wp\/v2\/users\/4"}],"replies":[{"embeddable":true,"href":"https:\/\/cmu-edu.eu\/marehc\/wp-json\/wp\/v2\/comments?post=127"}],"version-history":[{"count":3,"href":"https:\/\/cmu-edu.eu\/marehc\/wp-json\/wp\/v2\/pages\/127\/revisions"}],"predecessor-version":[{"id":132,"href":"https:\/\/cmu-edu.eu\/marehc\/wp-json\/wp\/v2\/pages\/127\/revisions\/132"}],"wp:attachment":[{"href":"https:\/\/cmu-edu.eu\/marehc\/wp-json\/wp\/v2\/media?parent=127"}],"curies":[{"name":"wp","href":"https:\/\/api.w.org\/{rel}","templated":true}]}}