{"id":17,"date":"2024-12-16T10:01:11","date_gmt":"2024-12-16T08:01:11","guid":{"rendered":"https:\/\/cmu-edu.eu\/marilog2026\/?page_id=17"},"modified":"2025-05-27T13:40:41","modified_gmt":"2025-05-27T10:40:41","slug":"committees","status":"publish","type":"page","link":"https:\/\/cmu-edu.eu\/marilog2026\/committees\/","title":{"rendered":"Committees"},"content":{"rendered":"\n<h2 class=\"wp-block-heading\">Scientific Programme Committee<\/h2>\n\n\n\n<div style=\"height:40px\" aria-hidden=\"true\" class=\"wp-block-spacer\"><\/div>\n\n\n\n<div class=\"wp-block-cover has-nv-dark-bg-color has-text-color has-link-color wp-elements-2b1384774e3dceab0e1fe739c3a529d2\"><span aria-hidden=\"true\" class=\"wp-block-cover__background has-nv-light-bg-background-color has-background-dim-100 has-background-dim\"><\/span><div class=\"wp-block-cover__inner-container is-layout-constrained wp-block-cover-is-layout-constrained\">\n<div class=\"wp-block-columns is-layout-flex wp-container-core-columns-is-layout-9d6595d7 wp-block-columns-is-layout-flex\">\n<div class=\"wp-block-column is-vertically-aligned-top is-layout-flow wp-block-column-is-layout-flow\">\n<h4 class=\"wp-block-heading\">Conference Board<\/h4>\n\n\n\n<p><br><strong>General Chair \u2013 Associate Prof. Gabriel Raicu <\/strong><br>Rector of Constanta Maritime University, Constanta, Romania<br><br><strong>Honorary Chair \u2013 Prof. Kalin Kalinov<\/strong><br>Rector of Nikola Y. Vaptsarov Naval Academy, Varna, Bulgaria<\/p>\n\n\n\n<p><strong>Honorary Chair &#8211; Prof. Adam Weintrit<\/strong><br>Rector of Gdynia Maritime University<\/p>\n\n\n\n<p><strong>Honorary Chair \u2013 Prof. Nafiz Arica<br><\/strong>Rector of Piri Reis University, Istanbul Turkey<\/p>\n\n\n\n<p><\/p>\n<\/div>\n\n\n\n<div class=\"wp-block-column is-layout-flow wp-block-column-is-layout-flow\">\n<h4 class=\"wp-block-heading\">Organizing Committee<\/h4>\n\n\n\n<p><br><strong>Executive Chair \u2013 Prof. Costel Stanca <\/strong><br>Constanta Maritime University, Constanta, Romania<br><br><strong>Executive Chair \u2013 Associate Prof. Nicoleta Acomi<\/strong><br>Constanta Maritime University, Constanta, Romania<\/p>\n\n\n\n<p><strong>Associate Prof. Radu Hanzu<br><\/strong>Constanta Maritime University, Constanta, Romania<br><br><strong>Associate Prof. Liviu Stan<br><\/strong>Constanta Maritime University, Constanta, Romania<\/p>\n\n\n\n<p><strong>Associate Prof. Cristina Dragomir<br><\/strong>Constanta Maritime University, Constanta, Romania<\/p>\n\n\n\n<p><strong>Capt. Gheorghe Surugiu<\/strong><br>Constanta Maritime University, Constanta, Romania<\/p>\n\n\n\n<p><strong>Senior Lecturer Ana Olteanu<br><\/strong>Constanta Maritime University, Constanta, Romania<br><br><strong><strong>Senior <\/strong>Lecturer Mircea Zus<br><\/strong>Constanta Maritime University, Constanta, Romania<\/p>\n<\/div>\n<\/div>\n<\/div><\/div>\n\n\n\n<figure class=\"wp-block-image size-full\"><img loading=\"lazy\" decoding=\"async\" width=\"6271\" height=\"4180\" src=\"https:\/\/cmu-edu.eu\/marilog2026\/wp-content\/uploads\/sites\/34\/2024\/12\/Conference-Room.jpg\" alt=\"\" class=\"wp-image-188\"\/><\/figure>\n\n\n\n<div style=\"height:60px\" aria-hidden=\"true\" class=\"wp-block-spacer\"><\/div>\n\n\n\n<h4 class=\"wp-block-heading has-text-align-left\"><strong>Scientific Board<\/strong><\/h4>\n\n\n\n<div class=\"wp-block-columns is-layout-flex wp-container-core-columns-is-layout-9d6595d7 wp-block-columns-is-layout-flex\">\n<div class=\"wp-block-column is-layout-flow wp-block-column-is-layout-flow\">\n<p><br><strong>Prof. Laurentiu Chiotoroiu<br><\/strong>Jade University of Applied Sciences, Germany<\/p>\n\n\n\n<p><strong>Prof.  Ilknur Colmorn<br><\/strong>Hochschule Bremen<br>City University of Applied Sciences, Germany<br><br><strong>Prof. Taner Albayrak<\/strong><br>Piri Reis Maritime University, Istanbul, Turkey<br><br><strong>Associate Prof. Bogusz Wi\u015bnicki<\/strong><br>Maritime University of Szczecin, Szczecin, Poland <br><br><strong>Prof. Maria B. Lekakou<\/strong><br>University of the Aegean, Chios, Greece<br><br><strong>Associate Prof. Radu Hanzu<br><\/strong>Constanta Maritime University, Constanta, Romania<\/p>\n\n\n\n<p><strong>Associate Prof. Anca S\u00eerbu<\/strong><br>Constanta Maritime University, Constanta, Romania<\/p>\n\n\n\n<p><strong>Prof. Tutku Eker \u0130\u015fcio\u011flu<\/strong><br>Piri Reis Maritime University, Istanbul, Turkey<\/p>\n\n\n\n<p><strong>Prof. Violeta Ciucur,<\/strong><br>Constanta Maritime University, Constanta, Romania<\/p>\n\n\n\n<p><strong>Prof. Alper K\u0131l\u0131\u00e7<\/strong><br>Band\u0131rma Onyedi Eyl\u00fcl University, Turkey<br><br><strong>Associate Prof. Liviu Stan,<br><\/strong>Constanta Maritime University, Constanta, Romania<br><br><strong>Prof. Angelica Baylon<br><\/strong>Maritime Academy of Asia and the Pacific, Mariveles, Bataan, Philippines<br><br><strong>Associate Prof. Ionut Cristian Scurtu <br><\/strong>Mircea cel Batran Naval Academy, Constanta, Romania<br><br><strong>Associate Prof. Cristina Dragomir<br><\/strong>Constanta Maritime University, Constanta, Romania<br><br><strong>Prof. Kristofor Lapa<br><\/strong>Vlore University, Vlore, Albania<br><br><strong>Associate Prof. Anastasia Du\u0219e<br><\/strong>Constanta Maritime University, Constanta, Romania<\/p>\n\n\n\n<p><strong>Prof. Graham Benton<br><\/strong>California State Maritime Academy, San Francisco, USA<\/p>\n\n\n\n<p><strong>Prof. John Cross<br><\/strong>Marine Institute of Memorial University, St John\u2019s, Newfoundland and Labrador, Canada<\/p>\n\n\n\n<p><strong>Prof. Anand Ravi<br><\/strong>Australian Maritime College, Australia<br><br><strong>Associate Prof. Carmen Ungureanu<\/strong><br>Constanta Maritime University, Constanta, Romania<br><br><strong>Associate Prof. Mihaela\u00a0 Barhalescu<br><\/strong>Constanta Maritime University, Constanta, Romania<br><br><strong>Senior Lecturer\u00a0Daniela Juganaru<br><\/strong>Constanta Maritime University, Constanta, Romania<br><br><strong>Associate Prof. Adrian Sab\u0103u<\/strong><br>Constanta Maritime University, Constanta, Romania<br><br><strong>Senior Lecturer Ionut Voicu<\/strong><br>Constanta Maritime University, Constanta, Romania<br><br><strong>Associate Prof. Nina Putuntean<\/strong><br>Technical University of Moldova, Chisinau, Moldova<br><br><br><\/p>\n<\/div>\n\n\n\n<div class=\"wp-block-column is-layout-flow wp-block-column-is-layout-flow\">\n<p><strong>Associate Prof. Sedat Ba\u015ftu\u011f<\/strong><br>Bandirma Onyedi Eylul University, Turkey<\/p>\n\n\n\n<p><strong>Associate Prof. Nihan \u015eenbursa<\/strong><br>Ordu University, T\u00fcrkiye<\/p>\n\n\n\n<p><strong>Prof. Codruta Mare<\/strong><br>Babes Bolyai University, Cluj-Napoca, Romania<\/p>\n\n\n\n<p><strong>Lecturer Mohamed Elhussieny<\/strong><br>Arab Academy for Science, Technology and Maritime Transport, Egypt<\/p>\n\n\n\n<p><strong>Associate Prof. Alexandra Raicu<\/strong><br>Constanta Maritime University, Constanta, Romania<br><br><strong>Capt. Gheorghe Surugiu<\/strong><br>Constanta Maritime University, Constanta, Romania<br><br><strong>Prof. Sambor Guze<br><\/strong>Gdynia Maritime University, Gdynia, Poland<br><br><strong>Prof. Belev Blagovest<br><\/strong>Nikola Y. Vaptsarov Naval Academy, Varna, Bulgaria<br><br><strong>Prof. Pinar \u00d6zdemir<br><\/strong>Piri Reis Maritime University, Istanbul, Turkey<br><br><strong>Prof. Nedko Dimitrov<br><\/strong>Nikola Y. Vaptsarov Naval Academy, Varna, Bulgaria<br><br><strong>Prof. Marinko Maslaric<br><\/strong>University of Novi Sad, Serbia<br><br><strong>Senior Lecturer Ana Olteanu<br><\/strong>Constanta Maritime University, Constanta, Romania<br><br><strong>Senior Lecturer Mircea Zus<br><\/strong>Constanta Maritime University, Constanta, Romania<br><br><strong>Associate Prof. Liliana Ceclu<\/strong><br>State University \u201eBogdan Petriceicu Hasdeu\u201d, Moldova<\/p>\n\n\n\n<p><strong>Prof. Stephen Hurd<br><\/strong>Australian Maritime College, Australia<\/p>\n\n\n\n<p><strong>Prof. Andreea Russo<br><\/strong>University of Split<\/p>\n\n\n\n<p><strong>Prof. Arslan Ozcan<br><\/strong>Istanbul Technical University<\/p>\n\n\n\n<p><strong>Prof. Pelin Bolat<br><\/strong>Istanbul Technical University<\/p>\n\n\n\n<p><strong>Prof. Takeshi Nakazawa<br><\/strong>World Maritime University, Malmo, Sweden<\/p>\n\n\n\n<p><strong>Prof. Paul Szwed<br><\/strong>Massachusetts Maritime Academy, USA<br><br><strong>Associate Prof. Natalia Manea<\/strong><br>National University of Science and Technology POLITEHNICA Bucharest, Romania<br><br><strong>Associate Prof. Corina Varsami<\/strong><br>Constanta Maritime University, Constanta, Romania<br><br><strong>Senior Lecturer Ion Serbanescu&nbsp;<br><\/strong>Constanta Maritime University, Constanta, Romania<br><br><strong>Associate Prof. Remus Z\u0103gan<\/strong><br>Constanta Maritime University, Constanta, Romania<br><br><strong>Prof. Tien Anh Tran<\/strong><br>Vietnam Maritime University, Vietnam<br><\/p>\n<\/div>\n<\/div>\n\n\n\n<div style=\"height:60px\" aria-hidden=\"true\" class=\"wp-block-spacer\"><\/div>\n\n\n\n<h4 class=\"wp-block-heading\"><strong>Local Committee<\/strong><\/h4>\n\n\n\n<p><strong>Bianca Dobre<\/strong>, <strong>Andreea Moldoveanu, PhD Candidate, Roxana Iancu, PhD Candidate<\/strong><\/p>\n\n\n\n<p><\/p>\n","protected":false},"excerpt":{"rendered":"<p>Scientific Programme Committee Scientific Board Prof. Laurentiu ChiotoroiuJade University of Applied Sciences, Germany Prof. Ilknur ColmornHochschule BremenCity University of Applied Sciences, Germany Prof. Taner AlbayrakPiri Reis Maritime University, Istanbul, Turkey Associate Prof. Bogusz Wi\u015bnickiMaritime University of Szczecin, Szczecin, Poland Prof. Maria B. LekakouUniversity of the Aegean, Chios, Greece Associate Prof. Radu HanzuConstanta Maritime University, Constanta,&hellip;&nbsp;<a href=\"https:\/\/cmu-edu.eu\/marilog2026\/committees\/\" rel=\"bookmark\">Read More &raquo;<span class=\"screen-reader-text\">Committees<\/span><\/a><\/p>\n","protected":false},"author":4,"featured_media":51,"parent":0,"menu_order":0,"comment_status":"closed","ping_status":"closed","template":"","meta":{"neve_meta_sidebar":"","neve_meta_container":"","neve_meta_enable_content_width":"","neve_meta_content_width":0,"neve_meta_title_alignment":"","neve_meta_author_avatar":"","neve_post_elements_order":"","neve_meta_disable_header":"","neve_meta_disable_footer":"","neve_meta_disable_title":"","footnotes":""},"class_list":["post-17","page","type-page","status-publish","has-post-thumbnail","hentry"],"_links":{"self":[{"href":"https:\/\/cmu-edu.eu\/marilog2026\/wp-json\/wp\/v2\/pages\/17","targetHints":{"allow":["GET"]}}],"collection":[{"href":"https:\/\/cmu-edu.eu\/marilog2026\/wp-json\/wp\/v2\/pages"}],"about":[{"href":"https:\/\/cmu-edu.eu\/marilog2026\/wp-json\/wp\/v2\/types\/page"}],"author":[{"embeddable":true,"href":"https:\/\/cmu-edu.eu\/marilog2026\/wp-json\/wp\/v2\/users\/4"}],"replies":[{"embeddable":true,"href":"https:\/\/cmu-edu.eu\/marilog2026\/wp-json\/wp\/v2\/comments?post=17"}],"version-history":[{"count":37,"href":"https:\/\/cmu-edu.eu\/marilog2026\/wp-json\/wp\/v2\/pages\/17\/revisions"}],"predecessor-version":[{"id":489,"href":"https:\/\/cmu-edu.eu\/marilog2026\/wp-json\/wp\/v2\/pages\/17\/revisions\/489"}],"wp:featuredmedia":[{"embeddable":true,"href":"https:\/\/cmu-edu.eu\/marilog2026\/wp-json\/wp\/v2\/media\/51"}],"wp:attachment":[{"href":"https:\/\/cmu-edu.eu\/marilog2026\/wp-json\/wp\/v2\/media?parent=17"}],"curies":[{"name":"wp","href":"https:\/\/api.w.org\/{rel}","templated":true}]}}