{"id":1512,"date":"2025-10-15T08:45:47","date_gmt":"2025-10-15T05:45:47","guid":{"rendered":"https:\/\/cmu-edu.eu\/navigatie\/?page_id=1512"},"modified":"2025-10-15T08:45:55","modified_gmt":"2025-10-15T05:45:55","slug":"membri","status":"publish","type":"page","link":"https:\/\/cmu-edu.eu\/navigatie\/marilog-innov-hub\/membri\/","title":{"rendered":"Membri"},"content":{"rendered":"<ul class=\"lista-doi\">\n<li>Prof.univ.dr. Costel Stanca<\/li>\n<li>Conf.univ.dr.ing. Nicoleta Acomi<\/li>\n<li>Conf.univ.dr.ing. Anastasia Duse<\/li>\n<li>Conf.univ.dr. Felicia Surugiu<\/li>\n<li>Conf.univ.dr. Cristina-Maria Dragomir<\/li>\n<li>Lector.dr. Ana-Cornelia Olteanu<\/li>\n<li>SL.dr. Capt. Gheorghe Surugiu<\/li>\n<li>SL.dr.ing. Noel-Mircea Zus<\/li>\n<li>Lector.dr. Alina-Lucia Bo\u0219tin\u0103<\/li>\n<li>Lector.dr. Gra\u021biela Br\u00e2nz\u0103<\/li>\n<li>SL.dr.ing. Viorela St\u00eeng\u0103<\/li>\n<li>SL.dr.ing. Ramona Tromiadis<\/li>\n<li>SL.dr.ing. Ionela \u021aicu<\/li>\n<li>SL.dr.ing. Cosmin Berescu<\/li>\n<\/ul>\n","protected":false},"excerpt":{"rendered":"<p>Prof.univ.dr. Costel Stanca Conf.univ.dr.ing. Nicoleta Acomi Conf.univ.dr.ing. Anastasia Duse Conf.univ.dr. Felicia Surugiu Conf.univ.dr. Cristina-Maria Dragomir Lector.dr. Ana-Cornelia Olteanu SL.dr. Capt. Gheorghe Surugiu SL.dr.ing. Noel-Mircea Zus Lector.dr. Alina-Lucia Bo\u0219tin\u0103 Lector.dr. Gra\u021biela Br\u00e2nz\u0103 SL.dr.ing. Viorela St\u00eeng\u0103 SL.dr.ing. Ramona Tromiadis SL.dr.ing. Ionela \u021aicu SL.dr.ing. Cosmin Berescu<\/p>\n","protected":false},"author":4,"featured_media":0,"parent":1495,"menu_order":0,"comment_status":"closed","ping_status":"closed","template":"","meta":{"footnotes":""},"class_list":["post-1512","page","type-page","status-publish","hentry"],"_links":{"self":[{"href":"https:\/\/cmu-edu.eu\/navigatie\/wp-json\/wp\/v2\/pages\/1512","targetHints":{"allow":["GET"]}}],"collection":[{"href":"https:\/\/cmu-edu.eu\/navigatie\/wp-json\/wp\/v2\/pages"}],"about":[{"href":"https:\/\/cmu-edu.eu\/navigatie\/wp-json\/wp\/v2\/types\/page"}],"author":[{"embeddable":true,"href":"https:\/\/cmu-edu.eu\/navigatie\/wp-json\/wp\/v2\/users\/4"}],"replies":[{"embeddable":true,"href":"https:\/\/cmu-edu.eu\/navigatie\/wp-json\/wp\/v2\/comments?post=1512"}],"version-history":[{"count":2,"href":"https:\/\/cmu-edu.eu\/navigatie\/wp-json\/wp\/v2\/pages\/1512\/revisions"}],"predecessor-version":[{"id":1684,"href":"https:\/\/cmu-edu.eu\/navigatie\/wp-json\/wp\/v2\/pages\/1512\/revisions\/1684"}],"up":[{"embeddable":true,"href":"https:\/\/cmu-edu.eu\/navigatie\/wp-json\/wp\/v2\/pages\/1495"}],"wp:attachment":[{"href":"https:\/\/cmu-edu.eu\/navigatie\/wp-json\/wp\/v2\/media?parent=1512"}],"curies":[{"name":"wp","href":"https:\/\/api.w.org\/{rel}","templated":true}]}}