{"id":346,"date":"2020-02-17T13:13:14","date_gmt":"2020-02-17T13:13:14","guid":{"rendered":"https:\/\/cmu-edu.eu\/rose-nav\/?page_id=346"},"modified":"2023-02-06T19:09:14","modified_gmt":"2023-02-06T19:09:14","slug":"manager-de-proiect","status":"publish","type":"page","link":"https:\/\/cmu-edu.eu\/rose-nav\/manager-de-proiect\/","title":{"rendered":"Manager de proiect"},"content":{"rendered":"\t\t<div data-elementor-type=\"wp-page\" data-elementor-id=\"346\" class=\"elementor elementor-346\">\n\t\t\t\t\t\t<section class=\"elementor-section elementor-top-section elementor-element elementor-element-a3c8468 elementor-section-boxed elementor-section-height-default elementor-section-height-default\" data-id=\"a3c8468\" data-element_type=\"section\" data-e-type=\"section\">\n\t\t\t\t\t\t<div class=\"elementor-container elementor-column-gap-default\">\n\t\t\t\t\t<div class=\"elementor-column elementor-col-100 elementor-top-column elementor-element elementor-element-fdd6d32\" data-id=\"fdd6d32\" data-element_type=\"column\" data-e-type=\"column\">\n\t\t\t<div class=\"elementor-widget-wrap elementor-element-populated\">\n\t\t\t\t\t\t<div class=\"elementor-element elementor-element-a387a5b elementor-widget elementor-widget-heading\" data-id=\"a387a5b\" data-element_type=\"widget\" data-e-type=\"widget\" data-widget_type=\"heading.default\">\n\t\t\t\t<div class=\"elementor-widget-container\">\n\t\t\t\t\t<h1 class=\"elementor-heading-title elementor-size-default\">Manager De Proiect<\/h1>\t\t\t\t<\/div>\n\t\t\t\t<\/div>\n\t\t\t\t<div class=\"elementor-element elementor-element-ae5bdf4 elementor-widget elementor-widget-heading\" data-id=\"ae5bdf4\" data-element_type=\"widget\" data-e-type=\"widget\" data-widget_type=\"heading.default\">\n\t\t\t\t<div class=\"elementor-widget-container\">\n\t\t\t\t\t<h2 class=\"elementor-heading-title elementor-size-default\">\u0218ef Lucr\u0103ri Dr. Ing. Alina Busl\u0103<\/h2>\t\t\t\t<\/div>\n\t\t\t\t<\/div>\n\t\t\t\t\t<\/div>\n\t\t<\/div>\n\t\t\t\t\t<\/div>\n\t\t<\/section>\n\t\t\t\t<section class=\"elementor-section elementor-top-section elementor-element elementor-element-4c07cbd elementor-section-boxed elementor-section-height-default elementor-section-height-default\" data-id=\"4c07cbd\" data-element_type=\"section\" data-e-type=\"section\">\n\t\t\t\t\t\t<div class=\"elementor-container elementor-column-gap-default\">\n\t\t\t\t\t<div class=\"elementor-column elementor-col-50 elementor-top-column elementor-element elementor-element-2290e73\" data-id=\"2290e73\" data-element_type=\"column\" data-e-type=\"column\">\n\t\t\t<div class=\"elementor-widget-wrap elementor-element-populated\">\n\t\t\t\t\t\t<div class=\"elementor-element elementor-element-6dfca5f elementor-widget elementor-widget-image\" data-id=\"6dfca5f\" data-element_type=\"widget\" data-e-type=\"widget\" data-widget_type=\"image.default\">\n\t\t\t\t<div class=\"elementor-widget-container\">\n\t\t\t\t\t\t\t\t\t\t\t\t\t\t\t<img fetchpriority=\"high\" decoding=\"async\" width=\"640\" height=\"853\" src=\"https:\/\/cmu-edu.eu\/rose-nav\/wp-content\/uploads\/sites\/24\/2023\/02\/WhatsApp-Image-2023-02-06-at-20.58.36.jpeg\" class=\"attachment-large size-large wp-image-956\" alt=\"\" \/>\t\t\t\t\t\t\t\t\t\t\t\t\t\t\t<\/div>\n\t\t\t\t<\/div>\n\t\t\t\t\t<\/div>\n\t\t<\/div>\n\t\t\t\t<div class=\"elementor-column elementor-col-50 elementor-top-column elementor-element elementor-element-b5ee49b\" data-id=\"b5ee49b\" data-element_type=\"column\" data-e-type=\"column\">\n\t\t\t<div class=\"elementor-widget-wrap elementor-element-populated\">\n\t\t\t\t\t\t<div class=\"elementor-element elementor-element-e986126 elementor-widget elementor-widget-text-editor\" data-id=\"e986126\" data-element_type=\"widget\" data-e-type=\"widget\" data-widget_type=\"text-editor.default\">\n\t\t\t\t<div class=\"elementor-widget-container\">\n\t\t\t\t\t\t\t\t\t<p>Bun\u0103,<\/p><p>Numele meu este Alina Busl\u0103, sunt \u0218ef \u00a0Lucr\u0103ri Doctor Inginer \u00een cadrul Facult\u0103\u021bii de Naviga\u021bie \u0219i Transport Naval \u0219i Manager al Proiectului ROSE-nav.<\/p><p>\u00cen anul 2007 am absolvit Facultatea de Naviga\u021bie \u00een cadrul Academiei Navale Mircea cel B\u0103tr\u00e2n Constan\u021ba urm\u00e2nd apoi cursurile Masteratului de Management si Marketing in Transporturi, Porturi, Zone Libere si Burse \u00een cadrul aceleia\u0219i institu\u021bii. Din anul 2008 am devenit asistent universitar in cadrul UMC realiz\u00e2nd \u00een acel moment c\u0103 aceasta este cariera pe care \u00eemi doresc s\u0103 o urmez. Absolvirea \u0219colii doctorale \u0219i ob\u021binerea titlului de Doctor \u00een Inginerie Mecanic\u0103 si Mecatronic\u0103 \u00een anul 2014 au venit ca o evolu\u021bie fireasc\u0103 \u00een dezvoltarea profesional\u0103.<\/p><p>Experien\u021ba dob\u00e2ndit\u0103 \u00een cadrul proiectelor ISolMet, MINE-EMI, PraC-MARNENG, POSDRU-\u201eSpecializarea personalului didactic universitar pentru func\u021bia de Cadru didactic supervizor\u201d, dar \u0219i in alte proiecte \u0219i cursuri na\u021bionale \u0219i interna\u021bionale &#8211; o pun acum la dispozi\u021bia studen\u021bilor din cadrul acestui proiect care v\u0103 este \u00een totalitate dedicat.<\/p><p>\u00cen cadrul acestui proiect doresc s\u0103 consolidez at\u00e2t rela\u021bia dintre profesor \u0219i student c\u00e2t \u0219i pe cea dintre studen\u021bii din anul I \u0219i cei din anii mai mari.<\/p><p>Dup\u0103 cum sugereaz\u0103 \u0219i titlul proiectului &#8211; Construie\u0219te al\u0103turi de noi! vom lucra \u00eempreun\u0103 profesori \u0219i studen\u021bi pentru a face mai u\u0219oar\u0103 trecerea de la via\u021ba de elev la cea de student. Dat fiind situa\u021bia actual\u0103 la nivel mondial, studen\u021bii din anul I se confrunta cu si mai multe provoc\u0103ri. Noi suntem aici pentru a v\u0103 sus\u021bine \u0219i pentru a ne asigura ca ve\u021bi absolvi cu succes primul an de facultate. Unul dintre scopurile proiectului este reducerea abandonului \u00een primul an, fenomen destul de \u00eengrijor\u0103tor pe care noi suntem convin\u0219i c\u0103 vom reu\u0219i sa \u00eel combatem.<\/p><p>Activit\u0103\u021bile desf\u0103\u0219urate \u00een cadrul proiectului vin \u00een \u00eent\u00e2mpinarea nevoilor studen\u021bilor pentru a g\u0103si cele mai bune solu\u021bii pentru dezvoltare personal\u0103 \u0219i a carierei pe viitor. Dorim ca prin activit\u0103\u021bile desf\u0103\u0219urate s\u0103 l\u0103rgim \u00a0orizonturile \u00a0\u0219i s\u0103 oferim noi perspective cu privire la ceea ce presupune o carier\u0103 pe mare. \u00a0<\/p><p>Va felicit c\u0103 a\u021bi intrat \u00een echipa ROSE \u0219i v\u0103 asigur c\u0103 ve\u021bi avea parte de toat\u0103 sus\u021binerea mea!<\/p>\t\t\t\t\t\t\t\t<\/div>\n\t\t\t\t<\/div>\n\t\t\t\t\t<\/div>\n\t\t<\/div>\n\t\t\t\t\t<\/div>\n\t\t<\/section>\n\t\t\t\t<section class=\"elementor-section elementor-top-section elementor-element elementor-element-78d21da elementor-section-boxed elementor-section-height-default elementor-section-height-default\" data-id=\"78d21da\" data-element_type=\"section\" data-e-type=\"section\">\n\t\t\t\t\t\t<div class=\"elementor-container elementor-column-gap-default\">\n\t\t\t\t\t<div class=\"elementor-column elementor-col-100 elementor-top-column elementor-element elementor-element-3c21907\" data-id=\"3c21907\" data-element_type=\"column\" data-e-type=\"column\">\n\t\t\t<div class=\"elementor-widget-wrap elementor-element-populated\">\n\t\t\t\t\t\t<div class=\"elementor-element elementor-element-3dc5ddd elementor-widget-divider--view-line elementor-widget elementor-widget-divider\" data-id=\"3dc5ddd\" data-element_type=\"widget\" data-e-type=\"widget\" data-widget_type=\"divider.default\">\n\t\t\t\t<div class=\"elementor-widget-container\">\n\t\t\t\t\t\t\t<div class=\"elementor-divider\">\n\t\t\t<span class=\"elementor-divider-separator\">\n\t\t\t\t\t\t<\/span>\n\t\t<\/div>\n\t\t\t\t\t\t<\/div>\n\t\t\t\t<\/div>\n\t\t\t\t<div class=\"elementor-element elementor-element-f4ba5d5 elementor-widget elementor-widget-heading\" data-id=\"f4ba5d5\" data-element_type=\"widget\" data-e-type=\"widget\" data-widget_type=\"heading.default\">\n\t\t\t\t<div class=\"elementor-widget-container\">\n\t\t\t\t\t<h2 class=\"elementor-heading-title elementor-size-default\">Conf. Univ. Dr. Nicoleta Acomi<\/h2>\t\t\t\t<\/div>\n\t\t\t\t<\/div>\n\t\t\t\t\t<\/div>\n\t\t<\/div>\n\t\t\t\t\t<\/div>\n\t\t<\/section>\n\t\t\t\t<section class=\"elementor-section elementor-top-section elementor-element elementor-element-19ece7d elementor-section-boxed elementor-section-height-default elementor-section-height-default\" data-id=\"19ece7d\" data-element_type=\"section\" data-e-type=\"section\">\n\t\t\t\t\t\t<div class=\"elementor-container elementor-column-gap-default\">\n\t\t\t\t\t<div class=\"elementor-column elementor-col-50 elementor-top-column elementor-element elementor-element-5311bdb\" data-id=\"5311bdb\" data-element_type=\"column\" data-e-type=\"column\">\n\t\t\t<div class=\"elementor-widget-wrap elementor-element-populated\">\n\t\t\t\t\t\t<div class=\"elementor-element elementor-element-8753e59 elementor-widget elementor-widget-image\" data-id=\"8753e59\" data-element_type=\"widget\" data-e-type=\"widget\" data-widget_type=\"image.default\">\n\t\t\t\t<div class=\"elementor-widget-container\">\n\t\t\t\t\t\t\t\t\t\t\t\t\t\t\t<img decoding=\"async\" width=\"308\" height=\"483\" src=\"https:\/\/cmu-edu.eu\/rose-nav\/wp-content\/uploads\/sites\/24\/2020\/02\/Acomi-Nicoleta.png\" class=\"attachment-large size-large wp-image-348\" alt=\"\" \/>\t\t\t\t\t\t\t\t\t\t\t\t\t\t\t<\/div>\n\t\t\t\t<\/div>\n\t\t\t\t\t<\/div>\n\t\t<\/div>\n\t\t\t\t<div class=\"elementor-column elementor-col-50 elementor-top-column elementor-element elementor-element-c5ee6c2\" data-id=\"c5ee6c2\" data-element_type=\"column\" data-e-type=\"column\">\n\t\t\t<div class=\"elementor-widget-wrap elementor-element-populated\">\n\t\t\t\t\t\t<div class=\"elementor-element elementor-element-55fe142 elementor-widget elementor-widget-text-editor\" data-id=\"55fe142\" data-element_type=\"widget\" data-e-type=\"widget\" data-widget_type=\"text-editor.default\">\n\t\t\t\t<div class=\"elementor-widget-container\">\n\t\t\t\t\t\t\t\t\t<p>Bun\u0103,<\/p><p>Sunt Nicoleta Acomi, Prodecan al Facult\u0103\u021bii de Naviga\u021bie \u0219i Transport Naval \u0219i ini\u021biator al acestui proiect Rose-Nav.<\/p><p>\u00cen 2003, dup\u0103 ce am absolvit Facultatea de Naviga\u021bie, am auzit de conceptul de \u201eDezvoltare Profesional\u0103 Continu\u0103 \u2013 CPD\u201d. Atunci am crezut c\u0103 este un cli\u0219eu pentru a mai atrage ni\u0219te fonduri Europene. Iat\u0103-m\u0103 acum, dup\u0103 17 ani, descoperind \u0219i \u00eenv\u0103\u021b\u00e2nd lucruri noi, \u00eencerc\u00e2nd s\u0103 m\u0103 perfec\u021bionez, s\u0103 dezvolt metode \u0219i abord\u0103ri noi. Astfel, am realizat peste 10 proiecte educa\u021bionale al\u0103turi de colegii mei.<\/p><p>Proiectul Rose-Nav \u00een care v-am invitat acum este cu totul diferit.<\/p><p>Este primul proiect \u00een care nu doar \u201clucr\u0103m pentru studen\u021bi\u201d ci \u201elucr\u0103m \u00eempreun\u0103 cu studen\u021bii\u201d. A\u0219a cum spune \u0219i titlul proiectului : \u201eConstruie\u0219te al\u0103turi de noi!\u201d, fiecare dintre noi va contribui la construirea unui plan de carier\u0103, la construirea unor rela\u021bii cu studen\u021bii din an mai mare \u0219i, de asemenea, poate cea mai mare provocare a proiectului &#8211; la construirea de rela\u021bii student- profesor.<\/p><p>Pentru aceasta \u00a0am preg\u0103tit un program de activit\u0103\u021bi ce include \u00een egal\u0103 m\u0103sur\u0103 dezvoltare personal\u0103, profesional\u0103 dar \u0219i ghidare \u00een carier\u0103. L-am conceput astfel \u00eenc\u00e2t s\u0103 v\u0103 deschid\u0103 noi orizonturi \u0219i s\u0103 v\u0103 ofere posibilitatea s\u0103 lua\u021bi cele mai bune decizii la acest \u00eenceput de drum.<\/p><p>Nu de\u021bin adev\u0103rul absolut \u0219i nu sunt aici s\u0103 v\u0103 dau sfaturi! Rolul meu \u00een acest proiect este de a v\u0103 oferi un cadru \u00een care s\u0103 asculta\u021bi \u0219i s\u0103 fi\u021bi asculta\u021bi la r\u00e2ndul vostru. Doar a\u0219a putem fi con\u0219tien\u021bi unii de nevoile altora- lucru primordial pentru a putea trece la nivelul urm\u0103tor, \u00een care s\u0103 \u00eencerc\u0103m s\u0103 le rezolv\u0103m. Doar lucr\u00e2nd \u00eempreun\u0103 vom putea g\u0103si cele mai potrivite solu\u021bii. \u00a0\u00a0\u00a0\u00a0<\/p><p>V\u0103 felicit pentru c\u0103 a\u021bi f\u0103cut primul pas \u0219i v\u0103 mul\u021bumesc pentru c\u0103 a\u021bi intrat \u00een echipa Rose!<\/p><p>Avem nevoie unii de al\u021bii pentru a putea reu\u0219i!<\/p>\t\t\t\t\t\t\t\t<\/div>\n\t\t\t\t<\/div>\n\t\t\t\t\t<\/div>\n\t\t<\/div>\n\t\t\t\t\t<\/div>\n\t\t<\/section>\n\t\t\t\t<\/div>\n\t\t","protected":false},"excerpt":{"rendered":"<p>Manager De Proiect \u0218ef Lucr\u0103ri Dr. Ing. Alina Busl\u0103 Bun\u0103, Numele meu este Alina Busl\u0103, sunt \u0218ef \u00a0Lucr\u0103ri Doctor Inginer \u00een cadrul Facult\u0103\u021bii de Naviga\u021bie \u0219i Transport Naval \u0219i Manager al Proiectului ROSE-nav. \u00cen anul 2007 am absolvit Facultatea de Naviga\u021bie \u00een cadrul Academiei Navale Mircea cel B\u0103tr\u00e2n Constan\u021ba urm\u00e2nd apoi cursurile Masteratului de Management [&hellip;]<\/p>\n","protected":false},"author":15,"featured_media":0,"parent":0,"menu_order":0,"comment_status":"closed","ping_status":"closed","template":"","meta":{"footnotes":""},"class_list":["post-346","page","type-page","status-publish","hentry"],"_links":{"self":[{"href":"https:\/\/cmu-edu.eu\/rose-nav\/wp-json\/wp\/v2\/pages\/346","targetHints":{"allow":["GET"]}}],"collection":[{"href":"https:\/\/cmu-edu.eu\/rose-nav\/wp-json\/wp\/v2\/pages"}],"about":[{"href":"https:\/\/cmu-edu.eu\/rose-nav\/wp-json\/wp\/v2\/types\/page"}],"author":[{"embeddable":true,"href":"https:\/\/cmu-edu.eu\/rose-nav\/wp-json\/wp\/v2\/users\/15"}],"replies":[{"embeddable":true,"href":"https:\/\/cmu-edu.eu\/rose-nav\/wp-json\/wp\/v2\/comments?post=346"}],"version-history":[{"count":16,"href":"https:\/\/cmu-edu.eu\/rose-nav\/wp-json\/wp\/v2\/pages\/346\/revisions"}],"predecessor-version":[{"id":959,"href":"https:\/\/cmu-edu.eu\/rose-nav\/wp-json\/wp\/v2\/pages\/346\/revisions\/959"}],"wp:attachment":[{"href":"https:\/\/cmu-edu.eu\/rose-nav\/wp-json\/wp\/v2\/media?parent=346"}],"curies":[{"name":"wp","href":"https:\/\/api.w.org\/{rel}","templated":true}]}}