{"id":486,"date":"2020-07-10T11:46:08","date_gmt":"2020-07-10T11:46:08","guid":{"rendered":"https:\/\/cmu-edu.eu\/rose-nav\/?page_id=486"},"modified":"2021-07-03T11:21:30","modified_gmt":"2021-07-03T11:21:30","slug":"it-team","status":"publish","type":"page","link":"https:\/\/cmu-edu.eu\/rose-nav\/it-team\/","title":{"rendered":"IT-Team"},"content":{"rendered":"\t\t<div data-elementor-type=\"wp-page\" data-elementor-id=\"486\" class=\"elementor elementor-486\">\n\t\t\t\t\t\t<section class=\"elementor-section elementor-top-section elementor-element elementor-element-f619ee0 elementor-section-boxed elementor-section-height-default elementor-section-height-default\" data-id=\"f619ee0\" data-element_type=\"section\" data-e-type=\"section\">\n\t\t\t\t\t\t<div class=\"elementor-container elementor-column-gap-default\">\n\t\t\t\t\t<div class=\"elementor-column elementor-col-100 elementor-top-column elementor-element elementor-element-2d4146c\" data-id=\"2d4146c\" data-element_type=\"column\" data-e-type=\"column\">\n\t\t\t<div class=\"elementor-widget-wrap elementor-element-populated\">\n\t\t\t\t\t\t<div class=\"elementor-element elementor-element-2bd0f24 elementor-widget elementor-widget-heading\" data-id=\"2bd0f24\" data-element_type=\"widget\" data-e-type=\"widget\" data-widget_type=\"heading.default\">\n\t\t\t\t<div class=\"elementor-widget-container\">\n\t\t\t\t\t<h1 class=\"elementor-heading-title elementor-size-default\">IT-Team anul II de implementare<\/h1>\t\t\t\t<\/div>\n\t\t\t\t<\/div>\n\t\t\t\t<div class=\"elementor-element elementor-element-1bad243 elementor-widget elementor-widget-heading\" data-id=\"1bad243\" data-element_type=\"widget\" data-e-type=\"widget\" data-widget_type=\"heading.default\">\n\t\t\t\t<div class=\"elementor-widget-container\">\n\t\t\t\t\t<h2 class=\"elementor-heading-title elementor-size-default\">Cujb\u0103 Bogdan - Consultant IT &amp; WordPress<\/h2>\t\t\t\t<\/div>\n\t\t\t\t<\/div>\n\t\t\t\t<section class=\"elementor-section elementor-inner-section elementor-element elementor-element-ed1f820 elementor-section-boxed elementor-section-height-default elementor-section-height-default\" data-id=\"ed1f820\" data-element_type=\"section\" data-e-type=\"section\">\n\t\t\t\t\t\t<div class=\"elementor-container elementor-column-gap-default\">\n\t\t\t\t\t<div class=\"elementor-column elementor-col-50 elementor-inner-column elementor-element elementor-element-5b5c2f5\" data-id=\"5b5c2f5\" data-element_type=\"column\" data-e-type=\"column\">\n\t\t\t<div class=\"elementor-widget-wrap elementor-element-populated\">\n\t\t\t\t\t\t<div class=\"elementor-element elementor-element-8cc0626 elementor-widget elementor-widget-image\" data-id=\"8cc0626\" data-element_type=\"widget\" data-e-type=\"widget\" data-widget_type=\"image.default\">\n\t\t\t\t<div class=\"elementor-widget-container\">\n\t\t\t\t\t\t\t\t\t\t\t\t\t\t\t<img fetchpriority=\"high\" decoding=\"async\" width=\"640\" height=\"959\" src=\"https:\/\/cmu-edu.eu\/rose-nav\/wp-content\/uploads\/sites\/24\/2021\/04\/DSC_-389.jpg\" class=\"attachment-large size-large wp-image-586\" alt=\"\" \/>\t\t\t\t\t\t\t\t\t\t\t\t\t\t\t<\/div>\n\t\t\t\t<\/div>\n\t\t\t\t\t<\/div>\n\t\t<\/div>\n\t\t\t\t<div class=\"elementor-column elementor-col-50 elementor-inner-column elementor-element elementor-element-e20768a\" data-id=\"e20768a\" data-element_type=\"column\" data-e-type=\"column\">\n\t\t\t<div class=\"elementor-widget-wrap elementor-element-populated\">\n\t\t\t\t\t\t<div class=\"elementor-element elementor-element-171feb1 elementor-widget elementor-widget-text-editor\" data-id=\"171feb1\" data-element_type=\"widget\" data-e-type=\"widget\" data-widget_type=\"text-editor.default\">\n\t\t\t\t<div class=\"elementor-widget-container\">\n\t\t\t\t\t\t\t\t\t<p>Salutare! Numele meu este Bogdan Cujb\u0103 \u0219i sunt consultant pe partea de IT \u0219i implementare WordPress.\u00a0<span style=\"font-size: 14px\">La fel ca \u0219i voi, sunt student \u00een anul III la Facultatea de Naviga\u021bie \u0219i Transport Naval, specializarea Naviga\u021bie \u0219i Transport Maritim \u0219i Fluvial.\u00a0<\/span><span style=\"font-size: 14px\">Rolul meu \u00een acest proiect este s\u0103 m\u0103 asigur c\u0103 voi ave\u021bi toate mijloacele necesare pentru a fi la curent cu nout\u0103\u021bile \u0219i oportunit\u0103\u021bile ce v\u0103 sunt preg\u0103tite.<\/span><\/p>\t\t\t\t\t\t\t\t<\/div>\n\t\t\t\t<\/div>\n\t\t\t\t\t<\/div>\n\t\t<\/div>\n\t\t\t\t\t<\/div>\n\t\t<\/section>\n\t\t\t\t<div class=\"elementor-element elementor-element-b17c61d elementor-widget-divider--view-line elementor-widget elementor-widget-divider\" data-id=\"b17c61d\" data-element_type=\"widget\" data-e-type=\"widget\" data-widget_type=\"divider.default\">\n\t\t\t\t<div class=\"elementor-widget-container\">\n\t\t\t\t\t\t\t<div class=\"elementor-divider\">\n\t\t\t<span class=\"elementor-divider-separator\">\n\t\t\t\t\t\t<\/span>\n\t\t<\/div>\n\t\t\t\t\t\t<\/div>\n\t\t\t\t<\/div>\n\t\t\t\t<div class=\"elementor-element elementor-element-f730a2a elementor-widget elementor-widget-heading\" data-id=\"f730a2a\" data-element_type=\"widget\" data-e-type=\"widget\" data-widget_type=\"heading.default\">\n\t\t\t\t<div class=\"elementor-widget-container\">\n\t\t\t\t\t<h2 class=\"elementor-heading-title elementor-size-default\">Mihalache Sabin-Ionu\u021b - Consultant IT &amp; Graphic Design<\/h2>\t\t\t\t<\/div>\n\t\t\t\t<\/div>\n\t\t\t\t<section class=\"elementor-section elementor-inner-section elementor-element elementor-element-ebadd48 elementor-section-boxed elementor-section-height-default elementor-section-height-default\" data-id=\"ebadd48\" data-element_type=\"section\" data-e-type=\"section\">\n\t\t\t\t\t\t<div class=\"elementor-container elementor-column-gap-default\">\n\t\t\t\t\t<div class=\"elementor-column elementor-col-50 elementor-inner-column elementor-element elementor-element-8383223\" data-id=\"8383223\" data-element_type=\"column\" data-e-type=\"column\">\n\t\t\t<div class=\"elementor-widget-wrap elementor-element-populated\">\n\t\t\t\t\t\t<div class=\"elementor-element elementor-element-d0dd817 elementor-widget elementor-widget-image\" data-id=\"d0dd817\" data-element_type=\"widget\" data-e-type=\"widget\" data-widget_type=\"image.default\">\n\t\t\t\t<div class=\"elementor-widget-container\">\n\t\t\t\t\t\t\t\t\t\t\t\t\t\t\t<img decoding=\"async\" width=\"640\" height=\"822\" src=\"https:\/\/cmu-edu.eu\/rose-nav\/wp-content\/uploads\/sites\/24\/2021\/04\/image1.jpeg\" class=\"attachment-large size-large wp-image-584\" alt=\"\" \/>\t\t\t\t\t\t\t\t\t\t\t\t\t\t\t<\/div>\n\t\t\t\t<\/div>\n\t\t\t\t\t<\/div>\n\t\t<\/div>\n\t\t\t\t<div class=\"elementor-column elementor-col-50 elementor-inner-column elementor-element elementor-element-eb4f5d0\" data-id=\"eb4f5d0\" data-element_type=\"column\" data-e-type=\"column\">\n\t\t\t<div class=\"elementor-widget-wrap elementor-element-populated\">\n\t\t\t\t\t\t<div class=\"elementor-element elementor-element-5572a0d elementor-widget elementor-widget-text-editor\" data-id=\"5572a0d\" data-element_type=\"widget\" data-e-type=\"widget\" data-widget_type=\"text-editor.default\">\n\t\t\t\t<div class=\"elementor-widget-container\">\n\t\t\t\t\t\t\t\t\t<p>Salut! Numele meu este Mihalache Sabin-Ionu\u021b, sunt student \u00een anul 3 la Naviga\u021bie \u0219i Transport Maritim \u0219i Fluvial. Am ales s\u0103 m\u0103 \u00eenscriu \u00een proiectul ROSE deoarece am considerat c\u0103 este o oportunitate foarte bun\u0103 pentru a ajuta colegii de anul 1. Fac parte din echipa IT, \u0219i sper c\u0103, \u00eempreun\u0103 cu colegul meu, s\u0103 v\u0103 facilit\u0103m cel mai bun suport IT, s\u0103 v\u0103 \u021binem la curent cu tot ce este nou \u0219i s\u0103 v\u0103 motiv\u0103m s\u0103 participa\u021bi la evenimentele noastre.<\/p>\t\t\t\t\t\t\t\t<\/div>\n\t\t\t\t<\/div>\n\t\t\t\t\t<\/div>\n\t\t<\/div>\n\t\t\t\t\t<\/div>\n\t\t<\/section>\n\t\t\t\t<div class=\"elementor-element elementor-element-939906e elementor-widget elementor-widget-spacer\" data-id=\"939906e\" data-element_type=\"widget\" data-e-type=\"widget\" data-widget_type=\"spacer.default\">\n\t\t\t\t<div class=\"elementor-widget-container\">\n\t\t\t\t\t\t\t<div class=\"elementor-spacer\">\n\t\t\t<div class=\"elementor-spacer-inner\"><\/div>\n\t\t<\/div>\n\t\t\t\t\t\t<\/div>\n\t\t\t\t<\/div>\n\t\t\t\t<div class=\"elementor-element elementor-element-75dbdff elementor-widget elementor-widget-heading\" data-id=\"75dbdff\" data-element_type=\"widget\" data-e-type=\"widget\" data-widget_type=\"heading.default\">\n\t\t\t\t<div class=\"elementor-widget-container\">\n\t\t\t\t\t<h1 class=\"elementor-heading-title elementor-size-default\">IT-Team anul I de implementare<\/h1>\t\t\t\t<\/div>\n\t\t\t\t<\/div>\n\t\t\t\t<div class=\"elementor-element elementor-element-32d2e13 elementor-widget elementor-widget-heading\" data-id=\"32d2e13\" data-element_type=\"widget\" data-e-type=\"widget\" data-widget_type=\"heading.default\">\n\t\t\t\t<div class=\"elementor-widget-container\">\n\t\t\t\t\t<h2 class=\"elementor-heading-title elementor-size-default\">Andreea Ungureanu - Consultant  IT &amp; WordPress <\/h2>\t\t\t\t<\/div>\n\t\t\t\t<\/div>\n\t\t\t\t\t<\/div>\n\t\t<\/div>\n\t\t\t\t\t<\/div>\n\t\t<\/section>\n\t\t\t\t<section class=\"elementor-section elementor-top-section elementor-element elementor-element-26e6fd3 elementor-section-boxed elementor-section-height-default elementor-section-height-default\" data-id=\"26e6fd3\" data-element_type=\"section\" data-e-type=\"section\">\n\t\t\t\t\t\t<div class=\"elementor-container elementor-column-gap-default\">\n\t\t\t\t\t<div class=\"elementor-column elementor-col-50 elementor-top-column elementor-element elementor-element-8478d04\" data-id=\"8478d04\" data-element_type=\"column\" data-e-type=\"column\">\n\t\t\t<div class=\"elementor-widget-wrap elementor-element-populated\">\n\t\t\t\t\t\t<div class=\"elementor-element elementor-element-c7aef77 elementor-widget elementor-widget-image\" data-id=\"c7aef77\" data-element_type=\"widget\" data-e-type=\"widget\" data-widget_type=\"image.default\">\n\t\t\t\t<div class=\"elementor-widget-container\">\n\t\t\t\t\t\t\t\t\t\t\t\t\t\t\t<img decoding=\"async\" width=\"640\" height=\"777\" src=\"https:\/\/cmu-edu.eu\/rose-nav\/wp-content\/uploads\/sites\/24\/2020\/07\/WhatsApp-Image-2020-03-09-at-13.20.40.jpeg\" class=\"attachment-large size-large wp-image-490\" alt=\"\" \/>\t\t\t\t\t\t\t\t\t\t\t\t\t\t\t<\/div>\n\t\t\t\t<\/div>\n\t\t\t\t\t<\/div>\n\t\t<\/div>\n\t\t\t\t<div class=\"elementor-column elementor-col-50 elementor-top-column elementor-element elementor-element-bc50050\" data-id=\"bc50050\" data-element_type=\"column\" data-e-type=\"column\">\n\t\t\t<div class=\"elementor-widget-wrap elementor-element-populated\">\n\t\t\t\t\t\t<div class=\"elementor-element elementor-element-10b7355 elementor-widget elementor-widget-text-editor\" data-id=\"10b7355\" data-element_type=\"widget\" data-e-type=\"widget\" data-widget_type=\"text-editor.default\">\n\t\t\t\t<div class=\"elementor-widget-container\">\n\t\t\t\t\t\t\t\t\t<p align=\"justify\">Bun\u0103, dragilor! M\u0103 numesc Andreea-Maria Ungureanu \u0219i sunt student\u0103 \u00een anul IV la Facultatea de Naviga\u021bie \u0219i Transport Naval, specializarea Inginerie Economic\u0103 \u00een Domeniul Transporturilor. C\u00e2nd am aflat ce presupune Proiectul privind \u00cenv\u0103\u021b\u0103m\u00e2ntul Secundar ROSE Naviga\u021bie \u0219i de ideea \u0219i obiectivele acestuia, am spus c\u0103 trebuie s\u0103 m\u0103 implic.\u00a0<span style=\"font-size: 14px\">Acum sunt parte a proiectului \u00een calitate de Consultant Competen\u021be \u00een utilizarea wordpress pentru site-uri.\u00a0 Rolul meu, la fel ca \u0219i al colegului meu, Andrei, este de a face con\u021binutul media c\u00e2t mai pl\u0103cut pentru voi \u0219i u\u0219or de accesat. De asemenea noi vom crea evenimente \u0219i v\u0103 vom \u021bine la curent cu tot ce apare nou. Acest proiect v\u0103 ofer\u0103 multe oportunit\u0103\u021bi, noi v\u0103 vom ar\u0103ta cum s\u0103 profita\u021bi de ele. Mult succes!<\/span><\/p>\t\t\t\t\t\t\t\t<\/div>\n\t\t\t\t<\/div>\n\t\t\t\t\t<\/div>\n\t\t<\/div>\n\t\t\t\t\t<\/div>\n\t\t<\/section>\n\t\t\t\t<section class=\"elementor-section elementor-top-section elementor-element elementor-element-e85a5be elementor-section-boxed elementor-section-height-default elementor-section-height-default\" data-id=\"e85a5be\" data-element_type=\"section\" data-e-type=\"section\">\n\t\t\t\t\t\t<div class=\"elementor-container elementor-column-gap-default\">\n\t\t\t\t\t<div class=\"elementor-column elementor-col-100 elementor-top-column elementor-element elementor-element-01ebba8\" data-id=\"01ebba8\" data-element_type=\"column\" data-e-type=\"column\">\n\t\t\t<div class=\"elementor-widget-wrap elementor-element-populated\">\n\t\t\t\t\t\t<div class=\"elementor-element elementor-element-f61a5bf elementor-widget-divider--view-line elementor-widget elementor-widget-divider\" data-id=\"f61a5bf\" data-element_type=\"widget\" data-e-type=\"widget\" data-widget_type=\"divider.default\">\n\t\t\t\t<div class=\"elementor-widget-container\">\n\t\t\t\t\t\t\t<div class=\"elementor-divider\">\n\t\t\t<span class=\"elementor-divider-separator\">\n\t\t\t\t\t\t<\/span>\n\t\t<\/div>\n\t\t\t\t\t\t<\/div>\n\t\t\t\t<\/div>\n\t\t\t\t<div class=\"elementor-element elementor-element-090c4c6 elementor-widget elementor-widget-heading\" data-id=\"090c4c6\" data-element_type=\"widget\" data-e-type=\"widget\" data-widget_type=\"heading.default\">\n\t\t\t\t<div class=\"elementor-widget-container\">\n\t\t\t\t\t<h2 class=\"elementor-heading-title elementor-size-default\">Pererva Andrei - Consultant IT &amp; Graphic Desing<\/h2>\t\t\t\t<\/div>\n\t\t\t\t<\/div>\n\t\t\t\t\t<\/div>\n\t\t<\/div>\n\t\t\t\t\t<\/div>\n\t\t<\/section>\n\t\t\t\t<section class=\"elementor-section elementor-top-section elementor-element elementor-element-0e8b926 elementor-section-boxed elementor-section-height-default elementor-section-height-default\" data-id=\"0e8b926\" data-element_type=\"section\" data-e-type=\"section\">\n\t\t\t\t\t\t<div class=\"elementor-container elementor-column-gap-default\">\n\t\t\t\t\t<div class=\"elementor-column elementor-col-50 elementor-top-column elementor-element elementor-element-3e5ce9a\" data-id=\"3e5ce9a\" data-element_type=\"column\" data-e-type=\"column\">\n\t\t\t<div class=\"elementor-widget-wrap elementor-element-populated\">\n\t\t\t\t\t\t<div class=\"elementor-element elementor-element-55f8510 elementor-widget elementor-widget-image\" data-id=\"55f8510\" data-element_type=\"widget\" data-e-type=\"widget\" data-widget_type=\"image.default\">\n\t\t\t\t<div class=\"elementor-widget-container\">\n\t\t\t\t\t\t\t\t\t\t\t\t\t\t\t<img loading=\"lazy\" decoding=\"async\" width=\"640\" height=\"644\" src=\"https:\/\/cmu-edu.eu\/rose-nav\/wp-content\/uploads\/sites\/24\/2020\/07\/WhatsApp-Image-2020-03-09-at-13.21.07.jpeg\" class=\"attachment-large size-large wp-image-487\" alt=\"\" \/>\t\t\t\t\t\t\t\t\t\t\t\t\t\t\t<\/div>\n\t\t\t\t<\/div>\n\t\t\t\t\t<\/div>\n\t\t<\/div>\n\t\t\t\t<div class=\"elementor-column elementor-col-50 elementor-top-column elementor-element elementor-element-80bf40e\" data-id=\"80bf40e\" data-element_type=\"column\" data-e-type=\"column\">\n\t\t\t<div class=\"elementor-widget-wrap elementor-element-populated\">\n\t\t\t\t\t\t<div class=\"elementor-element elementor-element-6c40f70 elementor-widget elementor-widget-text-editor\" data-id=\"6c40f70\" data-element_type=\"widget\" data-e-type=\"widget\" data-widget_type=\"text-editor.default\">\n\t\t\t\t<div class=\"elementor-widget-container\">\n\t\t\t\t\t\t\t\t\t<p>Salut, m\u0103 numesc Pererva Andrei \u0219i sunt student \u00een cadrul Facult\u0103\u021bii de Naviga\u021bie \u0219i Transport Maritim, grupa 25.\u00a0 Am ales s\u0103 m\u0103 \u00eenscriu \u00een proiectul iCan, deoarece mi s-a parut o idee super interesant\u0103 \u0219i un lucru care mi-ar fi pl\u0103cut s\u0103-l am \u0219i eu \u00een anul I. Proiectul vine cu multe oportunit\u0103\u021bi pentru studen\u021bii \u201dboboci\u201d pe care ar fi p\u0103cat s\u0103 le ratezi. Fac parte din echipa IT \u0219i \u00eempreun\u0103 cu colega mea v\u0103 vom \u021bine la curent cu toate nout\u0103\u021bile proiectului.<\/p>\t\t\t\t\t\t\t\t<\/div>\n\t\t\t\t<\/div>\n\t\t\t\t\t<\/div>\n\t\t<\/div>\n\t\t\t\t\t<\/div>\n\t\t<\/section>\n\t\t\t\t<\/div>\n\t\t","protected":false},"excerpt":{"rendered":"<p>IT-Team anul II de implementare Cujb\u0103 Bogdan &#8211; Consultant IT &amp; WordPress Salutare! Numele meu este Bogdan Cujb\u0103 \u0219i sunt consultant pe partea de IT \u0219i implementare WordPress.\u00a0La fel ca \u0219i voi, sunt student \u00een anul III la Facultatea de Naviga\u021bie \u0219i Transport Naval, specializarea Naviga\u021bie \u0219i Transport Maritim \u0219i Fluvial.\u00a0Rolul meu \u00een acest proiect [&hellip;]<\/p>\n","protected":false},"author":15,"featured_media":0,"parent":0,"menu_order":0,"comment_status":"closed","ping_status":"closed","template":"","meta":{"footnotes":""},"class_list":["post-486","page","type-page","status-publish","hentry"],"_links":{"self":[{"href":"https:\/\/cmu-edu.eu\/rose-nav\/wp-json\/wp\/v2\/pages\/486","targetHints":{"allow":["GET"]}}],"collection":[{"href":"https:\/\/cmu-edu.eu\/rose-nav\/wp-json\/wp\/v2\/pages"}],"about":[{"href":"https:\/\/cmu-edu.eu\/rose-nav\/wp-json\/wp\/v2\/types\/page"}],"author":[{"embeddable":true,"href":"https:\/\/cmu-edu.eu\/rose-nav\/wp-json\/wp\/v2\/users\/15"}],"replies":[{"embeddable":true,"href":"https:\/\/cmu-edu.eu\/rose-nav\/wp-json\/wp\/v2\/comments?post=486"}],"version-history":[{"count":20,"href":"https:\/\/cmu-edu.eu\/rose-nav\/wp-json\/wp\/v2\/pages\/486\/revisions"}],"predecessor-version":[{"id":709,"href":"https:\/\/cmu-edu.eu\/rose-nav\/wp-json\/wp\/v2\/pages\/486\/revisions\/709"}],"wp:attachment":[{"href":"https:\/\/cmu-edu.eu\/rose-nav\/wp-json\/wp\/v2\/media?parent=486"}],"curies":[{"name":"wp","href":"https:\/\/api.w.org\/{rel}","templated":true}]}}