{"id":16,"date":"2017-03-22T08:26:16","date_gmt":"2017-03-22T08:26:16","guid":{"rendered":"https:\/\/cmu-edu.eu\/traian-lalescu\/?page_id=16"},"modified":"2025-05-05T08:31:30","modified_gmt":"2025-05-05T08:31:30","slug":"program","status":"publish","type":"page","link":"https:\/\/cmu-edu.eu\/traian-lalescu\/program\/","title":{"rendered":"Program"},"content":{"rendered":"<p style=\"text-align: center;\"><img loading=\"lazy\" decoding=\"async\" class=\"aligncenter size-full wp-image-129\" src=\"https:\/\/cmu-edu.eu\/traian-lalescu\/wp-content\/uploads\/sites\/15\/2017\/03\/calendar-baner.jpg\" alt=\"\" width=\"1600\" height=\"350\" srcset=\"https:\/\/cmu-edu.eu\/traian-lalescu\/wp-content\/uploads\/sites\/15\/2017\/03\/calendar-baner.jpg 1600w, https:\/\/cmu-edu.eu\/traian-lalescu\/wp-content\/uploads\/sites\/15\/2017\/03\/calendar-baner-300x66.jpg 300w, https:\/\/cmu-edu.eu\/traian-lalescu\/wp-content\/uploads\/sites\/15\/2017\/03\/calendar-baner-768x168.jpg 768w, https:\/\/cmu-edu.eu\/traian-lalescu\/wp-content\/uploads\/sites\/15\/2017\/03\/calendar-baner-1024x224.jpg 1024w\" sizes=\"auto, (max-width: 1600px) 100vw, 1600px\" \/><\/p>\n<h3><strong>CONCURSUL NA\u021aIONAL STUDEN\u021aESC DE MATEMATIC\u0102 \u201eTRAIAN LALESCU\u201d <\/strong><strong>8 \u2013 10 Mai 2025<\/strong><\/h3>\n<div class=\"ap_toggle close\"><div class=\"ap_toggle_title\">PROGRAM STUDEN\u021aI<\/div><div class=\"ap_toggle_content\"><table width=\"621\">\n<tbody>\n<tr>\n<td width=\"120\"><strong>ZIUA<\/strong><strong> 1<\/strong><\/td>\n<td width=\"326\"><strong><u>Joi, 8 Mai 2025<\/u><\/strong><\/td>\n<td width=\"174\"><strong><u>Locul<\/u><\/strong><\/td>\n<\/tr>\n<tr>\n<td width=\"120\">08:00 \u2013 18:00<\/td>\n<td width=\"326\">Sosirea \u0219i cazarea participan\u021bilor<\/td>\n<td width=\"174\">Hotel Doina, Mamaia<\/td>\n<\/tr>\n<tr>\n<td width=\"120\">17:00 \u2013 18:00<\/td>\n<td width=\"326\">\u00cenregistrarea participan\u021bilor<\/td>\n<td width=\"174\">Sediu Lac Mamaia, Etaj 2, Corp A<\/td>\n<\/tr>\n<tr>\n<td width=\"120\">18:00 \u2013 18:30<\/td>\n<td width=\"326\">Ceremonia de deschidere<\/td>\n<td width=\"174\">Sediu Lac Mamaia, Aula A201<\/td>\n<\/tr>\n<tr>\n<td width=\"120\">18:30 \u2013 20:00<\/td>\n<td width=\"326\">Cin\u0103<\/td>\n<td width=\"174\">Sediu Lac Mamaia<\/td>\n<\/tr>\n<\/tbody>\n<\/table>\n<table width=\"621\">\n<tbody>\n<tr>\n<td width=\"120\"><strong>ZIUA<\/strong><strong> 2<\/strong><\/td>\n<td width=\"331\"><strong><u>Vineri, 9 Mai 2025<\/u><\/strong><\/td>\n<td width=\"170\"><strong><u>Locul<\/u><\/strong><\/td>\n<\/tr>\n<tr>\n<td width=\"120\">07:00 \u2013 09:00<\/td>\n<td width=\"331\">Mic dejun<\/td>\n<td width=\"170\">Hotel Doina, Mamaia<\/td>\n<\/tr>\n<tr>\n<td width=\"120\">09:00 \u2013 09:45<\/td>\n<td width=\"331\">Deplasare c\u0103tre s\u0103lile de concurs<\/td>\n<td width=\"170\">Sediu Lac Mamaia<\/td>\n<\/tr>\n<tr>\n<td width=\"120\">10:00 \u2013 14:00<\/td>\n<td width=\"331\">Proba scris\u0103<\/td>\n<td width=\"170\">Aula A201 \u0219i Sala A203<\/td>\n<\/tr>\n<tr>\n<td width=\"120\">14:00 \u2013 15:00<\/td>\n<td width=\"331\">Masa de pr\u00e2nz<\/td>\n<td width=\"170\">Sediu Lac Mamaia<\/td>\n<\/tr>\n<tr>\n<td width=\"120\">15:00 \u2013 18:00<\/td>\n<td width=\"331\">Tur ghidat \u0219i foto de grup\/ Program liber<\/td>\n<td width=\"170\">Simulatoare \u0219i laboratoare Sediu Lac Mamaia<\/td>\n<\/tr>\n<tr>\n<td width=\"120\">18.00<\/td>\n<td width=\"331\">Afi\u0219area rezultatelor<\/td>\n<td width=\"170\"><a href=\"https:\/\/cmu-edu.eu\/traian-lalescu\/\">Site concurs<\/a><\/td>\n<\/tr>\n<tr>\n<td width=\"120\">18.00 \u2013 18:30<\/td>\n<td width=\"331\">Depunerea contesta\u021biilor<\/td>\n<td width=\"170\">Sala A204<\/td>\n<\/tr>\n<tr>\n<td width=\"120\">18.30 \u2013 19:30<\/td>\n<td width=\"331\">Rezolvarea contesta\u021biilor<\/td>\n<td width=\"170\">Sala A204<\/td>\n<\/tr>\n<tr>\n<td width=\"120\">19:30<\/td>\n<td width=\"331\">Afi\u0219area rezultatelor finale<\/td>\n<td width=\"170\"><a href=\"https:\/\/cmu-edu.eu\/traian-lalescu\/\">Site concurs<\/a><\/td>\n<\/tr>\n<tr>\n<td width=\"120\">20:00<\/td>\n<td width=\"331\">Cin\u0103 festiv\u0103<\/td>\n<td width=\"170\">Sediu Lac Mamaia<\/td>\n<\/tr>\n<\/tbody>\n<\/table>\n<table width=\"621\">\n<tbody>\n<tr>\n<td width=\"128\"><strong>ZIUA<\/strong><strong> 3<\/strong><\/td>\n<td width=\"323\"><strong><u>S\u00e2mb\u0103t\u0103, 10 Mai 2025<\/u><\/strong><\/td>\n<td width=\"170\"><strong><u>Locul<\/u><\/strong><\/td>\n<\/tr>\n<tr>\n<td width=\"128\">08:00 \u2013 09:45<\/td>\n<td width=\"323\">Mic dejun<\/td>\n<td width=\"170\">Hotel Doina, Mamaia<\/td>\n<\/tr>\n<tr>\n<td width=\"128\">10:00 \u2013 11:00<\/td>\n<td width=\"323\">Festivitatea de premiere<\/td>\n<td width=\"170\">Sediu Lac Mamaia, Aula A201<\/td>\n<\/tr>\n<\/tbody>\n<\/table><\/div><\/div>\n<div class=\"ap_toggle close\"><div class=\"ap_toggle_title\">PROGRAM PROFESORI<\/div><div class=\"ap_toggle_content\"><table width=\"621\">\n<tbody>\n<tr>\n<td width=\"120\"><strong>ZIUA<\/strong><strong> 1<\/strong><\/td>\n<td width=\"326\"><strong><u>Joi, 8 Mai 2025<\/u><\/strong><\/td>\n<td width=\"174\"><strong><u>Locul<\/u><\/strong><\/td>\n<\/tr>\n<tr>\n<td width=\"120\">08:00 \u2013 18:00<\/td>\n<td width=\"326\">Sosirea \u0219i cazarea participan\u021bilor<\/td>\n<td width=\"174\">Hotel Doina, Mamaia<\/td>\n<\/tr>\n<tr>\n<td width=\"120\">17:00 \u2013 18:00<\/td>\n<td width=\"326\">\u00cenregistrarea participan\u021bilor<\/td>\n<td width=\"174\">Sediu Lac Mamaia, Etaj 2, Corp A<\/td>\n<\/tr>\n<tr>\n<td width=\"120\">18:00 \u2013 18:30<\/td>\n<td width=\"326\">Ceremonia de deschidere<\/td>\n<td width=\"174\">Sediu Lac Mamaia, Aula A201<\/td>\n<\/tr>\n<tr>\n<td width=\"120\">18:30 \u2013 20:00<\/td>\n<td width=\"326\">Cin\u0103<\/td>\n<td width=\"174\">Sediu Lac Mamaia<\/td>\n<\/tr>\n<\/tbody>\n<\/table>\n<table width=\"621\">\n<tbody>\n<tr>\n<td width=\"120\"><strong>ZIUA<\/strong><strong> 2<\/strong><\/td>\n<td width=\"331\"><strong><u>Vineri, 9 Mai 2025<\/u><\/strong><\/td>\n<td width=\"170\"><strong><u>Locul<\/u><\/strong><\/td>\n<\/tr>\n<tr>\n<td width=\"120\">06:00 \u2013 06:30<\/td>\n<td width=\"331\">Deplasare c\u0103tre Sediu Lac Mamaia<\/td>\n<td width=\"170\"><\/td>\n<\/tr>\n<tr>\n<td width=\"120\">06:30 \u2013 09:45<\/td>\n<td width=\"331\">Elaborarea subiectelor de concurs<\/td>\n<td width=\"170\">Sediu Lac Mamaia, Corp A, S\u0103lile: A01, A02, A04, A05, A06<\/td>\n<\/tr>\n<tr>\n<td width=\"120\">10:00 \u2013 11:00<\/td>\n<td width=\"331\">Elaborarea baremelor de corectur\u0103<\/td>\n<td width=\"170\">Sediu Lac Mamaia, Corp A, S\u0103lile: A01, A02, A04, A05, A06<\/td>\n<\/tr>\n<tr>\n<td width=\"120\">11:00 \u2013 13:00<\/td>\n<td width=\"331\">Program liber<\/td>\n<td width=\"170\"><\/td>\n<\/tr>\n<tr>\n<td width=\"120\">13:00 \u2013 14:00<\/td>\n<td width=\"331\">Masa de pr\u00e2nz<\/td>\n<td width=\"170\">Sediu Lac Mamaia<\/td>\n<\/tr>\n<tr>\n<td width=\"120\">14:00 \u2013 17:45<\/td>\n<td width=\"331\">Corectarea lucr\u0103rilor<\/td>\n<td width=\"170\">Sediu Lac Mamaia, Corp A, S\u0103lile: A01, A02, A04, A05, A06<\/td>\n<\/tr>\n<tr>\n<td width=\"120\">18.00<\/td>\n<td width=\"331\">Afi\u0219area rezultatelor<\/td>\n<td width=\"170\"><a href=\"https:\/\/cmu-edu.eu\/traian-lalescu\/\">Site concurs<\/a><\/td>\n<\/tr>\n<tr>\n<td width=\"120\">18.30 \u2013 19:30<\/td>\n<td width=\"331\">Rezolvarea contesta\u021biilor<\/td>\n<td width=\"170\">Sala A204<\/td>\n<\/tr>\n<tr>\n<td width=\"120\">19:30<\/td>\n<td width=\"331\">Afi\u0219area rezultatelor finale<\/td>\n<td width=\"170\"><a href=\"https:\/\/cmu-edu.eu\/traian-lalescu\/\">Site concurs<\/a><\/td>\n<\/tr>\n<tr>\n<td width=\"120\">20:00<\/td>\n<td width=\"331\">Cin\u0103 festiv\u0103<\/td>\n<td width=\"170\">Sediu Lac Mamaia<\/td>\n<\/tr>\n<\/tbody>\n<\/table>\n<table width=\"621\">\n<tbody>\n<tr>\n<td width=\"128\"><strong>ZIUA<\/strong><strong> 3<\/strong><\/td>\n<td width=\"323\"><strong><u>S\u00e2mb\u0103t\u0103, 10 Mai 2025<\/u><\/strong><\/td>\n<td width=\"170\"><strong><u>Locul<\/u><\/strong><\/td>\n<\/tr>\n<tr>\n<td width=\"128\">08:00 \u2013 09:45<\/td>\n<td width=\"323\">Mic dejun<\/td>\n<td width=\"170\">Hotel Doina, Mamaia<\/td>\n<\/tr>\n<tr>\n<td width=\"128\">10:00 \u2013 11:00<\/td>\n<td width=\"323\">Festivitatea de premiere<\/td>\n<td width=\"170\">Sediu Lac Mamaia, Aula A201<\/td>\n<\/tr>\n<\/tbody>\n<\/table>\n<p>&nbsp;<\/p><\/div><\/div>\n<hr class=\"ap-spacing\" style=\"height:10px\"\/>\n<h3><strong>SESIUNEA NA\u021aIONAL\u0102 DE COMUNIC\u0102RI \u0218TIIN\u021aIFICE STUDEN\u021aE\u0218TI<\/strong><\/h3>\n<div class=\"ap_toggle close\"><div class=\"ap_toggle_title\">PROGRAM SESIUNE<\/div><div class=\"ap_toggle_content\"><table width=\"621\">\n<tbody>\n<tr>\n<td width=\"120\"><strong>ZIUA<\/strong><strong> 1<\/strong><\/td>\n<td width=\"326\"><strong><u>Joi, 8 Mai 2025<\/u><\/strong><\/td>\n<td width=\"174\"><strong><u>Locul<\/u><\/strong><\/td>\n<\/tr>\n<tr>\n<td width=\"120\">08:00 \u2013 18:00<\/td>\n<td width=\"326\">Sosirea \u0219i cazarea participan\u021bilor<\/td>\n<td width=\"174\">Hotel Doina, Mamaia<\/td>\n<\/tr>\n<tr>\n<td width=\"120\">17:00 \u2013 18:00<\/td>\n<td width=\"326\">\u00cenregistrarea participan\u021bilor<\/td>\n<td width=\"174\">Sediu Lac Mamaia, Etaj 2, Corp A<\/td>\n<\/tr>\n<tr>\n<td width=\"120\">18:00 \u2013 18:30<\/td>\n<td width=\"326\">Ceremonia de deschidere<\/td>\n<td width=\"174\">Sediu Lac Mamaia, Aula A201<\/td>\n<\/tr>\n<tr>\n<td width=\"120\">18:30 \u2013 20:00<\/td>\n<td width=\"326\">Cin\u0103<\/td>\n<td width=\"174\">Sediu Lac Mamaia<\/td>\n<\/tr>\n<\/tbody>\n<\/table>\n<table width=\"621\">\n<tbody>\n<tr>\n<td width=\"120\"><strong>ZIUA<\/strong><strong> 2<\/strong><\/td>\n<td width=\"331\"><strong><u>Vineri, 9 Mai 2025<\/u><\/strong><\/td>\n<td width=\"170\"><strong><u>Locul<\/u><\/strong><\/td>\n<\/tr>\n<tr>\n<td width=\"120\">07:00 \u2013 09:00<\/td>\n<td width=\"331\">Mic dejun<\/td>\n<td width=\"170\">Hotel Doina, Mamaia<\/td>\n<\/tr>\n<tr>\n<td width=\"120\">09:00 \u2013 10:00<\/td>\n<td width=\"331\">Program liber<\/td>\n<td width=\"170\"><\/td>\n<\/tr>\n<tr>\n<td width=\"120\">10:00 \u2013 14:00<\/td>\n<td width=\"331\">Sesiunea de comunic\u0103ri pe sec\u021biuni<\/td>\n<td width=\"170\">Sala A101 (Matematic\u0103\/ Informatic\u0103)<\/td>\n<\/tr>\n<tr>\n<td width=\"120\">14:00 \u2013 15:00<\/td>\n<td width=\"331\">Masa de pr\u00e2nz<\/td>\n<td width=\"170\">Sediu Lac Mamaia<\/td>\n<\/tr>\n<tr>\n<td width=\"120\">15:00 \u2013 17:00<\/td>\n<td width=\"331\">Sesiunea de comunic\u0103ri pe sec\u021biuni (se \u021bine numai dac\u0103 lucr\u0103rile nu au fost epuizate \u00een sesiunea de la 10:00 \u2013 14:00)<\/td>\n<td width=\"170\">Sala A101 (Matematic\u0103\/ Informatic\u0103)<\/td>\n<\/tr>\n<tr>\n<td width=\"120\">18.00<\/td>\n<td width=\"331\">Afi\u0219area rezultatelor<\/td>\n<td width=\"170\"><a href=\"https:\/\/cmu-edu.eu\/traian-lalescu\/\">Site concurs<\/a><\/td>\n<\/tr>\n<tr>\n<td width=\"120\">20:00<\/td>\n<td width=\"331\">Cin\u0103 festiv\u0103<\/td>\n<td width=\"170\">Sediu Lac Mamaia<\/td>\n<\/tr>\n<\/tbody>\n<\/table>\n<table width=\"621\">\n<tbody>\n<tr>\n<td width=\"128\"><strong>ZIUA<\/strong><strong> 3<\/strong><\/td>\n<td width=\"323\"><strong><u>S\u00e2mb\u0103t\u0103, 10 Mai 2025<\/u><\/strong><\/td>\n<td width=\"170\"><strong><u>Locul<\/u><\/strong><\/td>\n<\/tr>\n<tr>\n<td width=\"128\">08:00 \u2013 09:45<\/td>\n<td width=\"323\">Mic dejun<\/td>\n<td width=\"170\">Hotel Doina, Mamaia<\/td>\n<\/tr>\n<tr>\n<td width=\"128\">10:00 \u2013 11:00<\/td>\n<td width=\"323\">Festivitatea de premiere<\/td>\n<td width=\"170\">Sediu Lac Mamaia, Aula A201<\/td>\n<\/tr>\n<\/tbody>\n<\/table><\/div><\/div>\n","protected":false},"excerpt":{"rendered":"<p>CONCURSUL NA\u021aIONAL STUDEN\u021aESC DE MATEMATIC\u0102 \u201eTRAIAN LALESCU\u201d 8 \u2013 10 Mai 2025 SESIUNEA NA\u021aIONAL\u0102 DE COMUNIC\u0102RI \u0218TIIN\u021aIFICE STUDEN\u021aE\u0218TI<\/p>\n","protected":false},"author":4,"featured_media":0,"parent":0,"menu_order":0,"comment_status":"closed","ping_status":"closed","template":"","meta":{"footnotes":""},"class_list":["post-16","page","type-page","status-publish","hentry"],"_links":{"self":[{"href":"https:\/\/cmu-edu.eu\/traian-lalescu\/wp-json\/wp\/v2\/pages\/16","targetHints":{"allow":["GET"]}}],"collection":[{"href":"https:\/\/cmu-edu.eu\/traian-lalescu\/wp-json\/wp\/v2\/pages"}],"about":[{"href":"https:\/\/cmu-edu.eu\/traian-lalescu\/wp-json\/wp\/v2\/types\/page"}],"author":[{"embeddable":true,"href":"https:\/\/cmu-edu.eu\/traian-lalescu\/wp-json\/wp\/v2\/users\/4"}],"replies":[{"embeddable":true,"href":"https:\/\/cmu-edu.eu\/traian-lalescu\/wp-json\/wp\/v2\/comments?post=16"}],"version-history":[{"count":11,"href":"https:\/\/cmu-edu.eu\/traian-lalescu\/wp-json\/wp\/v2\/pages\/16\/revisions"}],"predecessor-version":[{"id":217,"href":"https:\/\/cmu-edu.eu\/traian-lalescu\/wp-json\/wp\/v2\/pages\/16\/revisions\/217"}],"wp:attachment":[{"href":"https:\/\/cmu-edu.eu\/traian-lalescu\/wp-json\/wp\/v2\/media?parent=16"}],"curies":[{"name":"wp","href":"https:\/\/api.w.org\/{rel}","templated":true}]}}