{"id":205,"date":"2025-04-24T13:46:59","date_gmt":"2025-04-24T13:46:59","guid":{"rendered":"https:\/\/cmu-edu.eu\/traian-lalescu\/?page_id=205"},"modified":"2025-04-24T13:46:59","modified_gmt":"2025-04-24T13:46:59","slug":"cazare","status":"publish","type":"page","link":"https:\/\/cmu-edu.eu\/traian-lalescu\/cazare\/","title":{"rendered":"Cazare"},"content":{"rendered":"<p><span style=\"font-size: 18px;\">Stimate cadre didactice \u0219i dragi studen\u021bi,<\/span><\/p>\n<p><span style=\"font-size: 18px;\">V\u0103 inform\u0103m c\u0103, \u00een perioada 8\u201310 mai 2025, cazarea pentru participan\u021bii la Concursul Na\u021bional de Matematic\u0103 \u201eTraian Lalescu\u201d va fi asigurat\u0103 la Hotel Doina, situat \u00een sta\u021biunea Mamaia.<\/span><\/p>\n<p><span style=\"font-size: 18px;\"><strong>Perioada de cazare este prev\u0103zut\u0103 pentru dou\u0103 nop\u021bi, cu check-in \u00een data de 8 mai \u0219i check-out \u00een data de 10 mai.<\/strong> Informa\u021bii detaliate privind amplasarea hotelului \u0219i facilit\u0103\u021bile oferite pot fi consultate acces\u00e2nd urm\u0103torul link:<\/span><\/p>\n<p><a class=\"animation-but\" href=\"https:\/\/www.litoralulromanesc.ro\/mamaia_doina.htm\">Hotel Doina<\/a><\/p>\n<p><span style=\"font-size: 18px;\"><strong>V\u0103 rug\u0103m s\u0103 ne transmite\u021bi din timp num\u0103rul exact de participan\u021bi \u0219i eventualele cerin\u021be speciale legate de cazare, pentru a putea organiza \u00een cele mai bune condi\u021bii acest eveniment.<\/strong><\/span><\/p>\n<p><span style=\"font-size: 18px;\">V\u0103 a\u0219tept\u0103m cu drag la malul m\u0103rii pentru o experien\u021b\u0103 academic\u0103 \u0219i social\u0103 de neuitat!<\/span><\/p>\n<p>&nbsp;<\/p>\n<p style=\"text-align: right;\">Cu considera\u021bie,<\/p>\n<p style=\"text-align: right;\">Comitetul de Organizare \u2013 Concursul \u201eTraian Lalescu\u201d 2025<\/p>\n","protected":false},"excerpt":{"rendered":"<p>Stimate cadre didactice \u0219i dragi studen\u021bi, V\u0103 inform\u0103m c\u0103, \u00een perioada 8\u201310 mai 2025, cazarea pentru participan\u021bii la Concursul Na\u021bional de Matematic\u0103 \u201eTraian Lalescu\u201d va fi asigurat\u0103 la Hotel Doina, situat \u00een sta\u021biunea Mamaia. Perioada de cazare este prev\u0103zut\u0103 pentru dou\u0103 nop\u021bi, cu check-in \u00een data de 8 mai \u0219i check-out \u00een data de 10 [&hellip;]<\/p>\n","protected":false},"author":4,"featured_media":0,"parent":0,"menu_order":0,"comment_status":"closed","ping_status":"closed","template":"","meta":{"footnotes":""},"class_list":["post-205","page","type-page","status-publish","hentry"],"_links":{"self":[{"href":"https:\/\/cmu-edu.eu\/traian-lalescu\/wp-json\/wp\/v2\/pages\/205","targetHints":{"allow":["GET"]}}],"collection":[{"href":"https:\/\/cmu-edu.eu\/traian-lalescu\/wp-json\/wp\/v2\/pages"}],"about":[{"href":"https:\/\/cmu-edu.eu\/traian-lalescu\/wp-json\/wp\/v2\/types\/page"}],"author":[{"embeddable":true,"href":"https:\/\/cmu-edu.eu\/traian-lalescu\/wp-json\/wp\/v2\/users\/4"}],"replies":[{"embeddable":true,"href":"https:\/\/cmu-edu.eu\/traian-lalescu\/wp-json\/wp\/v2\/comments?post=205"}],"version-history":[{"count":8,"href":"https:\/\/cmu-edu.eu\/traian-lalescu\/wp-json\/wp\/v2\/pages\/205\/revisions"}],"predecessor-version":[{"id":213,"href":"https:\/\/cmu-edu.eu\/traian-lalescu\/wp-json\/wp\/v2\/pages\/205\/revisions\/213"}],"wp:attachment":[{"href":"https:\/\/cmu-edu.eu\/traian-lalescu\/wp-json\/wp\/v2\/media?parent=205"}],"curies":[{"name":"wp","href":"https:\/\/api.w.org\/{rel}","templated":true}]}}